{"id":11944,"date":"2020-10-31T16:40:48","date_gmt":"2020-10-31T16:40:48","guid":{"rendered":"https:\/\/www.djurskyddet.se\/kattfotenhalmstad\/?page_id=11944"},"modified":"2020-11-27T13:18:33","modified_gmt":"2020-11-27T13:18:33","slug":"kattens-dag-2020","status":"publish","type":"page","link":"https:\/\/www.djurskyddet.se\/kattfotenhalmstad\/event\/kattens-dag-2020\/","title":{"rendered":"Kattens vecka 2020"},"content":{"rendered":"\n<figure class=\"wp-block-image\"><img loading=\"lazy\" decoding=\"async\" width=\"1024\" height=\"683\" src=\"https:\/\/www.djurskyddet.se\/kattfotenhalmstad\/wp-content\/uploads\/sites\/35\/2020\/11\/FB_IMG_1606483086629-1024x683.jpg\" alt=\"\" class=\"wp-image-12009\" srcset=\"https:\/\/www.djurskyddet.se\/kattfotenhalmstad\/wp-content\/uploads\/sites\/35\/2020\/11\/FB_IMG_1606483086629-1024x683.jpg 1024w, https:\/\/www.djurskyddet.se\/kattfotenhalmstad\/wp-content\/uploads\/sites\/35\/2020\/11\/FB_IMG_1606483086629-300x200.jpg 300w, https:\/\/www.djurskyddet.se\/kattfotenhalmstad\/wp-content\/uploads\/sites\/35\/2020\/11\/FB_IMG_1606483086629-768x512.jpg 768w, https:\/\/www.djurskyddet.se\/kattfotenhalmstad\/wp-content\/uploads\/sites\/35\/2020\/11\/FB_IMG_1606483086629-400x267.jpg 400w, https:\/\/www.djurskyddet.se\/kattfotenhalmstad\/wp-content\/uploads\/sites\/35\/2020\/11\/FB_IMG_1606483086629.jpg 1080w\" sizes=\"auto, (max-width: 1024px) 100vw, 1024px\" \/><\/figure>\n\n\n\n<p>S\u00f6ndagen den 29 november \u00e4r det Kattens dag och vanligtvis brukar vi fira detta med god fika, lotteri och f\u00f6rs\u00e4ljning p\u00e5 katthemmet. <\/p>\n\n\n\n<p>Men pandemin har drabbat oss alla. Och med de nya restriktionerna om maximalt 8 personer p\u00e5 en sammankomst f\u00e5r vi tyv\u00e4rr meddela att vi inte kan fira som vanligt i \u00e5r. <\/p>\n\n\n\n<p>Ist\u00e4llet g\u00f6r vi Kattens dag till ett digitalt evenemang som kallas f\u00f6r Kattens vecka. Under veckans g\u00e5ng presenterar vi olika h\u00e4ndelser &#8211; budgivning p\u00e5 tavla, f\u00f6rs\u00e4ljning av textil, v\u00e4xter och adventsgrupper. Vi avslutar veckan med ett lotteri. Skillnaden \u00e4r att allt sker digitalt via detta Facebook-evenemang: <a href=\"https:\/\/fb.me\/e\/cybpOZ0Og\" target=\"_blank\" rel=\"noreferrer noopener\" aria-label=\"Kattens dag - - - &gt; Kattens vecka 2020 (\u00f6ppnas i en ny flik)\">Kattens dag &#8211; &#8211; &#8211; &gt; Kattens vecka 2020<\/a><\/p>\n","protected":false},"excerpt":{"rendered":"<p>S\u00f6ndagen den 29 november \u00e4r det Kattens dag och vanligtvis brukar vi fira detta med god fika, lotteri och f\u00f6rs\u00e4ljning p\u00e5 katthemmet. Men pandemin har drabbat oss alla. Och med de nya restriktionerna om maximalt 8 personer p\u00e5 en sammankomst f\u00e5r vi tyv\u00e4rr meddela att vi inte kan fira som vanligt i \u00e5r. Ist\u00e4llet g\u00f6r vi Kattens dag till ett digitalt evenemang som kallas f\u00f6r Kattens vecka. Under veckans g\u00e5ng&hellip;<\/p>\n<p><a class=\"more-link\" href=\"https:\/\/www.djurskyddet.se\/kattfotenhalmstad\/event\/kattens-dag-2020\/\" title=\"Continue reading &lsquo;Kattens vecka 2020&rsquo;\">L&auml;s mer<span class=\"meta-nav\">&raquo;<\/span><\/a><\/p>\n","protected":false},"author":36,"featured_media":0,"parent":6417,"menu_order":0,"comment_status":"closed","ping_status":"closed","template":"page-templates\/left-sidebar20200507.php","meta":{"_acf_changed":false,"footnotes":""},"class_list":["post-11944","page","type-page","status-publish","hentry"],"acf":[],"_links":{"self":[{"href":"https:\/\/www.djurskyddet.se\/kattfotenhalmstad\/wp-json\/wp\/v2\/pages\/11944","targetHints":{"allow":["GET"]}}],"collection":[{"href":"https:\/\/www.djurskyddet.se\/kattfotenhalmstad\/wp-json\/wp\/v2\/pages"}],"about":[{"href":"https:\/\/www.djurskyddet.se\/kattfotenhalmstad\/wp-json\/wp\/v2\/types\/page"}],"author":[{"embeddable":true,"href":"https:\/\/www.djurskyddet.se\/kattfotenhalmstad\/wp-json\/wp\/v2\/users\/36"}],"replies":[{"embeddable":true,"href":"https:\/\/www.djurskyddet.se\/kattfotenhalmstad\/wp-json\/wp\/v2\/comments?post=11944"}],"version-history":[{"count":5,"href":"https:\/\/www.djurskyddet.se\/kattfotenhalmstad\/wp-json\/wp\/v2\/pages\/11944\/revisions"}],"predecessor-version":[{"id":12011,"href":"https:\/\/www.djurskyddet.se\/kattfotenhalmstad\/wp-json\/wp\/v2\/pages\/11944\/revisions\/12011"}],"up":[{"embeddable":true,"href":"https:\/\/www.djurskyddet.se\/kattfotenhalmstad\/wp-json\/wp\/v2\/pages\/6417"}],"wp:attachment":[{"href":"https:\/\/www.djurskyddet.se\/kattfotenhalmstad\/wp-json\/wp\/v2\/media?parent=11944"}],"curies":[{"name":"wp","href":"https:\/\/api.w.org\/{rel}","templated":true}]}}