{"id":13144,"date":"2021-04-13T20:20:34","date_gmt":"2021-04-13T20:20:34","guid":{"rendered":"https:\/\/www.djurskyddet.se\/kattfotenhalmstad\/?page_id=13144"},"modified":"2021-04-13T20:20:35","modified_gmt":"2021-04-13T20:20:35","slug":"siri-2","status":"publish","type":"page","link":"https:\/\/www.djurskyddet.se\/kattfotenhalmstad\/adopterade-katter-2019\/siri-2\/","title":{"rendered":"Siri"},"content":{"rendered":"\n<p>Det \u00e4r nu \u00f6ver 2 \u00e5r sedan jag h\u00e4mtades fr\u00e5n katthemmet. Jag har blivit familjens centrum. Matte \u00e4r s\u00e5 glad att det var just mig de valde. D\u00e5, mager och s\u00e5rig. Nu, n\u00e5got extra kilo att b\u00e4ra. F\u00f6r jag \u00e4r s\u00e5 matglad. Och det kan man f\u00f6rst\u00e5. Jag var upphittad i Mellbystrand och d\u00e4r fick jag sj\u00e4lv st\u00e5 f\u00f6r maten. Matte undrar hur jag klarade mig. Jag som alltid \u00e4r f\u00f6rst till k\u00f6ket n\u00e4r familjen styr sina steg dit. Och ingen som hj\u00e4lpte mig att reda ut tovorna d\u00e4rav s\u00e5ren. Nu tar familjen fram kammen d\u00e5 och d\u00e5 fast det inte \u00e4r mitt st\u00f6rsta n\u00f6je. S\u00e5 ibland b\u00e4r det av till fris\u00f6ren. Matte \u00e4r f\u00f6rundrad hur mycket k\u00e4rlek en katt kan v\u00e4cka och tacksam att jag fick bli en del av familjen.<\/p>\n\n\n\n<figure class=\"wp-block-image\"><img loading=\"lazy\" decoding=\"async\" width=\"768\" height=\"1024\" src=\"https:\/\/www.djurskyddet.se\/kattfotenhalmstad\/wp-content\/uploads\/sites\/35\/2021\/04\/received_1729635333852940-768x1024.jpeg\" alt=\"\" class=\"wp-image-13145\" srcset=\"https:\/\/www.djurskyddet.se\/kattfotenhalmstad\/wp-content\/uploads\/sites\/35\/2021\/04\/received_1729635333852940-768x1024.jpeg 768w, https:\/\/www.djurskyddet.se\/kattfotenhalmstad\/wp-content\/uploads\/sites\/35\/2021\/04\/received_1729635333852940-225x300.jpeg 225w, https:\/\/www.djurskyddet.se\/kattfotenhalmstad\/wp-content\/uploads\/sites\/35\/2021\/04\/received_1729635333852940-400x533.jpeg 400w, https:\/\/www.djurskyddet.se\/kattfotenhalmstad\/wp-content\/uploads\/sites\/35\/2021\/04\/received_1729635333852940.jpeg 1536w\" sizes=\"auto, (max-width: 768px) 100vw, 768px\" \/><\/figure>\n\n\n\n<figure class=\"wp-block-image\"><img loading=\"lazy\" decoding=\"async\" width=\"768\" height=\"1024\" src=\"https:\/\/www.djurskyddet.se\/kattfotenhalmstad\/wp-content\/uploads\/sites\/35\/2021\/04\/received_854450331751595-768x1024.jpeg\" alt=\"\" class=\"wp-image-13146\" srcset=\"https:\/\/www.djurskyddet.se\/kattfotenhalmstad\/wp-content\/uploads\/sites\/35\/2021\/04\/received_854450331751595-768x1024.jpeg 768w, https:\/\/www.djurskyddet.se\/kattfotenhalmstad\/wp-content\/uploads\/sites\/35\/2021\/04\/received_854450331751595-225x300.jpeg 225w, https:\/\/www.djurskyddet.se\/kattfotenhalmstad\/wp-content\/uploads\/sites\/35\/2021\/04\/received_854450331751595-400x533.jpeg 400w, https:\/\/www.djurskyddet.se\/kattfotenhalmstad\/wp-content\/uploads\/sites\/35\/2021\/04\/received_854450331751595.jpeg 1536w\" sizes=\"auto, (max-width: 768px) 100vw, 768px\" \/><\/figure>\n","protected":false},"excerpt":{"rendered":"<p>Det \u00e4r nu \u00f6ver 2 \u00e5r sedan jag h\u00e4mtades fr\u00e5n katthemmet. Jag har blivit familjens centrum. Matte \u00e4r s\u00e5 glad att det var just mig de valde. D\u00e5, mager och s\u00e5rig. Nu, n\u00e5got extra kilo att b\u00e4ra. F\u00f6r jag \u00e4r s\u00e5 matglad. Och det kan man f\u00f6rst\u00e5. Jag var upphittad i Mellbystrand och d\u00e4r fick jag sj\u00e4lv st\u00e5 f\u00f6r maten. Matte undrar hur jag klarade mig. Jag som alltid \u00e4r&hellip;<\/p>\n<p><a class=\"more-link\" href=\"https:\/\/www.djurskyddet.se\/kattfotenhalmstad\/adopterade-katter-2019\/siri-2\/\" title=\"Continue reading &lsquo;Siri&rsquo;\">L&auml;s mer<span class=\"meta-nav\">&raquo;<\/span><\/a><\/p>\n","protected":false},"author":36,"featured_media":0,"parent":8687,"menu_order":0,"comment_status":"closed","ping_status":"closed","template":"page-templates\/left-sidebar20200507.php","meta":{"_acf_changed":false,"footnotes":""},"class_list":["post-13144","page","type-page","status-publish","hentry"],"acf":[],"_links":{"self":[{"href":"https:\/\/www.djurskyddet.se\/kattfotenhalmstad\/wp-json\/wp\/v2\/pages\/13144","targetHints":{"allow":["GET"]}}],"collection":[{"href":"https:\/\/www.djurskyddet.se\/kattfotenhalmstad\/wp-json\/wp\/v2\/pages"}],"about":[{"href":"https:\/\/www.djurskyddet.se\/kattfotenhalmstad\/wp-json\/wp\/v2\/types\/page"}],"author":[{"embeddable":true,"href":"https:\/\/www.djurskyddet.se\/kattfotenhalmstad\/wp-json\/wp\/v2\/users\/36"}],"replies":[{"embeddable":true,"href":"https:\/\/www.djurskyddet.se\/kattfotenhalmstad\/wp-json\/wp\/v2\/comments?post=13144"}],"version-history":[{"count":1,"href":"https:\/\/www.djurskyddet.se\/kattfotenhalmstad\/wp-json\/wp\/v2\/pages\/13144\/revisions"}],"predecessor-version":[{"id":13147,"href":"https:\/\/www.djurskyddet.se\/kattfotenhalmstad\/wp-json\/wp\/v2\/pages\/13144\/revisions\/13147"}],"up":[{"embeddable":true,"href":"https:\/\/www.djurskyddet.se\/kattfotenhalmstad\/wp-json\/wp\/v2\/pages\/8687"}],"wp:attachment":[{"href":"https:\/\/www.djurskyddet.se\/kattfotenhalmstad\/wp-json\/wp\/v2\/media?parent=13144"}],"curies":[{"name":"wp","href":"https:\/\/api.w.org\/{rel}","templated":true}]}}