{"id":15169,"date":"2025-04-04T09:21:06","date_gmt":"2025-04-04T09:21:06","guid":{"rendered":"https:\/\/www.djurskyddet.se\/kattfotenhalmstad\/?page_id=15169"},"modified":"2025-04-04T09:24:29","modified_gmt":"2025-04-04T09:24:29","slug":"silas-sebastian","status":"publish","type":"page","link":"https:\/\/www.djurskyddet.se\/kattfotenhalmstad\/adopterade-katter-2024\/silas-sebastian\/","title":{"rendered":"Silas &amp; Sebastian"},"content":{"rendered":"\n<p>Hej hej!<\/p>\n\n\n\n<p>Vi \u00e4r tv\u00e5 br\u00f6der som heter Silas och Sebastian. V\u00e5rt f\u00f6r-alltid-hem hittade vi strax innan jul 2024. H\u00e4r trivs vi! P\u00e5 bilden ligger vi och vilar efter att ha busat runt.&nbsp;<\/p>\n\n\n\n<figure class=\"wp-block-image size-full\"><img loading=\"lazy\" decoding=\"async\" width=\"768\" height=\"1024\" src=\"https:\/\/www.djurskyddet.se\/kattfotenhalmstad\/wp-content\/uploads\/sites\/35\/2025\/04\/image.jpg\" alt=\"\" class=\"wp-image-15170\" srcset=\"https:\/\/www.djurskyddet.se\/kattfotenhalmstad\/wp-content\/uploads\/sites\/35\/2025\/04\/image.jpg 768w, https:\/\/www.djurskyddet.se\/kattfotenhalmstad\/wp-content\/uploads\/sites\/35\/2025\/04\/image-225x300.jpg 225w, https:\/\/www.djurskyddet.se\/kattfotenhalmstad\/wp-content\/uploads\/sites\/35\/2025\/04\/image-400x533.jpg 400w\" sizes=\"auto, (max-width: 768px) 100vw, 768px\" \/><\/figure>\n\n\n\n<figure class=\"wp-block-image size-full\"><img loading=\"lazy\" decoding=\"async\" width=\"768\" height=\"1024\" src=\"https:\/\/www.djurskyddet.se\/kattfotenhalmstad\/wp-content\/uploads\/sites\/35\/2025\/04\/image-1.jpg\" alt=\"\" class=\"wp-image-15171\" srcset=\"https:\/\/www.djurskyddet.se\/kattfotenhalmstad\/wp-content\/uploads\/sites\/35\/2025\/04\/image-1.jpg 768w, https:\/\/www.djurskyddet.se\/kattfotenhalmstad\/wp-content\/uploads\/sites\/35\/2025\/04\/image-1-225x300.jpg 225w, https:\/\/www.djurskyddet.se\/kattfotenhalmstad\/wp-content\/uploads\/sites\/35\/2025\/04\/image-1-400x533.jpg 400w\" sizes=\"auto, (max-width: 768px) 100vw, 768px\" \/><\/figure>\n","protected":false},"excerpt":{"rendered":"<p>Hej hej! Vi \u00e4r tv\u00e5 br\u00f6der som heter Silas och Sebastian. V\u00e5rt f\u00f6r-alltid-hem hittade vi strax innan jul 2024. H\u00e4r trivs vi! P\u00e5 bilden ligger vi och vilar efter att ha busat runt.&nbsp;<\/p>\n","protected":false},"author":55,"featured_media":0,"parent":14885,"menu_order":0,"comment_status":"closed","ping_status":"closed","template":"page-templates\/left-sidebar.php","meta":{"_acf_changed":false,"footnotes":""},"class_list":["post-15169","page","type-page","status-publish","hentry"],"acf":[],"_links":{"self":[{"href":"https:\/\/www.djurskyddet.se\/kattfotenhalmstad\/wp-json\/wp\/v2\/pages\/15169","targetHints":{"allow":["GET"]}}],"collection":[{"href":"https:\/\/www.djurskyddet.se\/kattfotenhalmstad\/wp-json\/wp\/v2\/pages"}],"about":[{"href":"https:\/\/www.djurskyddet.se\/kattfotenhalmstad\/wp-json\/wp\/v2\/types\/page"}],"author":[{"embeddable":true,"href":"https:\/\/www.djurskyddet.se\/kattfotenhalmstad\/wp-json\/wp\/v2\/users\/55"}],"replies":[{"embeddable":true,"href":"https:\/\/www.djurskyddet.se\/kattfotenhalmstad\/wp-json\/wp\/v2\/comments?post=15169"}],"version-history":[{"count":1,"href":"https:\/\/www.djurskyddet.se\/kattfotenhalmstad\/wp-json\/wp\/v2\/pages\/15169\/revisions"}],"predecessor-version":[{"id":15172,"href":"https:\/\/www.djurskyddet.se\/kattfotenhalmstad\/wp-json\/wp\/v2\/pages\/15169\/revisions\/15172"}],"up":[{"embeddable":true,"href":"https:\/\/www.djurskyddet.se\/kattfotenhalmstad\/wp-json\/wp\/v2\/pages\/14885"}],"wp:attachment":[{"href":"https:\/\/www.djurskyddet.se\/kattfotenhalmstad\/wp-json\/wp\/v2\/media?parent=15169"}],"curies":[{"name":"wp","href":"https:\/\/api.w.org\/{rel}","templated":true}]}}

<p>Hej hej!</p>



<p>Vi är två bröder som heter Silas och Sebastian. Vårt för-alltid-hem hittade vi strax innan jul 2024. Här trivs vi! På bilden ligger vi och vilar efter att ha busat runt.&nbsp;</p>



<figure class="wp-block-image size-full"><img loading="lazy" decoding="async" width="768" height="1024" src="https://www.djurskyddet.se/kattfotenhalmstad/wp-content/uploads/sites/35/2025/04/image.jpg" alt="" class="wp-image-15170" srcset="https://www.djurskyddet.se/kattfotenhalmstad/wp-content/uploads/sites/35/2025/04/image.jpg 768w, https://www.djurskyddet.se/kattfotenhalmstad/wp-content/uploads/sites/35/2025/04/image-225x300.jpg 225w, https://www.djurskyddet.se/kattfotenhalmstad/wp-content/uploads/sites/35/2025/04/image-400x533.jpg 400w" sizes="auto, (max-width: 768px) 100vw, 768px" /></figure>



<figure class="wp-block-image size-full"><img loading="lazy" decoding="async" width="768" height="1024" src="https://www.djurskyddet.se/kattfotenhalmstad/wp-content/uploads/sites/35/2025/04/image-1.jpg" alt="" class="wp-image-15171" srcset="https://www.djurskyddet.se/kattfotenhalmstad/wp-content/uploads/sites/35/2025/04/image-1.jpg 768w, https://www.djurskyddet.se/kattfotenhalmstad/wp-content/uploads/sites/35/2025/04/image-1-225x300.jpg 225w, https://www.djurskyddet.se/kattfotenhalmstad/wp-content/uploads/sites/35/2025/04/image-1-400x533.jpg 400w" sizes="auto, (max-width: 768px) 100vw, 768px" /></figure>

<p>Hej hej! Vi är två bröder som heter Silas och Sebastian. Vårt för-alltid-hem hittade vi strax innan jul 2024. Här trivs vi! På bilden ligger vi och vilar efter att ha busat runt.&nbsp;</p>
