{"id":5775,"date":"2019-10-19T14:02:47","date_gmt":"2019-10-19T14:02:47","guid":{"rendered":"https:\/\/www.djurskyddet.se\/kattfotenhalmstad\/?page_id=5775"},"modified":"2020-07-18T21:06:32","modified_gmt":"2020-07-18T21:06:32","slug":"arbeta-hos-oss","status":"publish","type":"page","link":"https:\/\/www.djurskyddet.se\/kattfotenhalmstad\/om-oss\/arbeta-hos-oss\/","title":{"rendered":"Arbeta hos oss"},"content":{"rendered":"\n<h3 class=\"wp-block-heading\"><strong>En m\u00f6jlighet f\u00f6r framtiden i yrkeslivet!<\/strong><\/h3>\n\n\n\n<p>Ett arbete hos oss inneb\u00e4r att jobba som volont\u00e4r. Volont\u00e4rer f\u00e5r ingen l\u00f6n utan arbetar ideellt f\u00f6r att hj\u00e4lpa andra. Det du som volont\u00e4r kan f\u00e5 i bel\u00f6ning f\u00f6r ditt arbete \u00e4r tillfredsst\u00e4llelsen att hj\u00e4lpa katter som p\u00e5 ett eller annat s\u00e4tt farit illa. Arbetet med att f\u00e5 dem att \u00e5terh\u00e4mta sig fr\u00e5n sjukdomar, bli v\u00e4l omh\u00e4ndertagna och \u00e5teranpassa dem till ett liv d\u00e4r de k\u00e4nner k\u00e4rlek, omtanke och trygghet \u00e4r oerh\u00f6rt givande f\u00f6r dig som volont\u00e4r. Har du engagerat dig och gjort bra ifr\u00e5n dig hos oss \u00e4r det \u00e4ven en bra merit i ditt CV.<\/p>\n\n\n\n<p>F\u00f6r en skolelev eller arbetss\u00f6kande kan en praktik alternativt ett volont\u00e4rarbete leda till ett yrkesval som \u00e4r inspirerande och ge stor tillfredsst\u00e4llelse f\u00f6r den s\u00f6kande. Vi har exempel p\u00e5 personal som arbetat som volont\u00e4r hos oss vilka fortsatt sitt yrkesverksamma liv inom veterin\u00e4rv\u00e5rden. S\u00e5 en praktik p\u00e5 Kattfotens katthem kan vara en v\u00e4rdefull spr\u00e5ngbr\u00e4da till ett yrkesval d\u00e4r m\u00e4nniskor m\u00f6ter djur. <br><br><strong>F\u00f6r att diskutera och ordna praktiktj\u00e4nst kontakta oss via mejladressen nedan:<\/strong><br><a href=\"mailto:kattfoten@djurskyddet.se\">kattfoten@djurskyddet.se<\/a><strong><br><\/strong><\/p>\n","protected":false},"excerpt":{"rendered":"<p>En m\u00f6jlighet f\u00f6r framtiden i yrkeslivet! Ett arbete hos oss inneb\u00e4r att jobba som volont\u00e4r. Volont\u00e4rer f\u00e5r ingen l\u00f6n utan arbetar ideellt f\u00f6r att hj\u00e4lpa andra. Det du som volont\u00e4r kan f\u00e5 i bel\u00f6ning f\u00f6r ditt arbete \u00e4r tillfredsst\u00e4llelsen att hj\u00e4lpa katter som p\u00e5 ett eller annat s\u00e4tt farit illa. Arbetet med att f\u00e5 dem att \u00e5terh\u00e4mta sig fr\u00e5n sjukdomar, bli v\u00e4l omh\u00e4ndertagna och \u00e5teranpassa dem till ett liv d\u00e4r&hellip;<\/p>\n<p><a class=\"more-link\" href=\"https:\/\/www.djurskyddet.se\/kattfotenhalmstad\/om-oss\/arbeta-hos-oss\/\" title=\"Continue reading &lsquo;Arbeta hos oss&rsquo;\">L&auml;s mer<span class=\"meta-nav\">&raquo;<\/span><\/a><\/p>\n","protected":false},"author":34,"featured_media":0,"parent":5582,"menu_order":3,"comment_status":"closed","ping_status":"closed","template":"left-sidebar.php","meta":{"_acf_changed":false,"footnotes":""},"class_list":["post-5775","page","type-page","status-publish","hentry"],"acf":[],"_links":{"self":[{"href":"https:\/\/www.djurskyddet.se\/kattfotenhalmstad\/wp-json\/wp\/v2\/pages\/5775","targetHints":{"allow":["GET"]}}],"collection":[{"href":"https:\/\/www.djurskyddet.se\/kattfotenhalmstad\/wp-json\/wp\/v2\/pages"}],"about":[{"href":"https:\/\/www.djurskyddet.se\/kattfotenhalmstad\/wp-json\/wp\/v2\/types\/page"}],"author":[{"embeddable":true,"href":"https:\/\/www.djurskyddet.se\/kattfotenhalmstad\/wp-json\/wp\/v2\/users\/34"}],"replies":[{"embeddable":true,"href":"https:\/\/www.djurskyddet.se\/kattfotenhalmstad\/wp-json\/wp\/v2\/comments?post=5775"}],"version-history":[{"count":76,"href":"https:\/\/www.djurskyddet.se\/kattfotenhalmstad\/wp-json\/wp\/v2\/pages\/5775\/revisions"}],"predecessor-version":[{"id":10408,"href":"https:\/\/www.djurskyddet.se\/kattfotenhalmstad\/wp-json\/wp\/v2\/pages\/5775\/revisions\/10408"}],"up":[{"embeddable":true,"href":"https:\/\/www.djurskyddet.se\/kattfotenhalmstad\/wp-json\/wp\/v2\/pages\/5582"}],"wp:attachment":[{"href":"https:\/\/www.djurskyddet.se\/kattfotenhalmstad\/wp-json\/wp\/v2\/media?parent=5775"}],"curies":[{"name":"wp","href":"https:\/\/api.w.org\/{rel}","templated":true}]}}