{"id":7055,"date":"2019-12-27T13:53:20","date_gmt":"2019-12-27T13:53:20","guid":{"rendered":"https:\/\/www.djurskyddet.se\/kattfotenhalmstad\/?page_id=7055"},"modified":"2020-07-18T21:18:05","modified_gmt":"2020-07-18T21:18:05","slug":"praktik","status":"publish","type":"page","link":"https:\/\/www.djurskyddet.se\/kattfotenhalmstad\/om-oss\/arbeta-hos-oss\/praktik\/","title":{"rendered":"Praktik"},"content":{"rendered":"\n<p>F\u00f6r en skolelev eller arbetss\u00f6kande kan en praktik hos oss leda till ett yrkesval som \u00e4r inspirerande och ge stor tillfredsst\u00e4llelse f\u00f6r praktikanten. Vi har exempel p\u00e5 personal som arbetat som volont\u00e4r hos oss vilka fortsatt sitt yrkesverksamma liv med att arbeta inom veterin\u00e4rv\u00e5rden. S\u00e5 en praktik p\u00e5 Kattfotens katthem kan vara en v\u00e4rdefull spr\u00e5ngbr\u00e4da till ett yrkesval d\u00e4r m\u00e4nniskor m\u00f6ter djur.<br><\/p>\n\n\n\n<p>S\u00e5 h\u00e4r g\u00e5r du tillv\u00e4ga f\u00f6r att diskutera och ordna praktiktj\u00e4nst p\u00e5 Kattfotens katthem:<\/p>\n\n\n\n<ul class=\"wp-block-list\"><li>Skicka ett mail till:\u00a0<a href=\"mailto:kattfoten@djurskyddet.se\" target=\"_blank\" rel=\"noreferrer noopener\" aria-label=\" (\u00f6ppnas i en ny flik)\">kattfoten@djurskyddet.se<\/a><br>V\u00e5r ansvarige f\u00f6r praktik kontaktar er snarast m\u00f6jligt.<\/li><\/ul>\n\n\n\n<p>I mailet vill vi g\u00e4rna ha f\u00f6ljande uppgifter:<\/p>\n\n\n\n<ul class=\"wp-block-list\"><li>Kontaktperson hos er som s\u00f6ker med telefonnummer och mailadress.<\/li><li>Namn, adress, telefonnummer, eventuell mailadress och \u00e5lder p\u00e5 praktikant.<\/li><li>En kortfattad presentation av den s\u00f6kande med info om tidigare vana av katter eller andra djur.<\/li><li>\u00d6nskad praktiktid med startdatum och praktikens l\u00e4ngd.<\/li><\/ul>\n\n\n\n<p><strong>Det kan ta upp till en veckas handl\u00e4ggning och svarstid p\u00e5 er ans\u00f6kan!<\/strong><\/p>\n","protected":false},"excerpt":{"rendered":"<p>F\u00f6r en skolelev eller arbetss\u00f6kande kan en praktik hos oss leda till ett yrkesval som \u00e4r inspirerande och ge stor tillfredsst\u00e4llelse f\u00f6r praktikanten. Vi har exempel p\u00e5 personal som arbetat som volont\u00e4r hos oss vilka fortsatt sitt yrkesverksamma liv med att arbeta inom veterin\u00e4rv\u00e5rden. S\u00e5 en praktik p\u00e5 Kattfotens katthem kan vara en v\u00e4rdefull spr\u00e5ngbr\u00e4da till ett yrkesval d\u00e4r m\u00e4nniskor m\u00f6ter djur. S\u00e5 h\u00e4r g\u00e5r du tillv\u00e4ga f\u00f6r att diskutera&hellip;<\/p>\n<p><a class=\"more-link\" href=\"https:\/\/www.djurskyddet.se\/kattfotenhalmstad\/om-oss\/arbeta-hos-oss\/praktik\/\" title=\"Continue reading &lsquo;Praktik&rsquo;\">L&auml;s mer<span class=\"meta-nav\">&raquo;<\/span><\/a><\/p>\n","protected":false},"author":34,"featured_media":0,"parent":5775,"menu_order":0,"comment_status":"closed","ping_status":"closed","template":"left-sidebar.php","meta":{"_acf_changed":false,"footnotes":""},"class_list":["post-7055","page","type-page","status-publish","hentry"],"acf":[],"_links":{"self":[{"href":"https:\/\/www.djurskyddet.se\/kattfotenhalmstad\/wp-json\/wp\/v2\/pages\/7055","targetHints":{"allow":["GET"]}}],"collection":[{"href":"https:\/\/www.djurskyddet.se\/kattfotenhalmstad\/wp-json\/wp\/v2\/pages"}],"about":[{"href":"https:\/\/www.djurskyddet.se\/kattfotenhalmstad\/wp-json\/wp\/v2\/types\/page"}],"author":[{"embeddable":true,"href":"https:\/\/www.djurskyddet.se\/kattfotenhalmstad\/wp-json\/wp\/v2\/users\/34"}],"replies":[{"embeddable":true,"href":"https:\/\/www.djurskyddet.se\/kattfotenhalmstad\/wp-json\/wp\/v2\/comments?post=7055"}],"version-history":[{"count":26,"href":"https:\/\/www.djurskyddet.se\/kattfotenhalmstad\/wp-json\/wp\/v2\/pages\/7055\/revisions"}],"predecessor-version":[{"id":10417,"href":"https:\/\/www.djurskyddet.se\/kattfotenhalmstad\/wp-json\/wp\/v2\/pages\/7055\/revisions\/10417"}],"up":[{"embeddable":true,"href":"https:\/\/www.djurskyddet.se\/kattfotenhalmstad\/wp-json\/wp\/v2\/pages\/5775"}],"wp:attachment":[{"href":"https:\/\/www.djurskyddet.se\/kattfotenhalmstad\/wp-json\/wp\/v2\/media?parent=7055"}],"curies":[{"name":"wp","href":"https:\/\/api.w.org\/{rel}","templated":true}]}}