{"id":8525,"date":"2020-03-12T21:02:37","date_gmt":"2020-03-12T21:02:37","guid":{"rendered":"https:\/\/www.djurskyddet.se\/kattfotenhalmstad\/?page_id=8525"},"modified":"2024-06-10T18:12:09","modified_gmt":"2024-06-10T18:12:09","slug":"hjalp-hemlosa-hundar","status":"publish","type":"page","link":"https:\/\/www.djurskyddet.se\/kattfotenhalmstad\/hjalp-hemlosa-hundar\/","title":{"rendered":"Hj\u00e4lp heml\u00f6sa hundar"},"content":{"rendered":"<div class=\"wp-block-image\">\n<figure class=\"aligncenter\"><img loading=\"lazy\" decoding=\"async\" width=\"135\" height=\"240\" src=\"https:\/\/www.djurskyddet.se\/kattfotenhalmstad\/wp-content\/uploads\/sites\/35\/2020\/03\/88159750_2907330796001643_504157902747992064_n-2.jpg\" alt=\"\" class=\"wp-image-8530\" \/><\/figure><\/div>\n\n\n<p>Vi p\u00e5 Kattfotens katthem vill hj\u00e4lpa de katter som \u00e4r i n\u00f6d. F\u00f6r oss \u00e4r deras v\u00e4lm\u00e5ende av h\u00f6gsta prioritet och vi k\u00e4mpar varje dag f\u00f6r att r\u00e4dda heml\u00f6sa katter, se till att katterna p\u00e5 hemmet m\u00e5r bra samt leta efter nya hem \u00e5t dem. Det finns fler ideella f\u00f6reningar v\u00e4rlden \u00f6ver som likt oss r\u00e4ddar liv, katter som hundar. I form av g\u00e5vor vill vi hj\u00e4lpa andra f\u00f6reningar att r\u00e4dda liv och d\u00e4rf\u00f6r kommer vi numera ta emot hundrelaterade saker som vi sedan skickar till beh\u00f6vande, t.ex. <a href=\"https:\/\/www.facebook.com\/groups\/366924440305708\">Sarajevo\/Bosnia dogs need a help<\/a>. Vi fokuserar \u00e4ven just nu p\u00e5 att bidra med hj\u00e4lp till hundar i Ukraina och Rum\u00e4nien.<br><br>Det g\u00e5r bra att l\u00e4mna dessa saker p\u00e5 vardagar mellan 09:00-15:00 och helger 09:00-13:00. Ring p\u00e5 d\u00f6rrklockan s\u00e5 \u00f6ppnar vi till dig\/er.<\/p>\n\n\n\n<p>Har du hundsaker som inte kommer till anv\u00e4ndning? Kolla listan nedan f\u00f6r att se om det \u00e4r n\u00e5got vi tar emot. OBS! \u00c4r sakerna anv\u00e4nda se till att de \u00e4r hela och fr\u00e4scha.<\/p>\n\n\n\n<ul class=\"wp-block-list\">\n<li>Koppel, selen och halsband f\u00f6r hundar<\/li>\n\n\n\n<li>Mat- och vattensk\u00e5lar<\/li>\n\n\n\n<li>Filtar och pl\u00e4dar<\/li>\n\n\n\n<li>Hundkorgar och b\u00e4ddar<\/li>\n<\/ul>\n\n\n\n<p>K\u00f6r du eller n\u00e5gon du k\u00e4nner lastbil till Bosnien och kan t\u00e4nka sig att hj\u00e4lpa med transport, kontakta oss p\u00e5 kattfoten@djurskyddet.se<\/p>\n\n\n\n<p><\/p>\n","protected":false},"excerpt":{"rendered":"<p>Vi p\u00e5 Kattfotens katthem vill hj\u00e4lpa de katter som \u00e4r i n\u00f6d. F\u00f6r oss \u00e4r deras v\u00e4lm\u00e5ende av h\u00f6gsta prioritet och vi k\u00e4mpar varje dag f\u00f6r att r\u00e4dda heml\u00f6sa katter, se till att katterna p\u00e5 hemmet m\u00e5r bra samt leta efter nya hem \u00e5t dem. Det finns fler ideella f\u00f6reningar v\u00e4rlden \u00f6ver som likt oss r\u00e4ddar liv, katter som hundar. I form av g\u00e5vor vill vi hj\u00e4lpa andra f\u00f6reningar att&hellip;<\/p>\n<p><a class=\"more-link\" href=\"https:\/\/www.djurskyddet.se\/kattfotenhalmstad\/hjalp-hemlosa-hundar\/\" title=\"Continue reading &lsquo;Hj\u00e4lp heml\u00f6sa hundar&rsquo;\">L&auml;s mer<span class=\"meta-nav\">&raquo;<\/span><\/a><\/p>\n","protected":false},"author":36,"featured_media":0,"parent":0,"menu_order":0,"comment_status":"closed","ping_status":"closed","template":"page-templates\/left-sidebar.php","meta":{"_acf_changed":false,"footnotes":""},"class_list":["post-8525","page","type-page","status-publish","hentry"],"acf":[],"_links":{"self":[{"href":"https:\/\/www.djurskyddet.se\/kattfotenhalmstad\/wp-json\/wp\/v2\/pages\/8525","targetHints":{"allow":["GET"]}}],"collection":[{"href":"https:\/\/www.djurskyddet.se\/kattfotenhalmstad\/wp-json\/wp\/v2\/pages"}],"about":[{"href":"https:\/\/www.djurskyddet.se\/kattfotenhalmstad\/wp-json\/wp\/v2\/types\/page"}],"author":[{"embeddable":true,"href":"https:\/\/www.djurskyddet.se\/kattfotenhalmstad\/wp-json\/wp\/v2\/users\/36"}],"replies":[{"embeddable":true,"href":"https:\/\/www.djurskyddet.se\/kattfotenhalmstad\/wp-json\/wp\/v2\/comments?post=8525"}],"version-history":[{"count":17,"href":"https:\/\/www.djurskyddet.se\/kattfotenhalmstad\/wp-json\/wp\/v2\/pages\/8525\/revisions"}],"predecessor-version":[{"id":14617,"href":"https:\/\/www.djurskyddet.se\/kattfotenhalmstad\/wp-json\/wp\/v2\/pages\/8525\/revisions\/14617"}],"wp:attachment":[{"href":"https:\/\/www.djurskyddet.se\/kattfotenhalmstad\/wp-json\/wp\/v2\/media?parent=8525"}],"curies":[{"name":"wp","href":"https:\/\/api.w.org\/{rel}","templated":true}]}}