{"id":8680,"date":"2020-03-27T19:18:41","date_gmt":"2020-03-27T19:18:41","guid":{"rendered":"https:\/\/www.djurskyddet.se\/kattfotenhalmstad\/?page_id=8680"},"modified":"2024-12-30T13:01:30","modified_gmt":"2024-12-30T13:01:30","slug":"lyckligt-slut-2","status":"publish","type":"page","link":"https:\/\/www.djurskyddet.se\/kattfotenhalmstad\/lyckligt-slut-2\/","title":{"rendered":"Lyckligt slut"},"content":{"rendered":"\n<figure class=\"wp-block-image\"><img loading=\"lazy\" decoding=\"async\" width=\"819\" height=\"1024\" src=\"https:\/\/www.djurskyddet.se\/kattfotenhalmstad\/wp-content\/uploads\/sites\/35\/2020\/04\/received_633704657176818-819x1024.jpeg\" alt=\"\" class=\"wp-image-9290\" srcset=\"https:\/\/www.djurskyddet.se\/kattfotenhalmstad\/wp-content\/uploads\/sites\/35\/2020\/04\/received_633704657176818-819x1024.jpeg 819w, https:\/\/www.djurskyddet.se\/kattfotenhalmstad\/wp-content\/uploads\/sites\/35\/2020\/04\/received_633704657176818-240x300.jpeg 240w, https:\/\/www.djurskyddet.se\/kattfotenhalmstad\/wp-content\/uploads\/sites\/35\/2020\/04\/received_633704657176818-768x961.jpeg 768w, https:\/\/www.djurskyddet.se\/kattfotenhalmstad\/wp-content\/uploads\/sites\/35\/2020\/04\/received_633704657176818-400x500.jpeg 400w, https:\/\/www.djurskyddet.se\/kattfotenhalmstad\/wp-content\/uploads\/sites\/35\/2020\/04\/received_633704657176818.jpeg 1440w\" sizes=\"auto, (max-width: 819px) 100vw, 819px\" \/><\/figure>\n\n\n\n<p>Slutet gott, allting gott! H\u00e4r kan du se n\u00e5gra av alla de katter som vi hj\u00e4lpt hitta hem till och som vi f\u00e5tt samtycke av adoptivhemmen att l\u00e4gga upp bilder p\u00e5. G\u00e5 in p\u00e5 l\u00e4nkarna nedan f\u00f6r att l\u00e4sa mer:<\/p>\n\n\n\n<p><\/p>\n\n\n\n<p><\/p>\n\n\n\n<p><a href=\"https:\/\/www.djurskyddet.se\/kattfotenhalmstad\/adopterade-katter-2024\/\" data-type=\"page\" data-id=\"14885\">Adopterade katter 2024<\/a><br><a href=\"https:\/\/www.djurskyddet.se\/kattfotenhalmstad\/lyckligt-slut-2\/adopterade-katter-2021\/\" target=\"_blank\" rel=\"noreferrer noopener\">Adopterade katter 2021<\/a><br><a aria-label=\"Adopterade katter 2020 (\u00f6ppnas i en ny flik)\" href=\"https:\/\/www.djurskyddet.se\/kattfotenhalmstad\/lyckligt-slut-2\/adopterade-katter-2020\/\" target=\"_blank\" rel=\"noreferrer noopener\">Adopterade katter 2020<\/a><br><a aria-label=\" (\u00f6ppnas i en ny flik)\" href=\"https:\/\/www.djurskyddet.se\/kattfotenhalmstad\/adopterade-katter-2019\/\" target=\"_blank\" rel=\"noreferrer noopener\">Adopterade katter 2019<\/a><br><a aria-label=\" (\u00f6ppnas i en ny flik)\" href=\"https:\/\/www.djurskyddet.se\/kattfotenhalmstad\/lyckligt-slut-2\/adopterade-katter-2018\/\" target=\"_blank\" rel=\"noreferrer noopener\">Adopterade katter 2018<\/a><br><a aria-label=\" (\u00f6ppnas i en ny flik)\" href=\"https:\/\/www.djurskyddet.se\/kattfotenhalmstad\/lyckligt-slut-2\/adopterade-katter-2017\/\" target=\"_blank\" rel=\"noreferrer noopener\">Adopterade katter 2017<\/a><br><a aria-label=\" (\u00f6ppnas i en ny flik)\" href=\"https:\/\/www.djurskyddet.se\/kattfotenhalmstad\/lyckligt-slut-2\/adopterade-katter-2016\/\" target=\"_blank\" rel=\"noreferrer noopener\">Adopterade katter 2016<\/a><br><a aria-label=\" (\u00f6ppnas i en ny flik)\" href=\"https:\/\/www.djurskyddet.se\/kattfotenhalmstad\/lyckligt-slut-2\/adopterade-katter-2015\/\" target=\"_blank\" rel=\"noreferrer noopener\">Adopterade katter 2015<\/a><br><a aria-label=\" (\u00f6ppnas i en ny flik)\" href=\"https:\/\/www.djurskyddet.se\/kattfotenhalmstad\/lyckligt-slut-2\/adopterade-katter-2014\/\" target=\"_blank\" rel=\"noreferrer noopener\">Adopterade katter 2014<\/a><br><a aria-label=\"Adopterade katter 2013 (\u00f6ppnas i en ny flik)\" href=\"https:\/\/www.djurskyddet.se\/kattfotenhalmstad\/lyckligt-slut-2\/adopterade-katter-2013\/\" target=\"_blank\" rel=\"noreferrer noopener\">Adopterade katter 2013<\/a><br><a aria-label=\"Adopterade katter  2012 (\u00f6ppnas i en ny flik)\" href=\"https:\/\/www.djurskyddet.se\/kattfotenhalmstad\/lyckligt-slut-2\/adopterade-katter-2012\/\" target=\"_blank\" rel=\"noreferrer noopener\">Adopterade katter  2012<\/a><br><a aria-label=\"Adopterade katter  2011 (\u00f6ppnas i en ny flik)\" href=\"https:\/\/www.djurskyddet.se\/kattfotenhalmstad\/lyckligt-slut-2\/adopterade-katter-2011\/\" target=\"_blank\" rel=\"noreferrer noopener\">Adopterade katter  2011<\/a><br><a aria-label=\"Adopterade katter  2010 (\u00f6ppnas i en ny flik)\" href=\"https:\/\/www.djurskyddet.se\/kattfotenhalmstad\/lyckligt-slut-2\/adopterade-katter-2010\/\" target=\"_blank\" rel=\"noreferrer noopener\">Adopterade katter  2010<\/a><br><a aria-label=\"Adopterade katter  2009 (\u00f6ppnas i en ny flik)\" href=\"https:\/\/www.djurskyddet.se\/kattfotenhalmstad\/lyckligt-slut-2\/adopterade-katter-2009\/\" target=\"_blank\" rel=\"noreferrer noopener\">Adopterade katter  2009<\/a><br><a aria-label=\"Adopterade katter  2008 (\u00f6ppnas i en ny flik)\" href=\"https:\/\/www.djurskyddet.se\/kattfotenhalmstad\/lyckligt-slut-2\/adopterade-katter-2008\/\" target=\"_blank\" rel=\"noreferrer noopener\">Adopterade katter  2008<\/a><br><a aria-label=\"Adopterade katter  2007 (\u00f6ppnas i en ny flik)\" href=\"https:\/\/www.djurskyddet.se\/kattfotenhalmstad\/lyckligt-slut-2\/adopterade-katter-2007\/\" target=\"_blank\" rel=\"noreferrer noopener\">Adopterade katter  2007<\/a><br><a aria-label=\"Adopterade katter  2006 (\u00f6ppnas i en ny flik)\" href=\"https:\/\/www.djurskyddet.se\/kattfotenhalmstad\/lyckligt-slut-2\/adopterade-katter-2006\/\" target=\"_blank\" rel=\"noreferrer noopener\">Adopterade katter  2006<\/a><br><a aria-label=\"Adopterade katter  2005 (\u00f6ppnas i en ny flik)\" href=\"https:\/\/www.djurskyddet.se\/kattfotenhalmstad\/lyckligt-slut-2\/adopterade-katter-2005\/\" target=\"_blank\" rel=\"noreferrer noopener\">Adopterade katter  2005<\/a><br><a aria-label=\"Adopterade katter 2004 (\u00f6ppnas i en ny flik)\" href=\"https:\/\/www.djurskyddet.se\/kattfotenhalmstad\/lyckligt-slut-2\/adopterade-katter-2004\/\" target=\"_blank\" rel=\"noreferrer noopener\">Adopterade katter 2004<\/a><\/p>\n","protected":false},"excerpt":{"rendered":"<p>Slutet gott, allting gott! H\u00e4r kan du se n\u00e5gra av alla de katter som vi hj\u00e4lpt hitta hem till och som vi f\u00e5tt samtycke av adoptivhemmen att l\u00e4gga upp bilder p\u00e5. G\u00e5 in p\u00e5 l\u00e4nkarna nedan f\u00f6r att l\u00e4sa mer: Adopterade katter 2024Adopterade katter 2021Adopterade katter 2020Adopterade katter 2019Adopterade katter 2018Adopterade katter 2017Adopterade katter 2016Adopterade katter 2015Adopterade katter 2014Adopterade katter 2013Adopterade katter 2012Adopterade katter 2011Adopterade katter 2010Adopterade katter 2009Adopterade katter&hellip;<\/p>\n<p><a class=\"more-link\" href=\"https:\/\/www.djurskyddet.se\/kattfotenhalmstad\/lyckligt-slut-2\/\" title=\"Continue reading &lsquo;Lyckligt slut&rsquo;\">L&auml;s mer<span class=\"meta-nav\">&raquo;<\/span><\/a><\/p>\n","protected":false},"author":36,"featured_media":0,"parent":0,"menu_order":0,"comment_status":"closed","ping_status":"closed","template":"page-templates\/left-sidebar.php","meta":{"_acf_changed":false,"footnotes":""},"class_list":["post-8680","page","type-page","status-publish","hentry"],"acf":[],"_links":{"self":[{"href":"https:\/\/www.djurskyddet.se\/kattfotenhalmstad\/wp-json\/wp\/v2\/pages\/8680","targetHints":{"allow":["GET"]}}],"collection":[{"href":"https:\/\/www.djurskyddet.se\/kattfotenhalmstad\/wp-json\/wp\/v2\/pages"}],"about":[{"href":"https:\/\/www.djurskyddet.se\/kattfotenhalmstad\/wp-json\/wp\/v2\/types\/page"}],"author":[{"embeddable":true,"href":"https:\/\/www.djurskyddet.se\/kattfotenhalmstad\/wp-json\/wp\/v2\/users\/36"}],"replies":[{"embeddable":true,"href":"https:\/\/www.djurskyddet.se\/kattfotenhalmstad\/wp-json\/wp\/v2\/comments?post=8680"}],"version-history":[{"count":14,"href":"https:\/\/www.djurskyddet.se\/kattfotenhalmstad\/wp-json\/wp\/v2\/pages\/8680\/revisions"}],"predecessor-version":[{"id":14891,"href":"https:\/\/www.djurskyddet.se\/kattfotenhalmstad\/wp-json\/wp\/v2\/pages\/8680\/revisions\/14891"}],"wp:attachment":[{"href":"https:\/\/www.djurskyddet.se\/kattfotenhalmstad\/wp-json\/wp\/v2\/media?parent=8680"}],"curies":[{"name":"wp","href":"https:\/\/api.w.org\/{rel}","templated":true}]}}