{"id":8835,"date":"2020-03-29T20:07:39","date_gmt":"2020-03-29T20:07:39","guid":{"rendered":"https:\/\/www.djurskyddet.se\/kattfotenhalmstad\/?page_id=8835"},"modified":"2021-06-07T09:46:47","modified_gmt":"2021-06-07T09:46:47","slug":"flemming","status":"publish","type":"page","link":"https:\/\/www.djurskyddet.se\/kattfotenhalmstad\/lyckligt-slut-2\/adopterade-katter-2017\/flemming\/","title":{"rendered":"Flemming"},"content":{"rendered":"\n<p>H\u00e4r kommer en h\u00e4lsning fr\u00e5n mig, Flemming, som adopterades i november 2017. Jag \u00e4r en v\u00e4ldigt mysig kille som g\u00e4rna ligger i en avslappnad position. Lite blyg mot nya m\u00e4nniskor men n\u00e4r jag har valt dig har du en st\u00e4ndig kelkompis. Mitt f\u00f6r alltid hem \u00e4r s\u00e5 glad \u00f6ver att de fick m\u00f6jligheten att adoptera mig. P\u00e5 bilden nedan ser du mig och brorsan Torsten. H\u00e4lsningar fr\u00e5n Flemming med familj.<\/p>\n\n\n\n<div class=\"wp-block-image\"><figure class=\"aligncenter\"><img loading=\"lazy\" decoding=\"async\" width=\"280\" height=\"373\" src=\"https:\/\/www.djurskyddet.se\/kattfotenhalmstad\/wp-content\/uploads\/sites\/35\/2020\/03\/Flemming.jpg\" alt=\"\" class=\"wp-image-8836\" srcset=\"https:\/\/www.djurskyddet.se\/kattfotenhalmstad\/wp-content\/uploads\/sites\/35\/2020\/03\/Flemming.jpg 280w, https:\/\/www.djurskyddet.se\/kattfotenhalmstad\/wp-content\/uploads\/sites\/35\/2020\/03\/Flemming-225x300.jpg 225w\" sizes=\"auto, (max-width: 280px) 100vw, 280px\" \/><\/figure><\/div>\n\n\n\n<div class=\"wp-block-image\"><figure class=\"aligncenter\"><img loading=\"lazy\" decoding=\"async\" width=\"405\" height=\"304\" src=\"https:\/\/www.djurskyddet.se\/kattfotenhalmstad\/wp-content\/uploads\/sites\/35\/2020\/03\/Flemming-och-Torsten.jpg\" alt=\"\" class=\"wp-image-8837\" srcset=\"https:\/\/www.djurskyddet.se\/kattfotenhalmstad\/wp-content\/uploads\/sites\/35\/2020\/03\/Flemming-och-Torsten.jpg 405w, https:\/\/www.djurskyddet.se\/kattfotenhalmstad\/wp-content\/uploads\/sites\/35\/2020\/03\/Flemming-och-Torsten-300x225.jpg 300w, https:\/\/www.djurskyddet.se\/kattfotenhalmstad\/wp-content\/uploads\/sites\/35\/2020\/03\/Flemming-och-Torsten-400x300.jpg 400w\" sizes=\"auto, (max-width: 405px) 100vw, 405px\" \/><\/figure><\/div>\n","protected":false},"excerpt":{"rendered":"<p>H\u00e4r kommer en h\u00e4lsning fr\u00e5n mig, Flemming, som adopterades i november 2017. Jag \u00e4r en v\u00e4ldigt mysig kille som g\u00e4rna ligger i en avslappnad position. Lite blyg mot nya m\u00e4nniskor men n\u00e4r jag har valt dig har du en st\u00e4ndig kelkompis. Mitt f\u00f6r alltid hem \u00e4r s\u00e5 glad \u00f6ver att de fick m\u00f6jligheten att adoptera mig. P\u00e5 bilden nedan ser du mig och brorsan Torsten. H\u00e4lsningar fr\u00e5n Flemming med familj.<\/p>\n","protected":false},"author":36,"featured_media":0,"parent":8755,"menu_order":0,"comment_status":"closed","ping_status":"closed","template":"page-templates\/left-sidebar.php","meta":{"_acf_changed":false,"footnotes":""},"class_list":["post-8835","page","type-page","status-publish","hentry"],"acf":[],"_links":{"self":[{"href":"https:\/\/www.djurskyddet.se\/kattfotenhalmstad\/wp-json\/wp\/v2\/pages\/8835","targetHints":{"allow":["GET"]}}],"collection":[{"href":"https:\/\/www.djurskyddet.se\/kattfotenhalmstad\/wp-json\/wp\/v2\/pages"}],"about":[{"href":"https:\/\/www.djurskyddet.se\/kattfotenhalmstad\/wp-json\/wp\/v2\/types\/page"}],"author":[{"embeddable":true,"href":"https:\/\/www.djurskyddet.se\/kattfotenhalmstad\/wp-json\/wp\/v2\/users\/36"}],"replies":[{"embeddable":true,"href":"https:\/\/www.djurskyddet.se\/kattfotenhalmstad\/wp-json\/wp\/v2\/comments?post=8835"}],"version-history":[{"count":4,"href":"https:\/\/www.djurskyddet.se\/kattfotenhalmstad\/wp-json\/wp\/v2\/pages\/8835\/revisions"}],"predecessor-version":[{"id":13308,"href":"https:\/\/www.djurskyddet.se\/kattfotenhalmstad\/wp-json\/wp\/v2\/pages\/8835\/revisions\/13308"}],"up":[{"embeddable":true,"href":"https:\/\/www.djurskyddet.se\/kattfotenhalmstad\/wp-json\/wp\/v2\/pages\/8755"}],"wp:attachment":[{"href":"https:\/\/www.djurskyddet.se\/kattfotenhalmstad\/wp-json\/wp\/v2\/media?parent=8835"}],"curies":[{"name":"wp","href":"https:\/\/api.w.org\/{rel}","templated":true}]}}