{"id":8850,"date":"2020-03-30T21:17:33","date_gmt":"2020-03-30T21:17:33","guid":{"rendered":"https:\/\/www.djurskyddet.se\/kattfotenhalmstad\/?page_id=8850"},"modified":"2020-03-30T21:17:33","modified_gmt":"2020-03-30T21:17:33","slug":"lyko","status":"publish","type":"page","link":"https:\/\/www.djurskyddet.se\/kattfotenhalmstad\/adopterade-katter-2019\/lyko\/","title":{"rendered":"Lyko"},"content":{"rendered":"\n<p>Kisen hette jag p\u00e5 jourhemmet, numera kallas jag f\u00f6r Lyko. I december 2019 adopterades jag. Det jag allra helst vill \u00e4r att vara n\u00e4ra min familj, g\u00e4rna sova under t\u00e4cket om det g\u00e5r. Jag \u00e4r social och ska h\u00e4lsa p\u00e5 allt och alla som kommer hem till oss. En riktig liten goding \u00e4r jag. \u00c4lskar att bli klappad, men \u00e4r \u00e4ven ett energiknippe som busar loss emellan\u00e5t. Jourhemmet har gjort ett s\u00e5dant fantastiskt jobb med att uppfostra mig!<\/p>\n\n\n\n<ul class=\"wp-block-gallery columns-2 is-cropped wp-block-gallery-1 is-layout-flex wp-block-gallery-is-layout-flex\"><li class=\"blocks-gallery-item\"><figure><img loading=\"lazy\" decoding=\"async\" width=\"480\" height=\"640\" src=\"https:\/\/www.djurskyddet.se\/kattfotenhalmstad\/wp-content\/uploads\/sites\/35\/2020\/03\/Kisen-1.jpg\" alt=\"\" data-id=\"8851\" data-link=\"https:\/\/www.djurskyddet.se\/kattfotenhalmstad\/?attachment_id=8851\" class=\"wp-image-8851\" srcset=\"https:\/\/www.djurskyddet.se\/kattfotenhalmstad\/wp-content\/uploads\/sites\/35\/2020\/03\/Kisen-1.jpg 480w, https:\/\/www.djurskyddet.se\/kattfotenhalmstad\/wp-content\/uploads\/sites\/35\/2020\/03\/Kisen-1-225x300.jpg 225w, https:\/\/www.djurskyddet.se\/kattfotenhalmstad\/wp-content\/uploads\/sites\/35\/2020\/03\/Kisen-1-400x533.jpg 400w\" sizes=\"auto, (max-width: 480px) 100vw, 480px\" \/><\/figure><\/li><li class=\"blocks-gallery-item\"><figure><img loading=\"lazy\" decoding=\"async\" width=\"480\" height=\"640\" src=\"https:\/\/www.djurskyddet.se\/kattfotenhalmstad\/wp-content\/uploads\/sites\/35\/2020\/03\/Kisen-2.jpg\" alt=\"\" data-id=\"8852\" data-link=\"https:\/\/www.djurskyddet.se\/kattfotenhalmstad\/?attachment_id=8852\" class=\"wp-image-8852\" srcset=\"https:\/\/www.djurskyddet.se\/kattfotenhalmstad\/wp-content\/uploads\/sites\/35\/2020\/03\/Kisen-2.jpg 480w, https:\/\/www.djurskyddet.se\/kattfotenhalmstad\/wp-content\/uploads\/sites\/35\/2020\/03\/Kisen-2-225x300.jpg 225w, https:\/\/www.djurskyddet.se\/kattfotenhalmstad\/wp-content\/uploads\/sites\/35\/2020\/03\/Kisen-2-400x533.jpg 400w\" sizes=\"auto, (max-width: 480px) 100vw, 480px\" \/><\/figure><\/li><\/ul>\n","protected":false},"excerpt":{"rendered":"<p>Kisen hette jag p\u00e5 jourhemmet, numera kallas jag f\u00f6r Lyko. I december 2019 adopterades jag. Det jag allra helst vill \u00e4r att vara n\u00e4ra min familj, g\u00e4rna sova under t\u00e4cket om det g\u00e5r. Jag \u00e4r social och ska h\u00e4lsa p\u00e5 allt och alla som kommer hem till oss. En riktig liten goding \u00e4r jag. \u00c4lskar att bli klappad, men \u00e4r \u00e4ven ett energiknippe som busar loss emellan\u00e5t. Jourhemmet har gjort&hellip;<\/p>\n<p><a class=\"more-link\" href=\"https:\/\/www.djurskyddet.se\/kattfotenhalmstad\/adopterade-katter-2019\/lyko\/\" title=\"Continue reading &lsquo;Lyko&rsquo;\">L&auml;s mer<span class=\"meta-nav\">&raquo;<\/span><\/a><\/p>\n","protected":false},"author":36,"featured_media":0,"parent":8687,"menu_order":0,"comment_status":"closed","ping_status":"closed","template":"page-templates\/left-sidebar.php","meta":{"_acf_changed":false,"footnotes":""},"class_list":["post-8850","page","type-page","status-publish","hentry"],"acf":[],"_links":{"self":[{"href":"https:\/\/www.djurskyddet.se\/kattfotenhalmstad\/wp-json\/wp\/v2\/pages\/8850","targetHints":{"allow":["GET"]}}],"collection":[{"href":"https:\/\/www.djurskyddet.se\/kattfotenhalmstad\/wp-json\/wp\/v2\/pages"}],"about":[{"href":"https:\/\/www.djurskyddet.se\/kattfotenhalmstad\/wp-json\/wp\/v2\/types\/page"}],"author":[{"embeddable":true,"href":"https:\/\/www.djurskyddet.se\/kattfotenhalmstad\/wp-json\/wp\/v2\/users\/36"}],"replies":[{"embeddable":true,"href":"https:\/\/www.djurskyddet.se\/kattfotenhalmstad\/wp-json\/wp\/v2\/comments?post=8850"}],"version-history":[{"count":1,"href":"https:\/\/www.djurskyddet.se\/kattfotenhalmstad\/wp-json\/wp\/v2\/pages\/8850\/revisions"}],"predecessor-version":[{"id":8853,"href":"https:\/\/www.djurskyddet.se\/kattfotenhalmstad\/wp-json\/wp\/v2\/pages\/8850\/revisions\/8853"}],"up":[{"embeddable":true,"href":"https:\/\/www.djurskyddet.se\/kattfotenhalmstad\/wp-json\/wp\/v2\/pages\/8687"}],"wp:attachment":[{"href":"https:\/\/www.djurskyddet.se\/kattfotenhalmstad\/wp-json\/wp\/v2\/media?parent=8850"}],"curies":[{"name":"wp","href":"https:\/\/api.w.org\/{rel}","templated":true}]}}

<p>Kisen hette jag på jourhemmet, numera kallas jag för Lyko. I december 2019 adopterades jag. Det jag allra helst vill är att vara nära min familj, gärna sova under täcket om det går. Jag är social och ska hälsa på allt och alla som kommer hem till oss. En riktig liten goding är jag. Älskar att bli klappad, men är även ett energiknippe som busar loss emellanåt. Jourhemmet har gjort ett sådant fantastiskt jobb med att uppfostra mig!</p>



<ul class="wp-block-gallery columns-2 is-cropped wp-block-gallery-1 is-layout-flex wp-block-gallery-is-layout-flex"><li class="blocks-gallery-item"><figure><img loading="lazy" decoding="async" width="480" height="640" src="https://www.djurskyddet.se/kattfotenhalmstad/wp-content/uploads/sites/35/2020/03/Kisen-1.jpg" alt="" data-id="8851" data-link="https://www.djurskyddet.se/kattfotenhalmstad/?attachment_id=8851" class="wp-image-8851" srcset="https://www.djurskyddet.se/kattfotenhalmstad/wp-content/uploads/sites/35/2020/03/Kisen-1.jpg 480w, https://www.djurskyddet.se/kattfotenhalmstad/wp-content/uploads/sites/35/2020/03/Kisen-1-225x300.jpg 225w, https://www.djurskyddet.se/kattfotenhalmstad/wp-content/uploads/sites/35/2020/03/Kisen-1-400x533.jpg 400w" sizes="auto, (max-width: 480px) 100vw, 480px" /></figure></li><li class="blocks-gallery-item"><figure><img loading="lazy" decoding="async" width="480" height="640" src="https://www.djurskyddet.se/kattfotenhalmstad/wp-content/uploads/sites/35/2020/03/Kisen-2.jpg" alt="" data-id="8852" data-link="https://www.djurskyddet.se/kattfotenhalmstad/?attachment_id=8852" class="wp-image-8852" srcset="https://www.djurskyddet.se/kattfotenhalmstad/wp-content/uploads/sites/35/2020/03/Kisen-2.jpg 480w, https://www.djurskyddet.se/kattfotenhalmstad/wp-content/uploads/sites/35/2020/03/Kisen-2-225x300.jpg 225w, https://www.djurskyddet.se/kattfotenhalmstad/wp-content/uploads/sites/35/2020/03/Kisen-2-400x533.jpg 400w" sizes="auto, (max-width: 480px) 100vw, 480px" /></figure></li></ul>

<p>Kisen hette jag på jourhemmet, numera kallas jag för Lyko. I december 2019 adopterades jag. Det jag allra helst vill är att vara nära min familj, gärna sova under täcket om det går. Jag är social och ska hälsa på allt och alla som kommer hem till oss. En riktig liten goding är jag. Älskar att bli klappad, men är även ett energiknippe som busar loss emellanåt. Jourhemmet har gjort&hellip;</p>
<p><a class="more-link" href="https://www.djurskyddet.se/kattfotenhalmstad/adopterade-katter-2019/lyko/" title="Continue reading &lsquo;Lyko&rsquo;">L&auml;s mer<span class="meta-nav">&raquo;</span></a></p>
