{"id":9065,"date":"2020-04-08T17:15:41","date_gmt":"2020-04-08T17:15:41","guid":{"rendered":"https:\/\/www.djurskyddet.se\/kattfotenhalmstad\/?page_id=9065"},"modified":"2020-04-12T19:06:09","modified_gmt":"2020-04-12T19:06:09","slug":"harry-och-hector","status":"publish","type":"page","link":"https:\/\/www.djurskyddet.se\/kattfotenhalmstad\/adopterade-katter-2019\/harry-och-hector\/","title":{"rendered":"Harry och Hector"},"content":{"rendered":"\n<p>Hej mitt namn \u00e4r Harry och jag \u00e4r svart som natten. I maj 2019 adopterades jag och min kompis Hector. Vi \u00e4r de mysigaste katterna man kan t\u00e4nka sig! Jag \u00e4r som en storebror till Hector. Varje kv\u00e4ll l\u00e4gger vi oss vid fot\u00e4ndan av mattes s\u00e4ng och jag tv\u00e4ttar d\u00e5 Hector. Sedan gosar vi ihop oss och sover. P\u00e5 dagarna \u00e4r vi ute och h\u00e4rjar men kommer alltid hem f\u00f6r att vila och \u00e4ta. Hector \u00e4r lite mer f\u00f6rsiktig av sig, \u00e4r mest kelig med matte. Jag \u00e4r d\u00e4remot kelig med alla!<\/p>\n\n\n\n<ul class=\"wp-block-gallery columns-2 is-cropped wp-block-gallery-1 is-layout-flex wp-block-gallery-is-layout-flex\"><li class=\"blocks-gallery-item\"><figure><img loading=\"lazy\" decoding=\"async\" width=\"373\" height=\"280\" src=\"https:\/\/www.djurskyddet.se\/kattfotenhalmstad\/wp-content\/uploads\/sites\/35\/2020\/04\/Harry-och-Hector-2.jpg\" alt=\"\" data-id=\"9067\" data-link=\"https:\/\/www.djurskyddet.se\/kattfotenhalmstad\/?attachment_id=9067\" class=\"wp-image-9067\" srcset=\"https:\/\/www.djurskyddet.se\/kattfotenhalmstad\/wp-content\/uploads\/sites\/35\/2020\/04\/Harry-och-Hector-2.jpg 373w, https:\/\/www.djurskyddet.se\/kattfotenhalmstad\/wp-content\/uploads\/sites\/35\/2020\/04\/Harry-och-Hector-2-300x225.jpg 300w\" sizes=\"auto, (max-width: 373px) 100vw, 373px\" \/><\/figure><\/li><li class=\"blocks-gallery-item\"><figure><img loading=\"lazy\" decoding=\"async\" width=\"373\" height=\"280\" src=\"https:\/\/www.djurskyddet.se\/kattfotenhalmstad\/wp-content\/uploads\/sites\/35\/2020\/04\/Harry-och-Hector-3.jpg\" alt=\"\" data-id=\"9068\" data-link=\"https:\/\/www.djurskyddet.se\/kattfotenhalmstad\/?attachment_id=9068\" class=\"wp-image-9068\" srcset=\"https:\/\/www.djurskyddet.se\/kattfotenhalmstad\/wp-content\/uploads\/sites\/35\/2020\/04\/Harry-och-Hector-3.jpg 373w, https:\/\/www.djurskyddet.se\/kattfotenhalmstad\/wp-content\/uploads\/sites\/35\/2020\/04\/Harry-och-Hector-3-300x225.jpg 300w\" sizes=\"auto, (max-width: 373px) 100vw, 373px\" \/><\/figure><\/li><\/ul>\n\n\n\n<div class=\"wp-block-image\"><figure class=\"aligncenter\"><img loading=\"lazy\" decoding=\"async\" width=\"280\" height=\"280\" src=\"https:\/\/www.djurskyddet.se\/kattfotenhalmstad\/wp-content\/uploads\/sites\/35\/2020\/04\/Harry-och-Hector-1-1.jpg\" alt=\"\" class=\"wp-image-9272\" srcset=\"https:\/\/www.djurskyddet.se\/kattfotenhalmstad\/wp-content\/uploads\/sites\/35\/2020\/04\/Harry-och-Hector-1-1.jpg 280w, https:\/\/www.djurskyddet.se\/kattfotenhalmstad\/wp-content\/uploads\/sites\/35\/2020\/04\/Harry-och-Hector-1-1-150x150.jpg 150w\" sizes=\"auto, (max-width: 280px) 100vw, 280px\" \/><\/figure><\/div>\n","protected":false},"excerpt":{"rendered":"<p>Hej mitt namn \u00e4r Harry och jag \u00e4r svart som natten. I maj 2019 adopterades jag och min kompis Hector. Vi \u00e4r de mysigaste katterna man kan t\u00e4nka sig! Jag \u00e4r som en storebror till Hector. Varje kv\u00e4ll l\u00e4gger vi oss vid fot\u00e4ndan av mattes s\u00e4ng och jag tv\u00e4ttar d\u00e5 Hector. Sedan gosar vi ihop oss och sover. P\u00e5 dagarna \u00e4r vi ute och h\u00e4rjar men kommer alltid hem f\u00f6r&hellip;<\/p>\n<p><a class=\"more-link\" href=\"https:\/\/www.djurskyddet.se\/kattfotenhalmstad\/adopterade-katter-2019\/harry-och-hector\/\" title=\"Continue reading &lsquo;Harry och Hector&rsquo;\">L&auml;s mer<span class=\"meta-nav\">&raquo;<\/span><\/a><\/p>\n","protected":false},"author":36,"featured_media":0,"parent":8687,"menu_order":0,"comment_status":"closed","ping_status":"closed","template":"page-templates\/left-sidebar.php","meta":{"_acf_changed":false,"footnotes":""},"class_list":["post-9065","page","type-page","status-publish","hentry"],"acf":[],"_links":{"self":[{"href":"https:\/\/www.djurskyddet.se\/kattfotenhalmstad\/wp-json\/wp\/v2\/pages\/9065","targetHints":{"allow":["GET"]}}],"collection":[{"href":"https:\/\/www.djurskyddet.se\/kattfotenhalmstad\/wp-json\/wp\/v2\/pages"}],"about":[{"href":"https:\/\/www.djurskyddet.se\/kattfotenhalmstad\/wp-json\/wp\/v2\/types\/page"}],"author":[{"embeddable":true,"href":"https:\/\/www.djurskyddet.se\/kattfotenhalmstad\/wp-json\/wp\/v2\/users\/36"}],"replies":[{"embeddable":true,"href":"https:\/\/www.djurskyddet.se\/kattfotenhalmstad\/wp-json\/wp\/v2\/comments?post=9065"}],"version-history":[{"count":2,"href":"https:\/\/www.djurskyddet.se\/kattfotenhalmstad\/wp-json\/wp\/v2\/pages\/9065\/revisions"}],"predecessor-version":[{"id":9273,"href":"https:\/\/www.djurskyddet.se\/kattfotenhalmstad\/wp-json\/wp\/v2\/pages\/9065\/revisions\/9273"}],"up":[{"embeddable":true,"href":"https:\/\/www.djurskyddet.se\/kattfotenhalmstad\/wp-json\/wp\/v2\/pages\/8687"}],"wp:attachment":[{"href":"https:\/\/www.djurskyddet.se\/kattfotenhalmstad\/wp-json\/wp\/v2\/media?parent=9065"}],"curies":[{"name":"wp","href":"https:\/\/api.w.org\/{rel}","templated":true}]}}

<p>Hej mitt namn är Harry och jag är svart som natten. I maj 2019 adopterades jag och min kompis Hector. Vi är de mysigaste katterna man kan tänka sig! Jag är som en storebror till Hector. Varje kväll lägger vi oss vid fotändan av mattes säng och jag tvättar då Hector. Sedan gosar vi ihop oss och sover. På dagarna är vi ute och härjar men kommer alltid hem för att vila och äta. Hector är lite mer försiktig av sig, är mest kelig med matte. Jag är däremot kelig med alla!</p>



<ul class="wp-block-gallery columns-2 is-cropped wp-block-gallery-1 is-layout-flex wp-block-gallery-is-layout-flex"><li class="blocks-gallery-item"><figure><img loading="lazy" decoding="async" width="373" height="280" src="https://www.djurskyddet.se/kattfotenhalmstad/wp-content/uploads/sites/35/2020/04/Harry-och-Hector-2.jpg" alt="" data-id="9067" data-link="https://www.djurskyddet.se/kattfotenhalmstad/?attachment_id=9067" class="wp-image-9067" srcset="https://www.djurskyddet.se/kattfotenhalmstad/wp-content/uploads/sites/35/2020/04/Harry-och-Hector-2.jpg 373w, https://www.djurskyddet.se/kattfotenhalmstad/wp-content/uploads/sites/35/2020/04/Harry-och-Hector-2-300x225.jpg 300w" sizes="auto, (max-width: 373px) 100vw, 373px" /></figure></li><li class="blocks-gallery-item"><figure><img loading="lazy" decoding="async" width="373" height="280" src="https://www.djurskyddet.se/kattfotenhalmstad/wp-content/uploads/sites/35/2020/04/Harry-och-Hector-3.jpg" alt="" data-id="9068" data-link="https://www.djurskyddet.se/kattfotenhalmstad/?attachment_id=9068" class="wp-image-9068" srcset="https://www.djurskyddet.se/kattfotenhalmstad/wp-content/uploads/sites/35/2020/04/Harry-och-Hector-3.jpg 373w, https://www.djurskyddet.se/kattfotenhalmstad/wp-content/uploads/sites/35/2020/04/Harry-och-Hector-3-300x225.jpg 300w" sizes="auto, (max-width: 373px) 100vw, 373px" /></figure></li></ul>



<div class="wp-block-image"><figure class="aligncenter"><img loading="lazy" decoding="async" width="280" height="280" src="https://www.djurskyddet.se/kattfotenhalmstad/wp-content/uploads/sites/35/2020/04/Harry-och-Hector-1-1.jpg" alt="" class="wp-image-9272" srcset="https://www.djurskyddet.se/kattfotenhalmstad/wp-content/uploads/sites/35/2020/04/Harry-och-Hector-1-1.jpg 280w, https://www.djurskyddet.se/kattfotenhalmstad/wp-content/uploads/sites/35/2020/04/Harry-och-Hector-1-1-150x150.jpg 150w" sizes="auto, (max-width: 280px) 100vw, 280px" /></figure></div>

<p>Hej mitt namn är Harry och jag är svart som natten. I maj 2019 adopterades jag och min kompis Hector. Vi är de mysigaste katterna man kan tänka sig! Jag är som en storebror till Hector. Varje kväll lägger vi oss vid fotändan av mattes säng och jag tvättar då Hector. Sedan gosar vi ihop oss och sover. På dagarna är vi ute och härjar men kommer alltid hem för&hellip;</p>
<p><a class="more-link" href="https://www.djurskyddet.se/kattfotenhalmstad/adopterade-katter-2019/harry-och-hector/" title="Continue reading &lsquo;Harry och Hector&rsquo;">L&auml;s mer<span class="meta-nav">&raquo;</span></a></p>
