{"id":9129,"date":"2020-04-09T13:59:21","date_gmt":"2020-04-09T13:59:21","guid":{"rendered":"https:\/\/www.djurskyddet.se\/kattfotenhalmstad\/?page_id=9129"},"modified":"2020-04-09T13:59:22","modified_gmt":"2020-04-09T13:59:22","slug":"hedvig","status":"publish","type":"page","link":"https:\/\/www.djurskyddet.se\/kattfotenhalmstad\/adopterade-katter-2019\/hedvig\/","title":{"rendered":"Hedvig"},"content":{"rendered":"\n<p>Hej! Jag heter Hedvig och jag \u00e4r 1 \u00e5r gammal. Jag blev adopterad i april 2019. Min matte hade praktik p\u00e5 katthemmet och redan under f\u00f6rsta dagen hon var h\u00e4r s\u00e5 lyckades jag f\u00e5nga hennes hj\u00e4rta. Hon lekte med mig och mina syskon varje dag och efter en m\u00e5nad n\u00e4r hennes praktik slutade s\u00e5 fick jag f\u00f6lja med henne hem till Ystad. Det var v\u00e4ldigt l\u00e4skigt att \u00e5ka bil s\u00e5 l\u00e4nge men n\u00e4r jag kom till mitt nya hem s\u00e5 fanns allt jag beh\u00f6vde. Jag bor p\u00e5 en g\u00e5rd d\u00e4r jag f\u00e5r springa runt var jag vill och jag f\u00e5r o\u00e4ndligt med k\u00e4rlek av matte och hennes f\u00f6r\u00e4ldrar. Jag \u00e4r en f\u00f6rsiktig flicka och n\u00e4r matte \u00e4r i n\u00e4rheten s\u00e5 h\u00e5ller jag mig helst till henne. Kramar till katthemmet fr\u00e5n Hedvig och Julia!<\/p>\n\n\n\n<ul class=\"wp-block-gallery columns-2 is-cropped wp-block-gallery-1 is-layout-flex wp-block-gallery-is-layout-flex\"><li class=\"blocks-gallery-item\"><figure><img loading=\"lazy\" decoding=\"async\" width=\"280\" height=\"497\" src=\"https:\/\/www.djurskyddet.se\/kattfotenhalmstad\/wp-content\/uploads\/sites\/35\/2020\/04\/Hedvig-5.jpg\" alt=\"\" data-id=\"9134\" data-link=\"https:\/\/www.djurskyddet.se\/kattfotenhalmstad\/?attachment_id=9134\" class=\"wp-image-9134\" srcset=\"https:\/\/www.djurskyddet.se\/kattfotenhalmstad\/wp-content\/uploads\/sites\/35\/2020\/04\/Hedvig-5.jpg 280w, https:\/\/www.djurskyddet.se\/kattfotenhalmstad\/wp-content\/uploads\/sites\/35\/2020\/04\/Hedvig-5-169x300.jpg 169w\" sizes=\"auto, (max-width: 280px) 100vw, 280px\" \/><\/figure><\/li><li class=\"blocks-gallery-item\"><figure><img loading=\"lazy\" decoding=\"async\" width=\"280\" height=\"373\" src=\"https:\/\/www.djurskyddet.se\/kattfotenhalmstad\/wp-content\/uploads\/sites\/35\/2020\/04\/Hedvig-4.jpg\" alt=\"\" data-id=\"9133\" data-link=\"https:\/\/www.djurskyddet.se\/kattfotenhalmstad\/?attachment_id=9133\" class=\"wp-image-9133\" srcset=\"https:\/\/www.djurskyddet.se\/kattfotenhalmstad\/wp-content\/uploads\/sites\/35\/2020\/04\/Hedvig-4.jpg 280w, https:\/\/www.djurskyddet.se\/kattfotenhalmstad\/wp-content\/uploads\/sites\/35\/2020\/04\/Hedvig-4-225x300.jpg 225w\" sizes=\"auto, (max-width: 280px) 100vw, 280px\" \/><\/figure><\/li><li class=\"blocks-gallery-item\"><figure><img loading=\"lazy\" decoding=\"async\" width=\"280\" height=\"373\" src=\"https:\/\/www.djurskyddet.se\/kattfotenhalmstad\/wp-content\/uploads\/sites\/35\/2020\/04\/Hedvig-3.jpg\" alt=\"\" data-id=\"9132\" data-link=\"https:\/\/www.djurskyddet.se\/kattfotenhalmstad\/?attachment_id=9132\" class=\"wp-image-9132\" srcset=\"https:\/\/www.djurskyddet.se\/kattfotenhalmstad\/wp-content\/uploads\/sites\/35\/2020\/04\/Hedvig-3.jpg 280w, https:\/\/www.djurskyddet.se\/kattfotenhalmstad\/wp-content\/uploads\/sites\/35\/2020\/04\/Hedvig-3-225x300.jpg 225w\" sizes=\"auto, (max-width: 280px) 100vw, 280px\" \/><\/figure><\/li><li class=\"blocks-gallery-item\"><figure><img loading=\"lazy\" decoding=\"async\" width=\"480\" height=\"640\" src=\"https:\/\/www.djurskyddet.se\/kattfotenhalmstad\/wp-content\/uploads\/sites\/35\/2020\/04\/Hedvig-2.jpg\" alt=\"\" data-id=\"9131\" data-link=\"https:\/\/www.djurskyddet.se\/kattfotenhalmstad\/?attachment_id=9131\" class=\"wp-image-9131\" srcset=\"https:\/\/www.djurskyddet.se\/kattfotenhalmstad\/wp-content\/uploads\/sites\/35\/2020\/04\/Hedvig-2.jpg 480w, https:\/\/www.djurskyddet.se\/kattfotenhalmstad\/wp-content\/uploads\/sites\/35\/2020\/04\/Hedvig-2-225x300.jpg 225w, https:\/\/www.djurskyddet.se\/kattfotenhalmstad\/wp-content\/uploads\/sites\/35\/2020\/04\/Hedvig-2-400x533.jpg 400w\" sizes=\"auto, (max-width: 480px) 100vw, 480px\" \/><\/figure><\/li><li class=\"blocks-gallery-item\"><figure><img loading=\"lazy\" decoding=\"async\" width=\"480\" height=\"640\" src=\"https:\/\/www.djurskyddet.se\/kattfotenhalmstad\/wp-content\/uploads\/sites\/35\/2020\/04\/Hedvig-1.jpg\" alt=\"\" data-id=\"9130\" data-link=\"https:\/\/www.djurskyddet.se\/kattfotenhalmstad\/?attachment_id=9130\" class=\"wp-image-9130\" srcset=\"https:\/\/www.djurskyddet.se\/kattfotenhalmstad\/wp-content\/uploads\/sites\/35\/2020\/04\/Hedvig-1.jpg 480w, https:\/\/www.djurskyddet.se\/kattfotenhalmstad\/wp-content\/uploads\/sites\/35\/2020\/04\/Hedvig-1-225x300.jpg 225w, https:\/\/www.djurskyddet.se\/kattfotenhalmstad\/wp-content\/uploads\/sites\/35\/2020\/04\/Hedvig-1-400x533.jpg 400w\" sizes=\"auto, (max-width: 480px) 100vw, 480px\" \/><\/figure><\/li><\/ul>\n","protected":false},"excerpt":{"rendered":"<p>Hej! Jag heter Hedvig och jag \u00e4r 1 \u00e5r gammal. Jag blev adopterad i april 2019. Min matte hade praktik p\u00e5 katthemmet och redan under f\u00f6rsta dagen hon var h\u00e4r s\u00e5 lyckades jag f\u00e5nga hennes hj\u00e4rta. Hon lekte med mig och mina syskon varje dag och efter en m\u00e5nad n\u00e4r hennes praktik slutade s\u00e5 fick jag f\u00f6lja med henne hem till Ystad. Det var v\u00e4ldigt l\u00e4skigt att \u00e5ka bil s\u00e5&hellip;<\/p>\n<p><a class=\"more-link\" href=\"https:\/\/www.djurskyddet.se\/kattfotenhalmstad\/adopterade-katter-2019\/hedvig\/\" title=\"Continue reading &lsquo;Hedvig&rsquo;\">L&auml;s mer<span class=\"meta-nav\">&raquo;<\/span><\/a><\/p>\n","protected":false},"author":36,"featured_media":0,"parent":8687,"menu_order":0,"comment_status":"closed","ping_status":"closed","template":"page-templates\/left-sidebar.php","meta":{"_acf_changed":false,"footnotes":""},"class_list":["post-9129","page","type-page","status-publish","hentry"],"acf":[],"_links":{"self":[{"href":"https:\/\/www.djurskyddet.se\/kattfotenhalmstad\/wp-json\/wp\/v2\/pages\/9129","targetHints":{"allow":["GET"]}}],"collection":[{"href":"https:\/\/www.djurskyddet.se\/kattfotenhalmstad\/wp-json\/wp\/v2\/pages"}],"about":[{"href":"https:\/\/www.djurskyddet.se\/kattfotenhalmstad\/wp-json\/wp\/v2\/types\/page"}],"author":[{"embeddable":true,"href":"https:\/\/www.djurskyddet.se\/kattfotenhalmstad\/wp-json\/wp\/v2\/users\/36"}],"replies":[{"embeddable":true,"href":"https:\/\/www.djurskyddet.se\/kattfotenhalmstad\/wp-json\/wp\/v2\/comments?post=9129"}],"version-history":[{"count":1,"href":"https:\/\/www.djurskyddet.se\/kattfotenhalmstad\/wp-json\/wp\/v2\/pages\/9129\/revisions"}],"predecessor-version":[{"id":9135,"href":"https:\/\/www.djurskyddet.se\/kattfotenhalmstad\/wp-json\/wp\/v2\/pages\/9129\/revisions\/9135"}],"up":[{"embeddable":true,"href":"https:\/\/www.djurskyddet.se\/kattfotenhalmstad\/wp-json\/wp\/v2\/pages\/8687"}],"wp:attachment":[{"href":"https:\/\/www.djurskyddet.se\/kattfotenhalmstad\/wp-json\/wp\/v2\/media?parent=9129"}],"curies":[{"name":"wp","href":"https:\/\/api.w.org\/{rel}","templated":true}]}}

<p>Hej! Jag heter Hedvig och jag är 1 år gammal. Jag blev adopterad i april 2019. Min matte hade praktik på katthemmet och redan under första dagen hon var här så lyckades jag fånga hennes hjärta. Hon lekte med mig och mina syskon varje dag och efter en månad när hennes praktik slutade så fick jag följa med henne hem till Ystad. Det var väldigt läskigt att åka bil så länge men när jag kom till mitt nya hem så fanns allt jag behövde. Jag bor på en gård där jag får springa runt var jag vill och jag får oändligt med kärlek av matte och hennes föräldrar. Jag är en försiktig flicka och när matte är i närheten så håller jag mig helst till henne. Kramar till katthemmet från Hedvig och Julia!</p>



<ul class="wp-block-gallery columns-2 is-cropped wp-block-gallery-1 is-layout-flex wp-block-gallery-is-layout-flex"><li class="blocks-gallery-item"><figure><img loading="lazy" decoding="async" width="280" height="497" src="https://www.djurskyddet.se/kattfotenhalmstad/wp-content/uploads/sites/35/2020/04/Hedvig-5.jpg" alt="" data-id="9134" data-link="https://www.djurskyddet.se/kattfotenhalmstad/?attachment_id=9134" class="wp-image-9134" srcset="https://www.djurskyddet.se/kattfotenhalmstad/wp-content/uploads/sites/35/2020/04/Hedvig-5.jpg 280w, https://www.djurskyddet.se/kattfotenhalmstad/wp-content/uploads/sites/35/2020/04/Hedvig-5-169x300.jpg 169w" sizes="auto, (max-width: 280px) 100vw, 280px" /></figure></li><li class="blocks-gallery-item"><figure><img loading="lazy" decoding="async" width="280" height="373" src="https://www.djurskyddet.se/kattfotenhalmstad/wp-content/uploads/sites/35/2020/04/Hedvig-4.jpg" alt="" data-id="9133" data-link="https://www.djurskyddet.se/kattfotenhalmstad/?attachment_id=9133" class="wp-image-9133" srcset="https://www.djurskyddet.se/kattfotenhalmstad/wp-content/uploads/sites/35/2020/04/Hedvig-4.jpg 280w, https://www.djurskyddet.se/kattfotenhalmstad/wp-content/uploads/sites/35/2020/04/Hedvig-4-225x300.jpg 225w" sizes="auto, (max-width: 280px) 100vw, 280px" /></figure></li><li class="blocks-gallery-item"><figure><img loading="lazy" decoding="async" width="280" height="373" src="https://www.djurskyddet.se/kattfotenhalmstad/wp-content/uploads/sites/35/2020/04/Hedvig-3.jpg" alt="" data-id="9132" data-link="https://www.djurskyddet.se/kattfotenhalmstad/?attachment_id=9132" class="wp-image-9132" srcset="https://www.djurskyddet.se/kattfotenhalmstad/wp-content/uploads/sites/35/2020/04/Hedvig-3.jpg 280w, https://www.djurskyddet.se/kattfotenhalmstad/wp-content/uploads/sites/35/2020/04/Hedvig-3-225x300.jpg 225w" sizes="auto, (max-width: 280px) 100vw, 280px" /></figure></li><li class="blocks-gallery-item"><figure><img loading="lazy" decoding="async" width="480" height="640" src="https://www.djurskyddet.se/kattfotenhalmstad/wp-content/uploads/sites/35/2020/04/Hedvig-2.jpg" alt="" data-id="9131" data-link="https://www.djurskyddet.se/kattfotenhalmstad/?attachment_id=9131" class="wp-image-9131" srcset="https://www.djurskyddet.se/kattfotenhalmstad/wp-content/uploads/sites/35/2020/04/Hedvig-2.jpg 480w, https://www.djurskyddet.se/kattfotenhalmstad/wp-content/uploads/sites/35/2020/04/Hedvig-2-225x300.jpg 225w, https://www.djurskyddet.se/kattfotenhalmstad/wp-content/uploads/sites/35/2020/04/Hedvig-2-400x533.jpg 400w" sizes="auto, (max-width: 480px) 100vw, 480px" /></figure></li><li class="blocks-gallery-item"><figure><img loading="lazy" decoding="async" width="480" height="640" src="https://www.djurskyddet.se/kattfotenhalmstad/wp-content/uploads/sites/35/2020/04/Hedvig-1.jpg" alt="" data-id="9130" data-link="https://www.djurskyddet.se/kattfotenhalmstad/?attachment_id=9130" class="wp-image-9130" srcset="https://www.djurskyddet.se/kattfotenhalmstad/wp-content/uploads/sites/35/2020/04/Hedvig-1.jpg 480w, https://www.djurskyddet.se/kattfotenhalmstad/wp-content/uploads/sites/35/2020/04/Hedvig-1-225x300.jpg 225w, https://www.djurskyddet.se/kattfotenhalmstad/wp-content/uploads/sites/35/2020/04/Hedvig-1-400x533.jpg 400w" sizes="auto, (max-width: 480px) 100vw, 480px" /></figure></li></ul>

<p>Hej! Jag heter Hedvig och jag är 1 år gammal. Jag blev adopterad i april 2019. Min matte hade praktik på katthemmet och redan under första dagen hon var här så lyckades jag fånga hennes hjärta. Hon lekte med mig och mina syskon varje dag och efter en månad när hennes praktik slutade så fick jag följa med henne hem till Ystad. Det var väldigt läskigt att åka bil så&hellip;</p>
<p><a class="more-link" href="https://www.djurskyddet.se/kattfotenhalmstad/adopterade-katter-2019/hedvig/" title="Continue reading &lsquo;Hedvig&rsquo;">L&auml;s mer<span class="meta-nav">&raquo;</span></a></p>
