{"id":9187,"date":"2020-04-12T17:03:17","date_gmt":"2020-04-12T17:03:17","guid":{"rendered":"https:\/\/www.djurskyddet.se\/kattfotenhalmstad\/?page_id=9187"},"modified":"2020-04-12T17:03:18","modified_gmt":"2020-04-12T17:03:18","slug":"luna","status":"publish","type":"page","link":"https:\/\/www.djurskyddet.se\/kattfotenhalmstad\/adopterade-katter-2019\/luna\/","title":{"rendered":"Luna"},"content":{"rendered":"\n<p> Mitt namn \u00e4r Luna, p\u00e5 katthemmet hette jag Ellen. Jag adopterades i februari 2019 och lever nu loppan tillsammans med min storebror som ger mig massor av bad och bus varje dag. Nedan kan ni se en bild p\u00e5 hur jag s\u00e5g ut dagen min familj h\u00e4mtade mig och sen andra bilder som visar hur mycket jag har v\u00e4xt och utvecklats under \u00e5rets g\u00e5ng. Mitt f\u00f6r alltid hem vill tacka f\u00f6r allt fina arbete som Kattfotens katthem g\u00f6r och f\u00f6r att de fick chansen att adoptera mig, deras lilla busfr\u00f6!<\/p>\n\n\n\n<ul class=\"wp-block-gallery columns-2 is-cropped wp-block-gallery-1 is-layout-flex wp-block-gallery-is-layout-flex\"><li class=\"blocks-gallery-item\"><figure><img loading=\"lazy\" decoding=\"async\" width=\"373\" height=\"280\" src=\"https:\/\/www.djurskyddet.se\/kattfotenhalmstad\/wp-content\/uploads\/sites\/35\/2020\/04\/Luna-0.jpg\" alt=\"\" data-id=\"9188\" data-link=\"https:\/\/www.djurskyddet.se\/kattfotenhalmstad\/?attachment_id=9188\" class=\"wp-image-9188\" srcset=\"https:\/\/www.djurskyddet.se\/kattfotenhalmstad\/wp-content\/uploads\/sites\/35\/2020\/04\/Luna-0.jpg 373w, https:\/\/www.djurskyddet.se\/kattfotenhalmstad\/wp-content\/uploads\/sites\/35\/2020\/04\/Luna-0-300x225.jpg 300w\" sizes=\"auto, (max-width: 373px) 100vw, 373px\" \/><\/figure><\/li><li class=\"blocks-gallery-item\"><figure><img loading=\"lazy\" decoding=\"async\" width=\"280\" height=\"420\" src=\"https:\/\/www.djurskyddet.se\/kattfotenhalmstad\/wp-content\/uploads\/sites\/35\/2020\/04\/Luna-1.jpg\" alt=\"\" data-id=\"9189\" data-link=\"https:\/\/www.djurskyddet.se\/kattfotenhalmstad\/?attachment_id=9189\" class=\"wp-image-9189\" srcset=\"https:\/\/www.djurskyddet.se\/kattfotenhalmstad\/wp-content\/uploads\/sites\/35\/2020\/04\/Luna-1.jpg 280w, https:\/\/www.djurskyddet.se\/kattfotenhalmstad\/wp-content\/uploads\/sites\/35\/2020\/04\/Luna-1-200x300.jpg 200w\" sizes=\"auto, (max-width: 280px) 100vw, 280px\" \/><\/figure><\/li><li class=\"blocks-gallery-item\"><figure><img loading=\"lazy\" decoding=\"async\" width=\"280\" height=\"420\" src=\"https:\/\/www.djurskyddet.se\/kattfotenhalmstad\/wp-content\/uploads\/sites\/35\/2020\/04\/Luna-2.jpg\" alt=\"\" data-id=\"9190\" data-link=\"https:\/\/www.djurskyddet.se\/kattfotenhalmstad\/?attachment_id=9190\" class=\"wp-image-9190\" srcset=\"https:\/\/www.djurskyddet.se\/kattfotenhalmstad\/wp-content\/uploads\/sites\/35\/2020\/04\/Luna-2.jpg 280w, https:\/\/www.djurskyddet.se\/kattfotenhalmstad\/wp-content\/uploads\/sites\/35\/2020\/04\/Luna-2-200x300.jpg 200w\" sizes=\"auto, (max-width: 280px) 100vw, 280px\" \/><\/figure><\/li><li class=\"blocks-gallery-item\"><figure><img loading=\"lazy\" decoding=\"async\" width=\"280\" height=\"420\" src=\"https:\/\/www.djurskyddet.se\/kattfotenhalmstad\/wp-content\/uploads\/sites\/35\/2020\/04\/Luna-3.jpg\" alt=\"\" data-id=\"9191\" data-link=\"https:\/\/www.djurskyddet.se\/kattfotenhalmstad\/?attachment_id=9191\" class=\"wp-image-9191\" srcset=\"https:\/\/www.djurskyddet.se\/kattfotenhalmstad\/wp-content\/uploads\/sites\/35\/2020\/04\/Luna-3.jpg 280w, https:\/\/www.djurskyddet.se\/kattfotenhalmstad\/wp-content\/uploads\/sites\/35\/2020\/04\/Luna-3-200x300.jpg 200w\" sizes=\"auto, (max-width: 280px) 100vw, 280px\" \/><\/figure><\/li><\/ul>\n","protected":false},"excerpt":{"rendered":"<p>Mitt namn \u00e4r Luna, p\u00e5 katthemmet hette jag Ellen. Jag adopterades i februari 2019 och lever nu loppan tillsammans med min storebror som ger mig massor av bad och bus varje dag. Nedan kan ni se en bild p\u00e5 hur jag s\u00e5g ut dagen min familj h\u00e4mtade mig och sen andra bilder som visar hur mycket jag har v\u00e4xt och utvecklats under \u00e5rets g\u00e5ng. Mitt f\u00f6r alltid hem vill tacka&hellip;<\/p>\n<p><a class=\"more-link\" href=\"https:\/\/www.djurskyddet.se\/kattfotenhalmstad\/adopterade-katter-2019\/luna\/\" title=\"Continue reading &lsquo;Luna&rsquo;\">L&auml;s mer<span class=\"meta-nav\">&raquo;<\/span><\/a><\/p>\n","protected":false},"author":36,"featured_media":0,"parent":8687,"menu_order":0,"comment_status":"closed","ping_status":"closed","template":"page-templates\/left-sidebar.php","meta":{"_acf_changed":false,"footnotes":""},"class_list":["post-9187","page","type-page","status-publish","hentry"],"acf":[],"_links":{"self":[{"href":"https:\/\/www.djurskyddet.se\/kattfotenhalmstad\/wp-json\/wp\/v2\/pages\/9187","targetHints":{"allow":["GET"]}}],"collection":[{"href":"https:\/\/www.djurskyddet.se\/kattfotenhalmstad\/wp-json\/wp\/v2\/pages"}],"about":[{"href":"https:\/\/www.djurskyddet.se\/kattfotenhalmstad\/wp-json\/wp\/v2\/types\/page"}],"author":[{"embeddable":true,"href":"https:\/\/www.djurskyddet.se\/kattfotenhalmstad\/wp-json\/wp\/v2\/users\/36"}],"replies":[{"embeddable":true,"href":"https:\/\/www.djurskyddet.se\/kattfotenhalmstad\/wp-json\/wp\/v2\/comments?post=9187"}],"version-history":[{"count":1,"href":"https:\/\/www.djurskyddet.se\/kattfotenhalmstad\/wp-json\/wp\/v2\/pages\/9187\/revisions"}],"predecessor-version":[{"id":9192,"href":"https:\/\/www.djurskyddet.se\/kattfotenhalmstad\/wp-json\/wp\/v2\/pages\/9187\/revisions\/9192"}],"up":[{"embeddable":true,"href":"https:\/\/www.djurskyddet.se\/kattfotenhalmstad\/wp-json\/wp\/v2\/pages\/8687"}],"wp:attachment":[{"href":"https:\/\/www.djurskyddet.se\/kattfotenhalmstad\/wp-json\/wp\/v2\/media?parent=9187"}],"curies":[{"name":"wp","href":"https:\/\/api.w.org\/{rel}","templated":true}]}}

<p> Mitt namn är Luna, på katthemmet hette jag Ellen. Jag adopterades i februari 2019 och lever nu loppan tillsammans med min storebror som ger mig massor av bad och bus varje dag. Nedan kan ni se en bild på hur jag såg ut dagen min familj hämtade mig och sen andra bilder som visar hur mycket jag har växt och utvecklats under årets gång. Mitt för alltid hem vill tacka för allt fina arbete som Kattfotens katthem gör och för att de fick chansen att adoptera mig, deras lilla busfrö!</p>



<ul class="wp-block-gallery columns-2 is-cropped wp-block-gallery-1 is-layout-flex wp-block-gallery-is-layout-flex"><li class="blocks-gallery-item"><figure><img loading="lazy" decoding="async" width="373" height="280" src="https://www.djurskyddet.se/kattfotenhalmstad/wp-content/uploads/sites/35/2020/04/Luna-0.jpg" alt="" data-id="9188" data-link="https://www.djurskyddet.se/kattfotenhalmstad/?attachment_id=9188" class="wp-image-9188" srcset="https://www.djurskyddet.se/kattfotenhalmstad/wp-content/uploads/sites/35/2020/04/Luna-0.jpg 373w, https://www.djurskyddet.se/kattfotenhalmstad/wp-content/uploads/sites/35/2020/04/Luna-0-300x225.jpg 300w" sizes="auto, (max-width: 373px) 100vw, 373px" /></figure></li><li class="blocks-gallery-item"><figure><img loading="lazy" decoding="async" width="280" height="420" src="https://www.djurskyddet.se/kattfotenhalmstad/wp-content/uploads/sites/35/2020/04/Luna-1.jpg" alt="" data-id="9189" data-link="https://www.djurskyddet.se/kattfotenhalmstad/?attachment_id=9189" class="wp-image-9189" srcset="https://www.djurskyddet.se/kattfotenhalmstad/wp-content/uploads/sites/35/2020/04/Luna-1.jpg 280w, https://www.djurskyddet.se/kattfotenhalmstad/wp-content/uploads/sites/35/2020/04/Luna-1-200x300.jpg 200w" sizes="auto, (max-width: 280px) 100vw, 280px" /></figure></li><li class="blocks-gallery-item"><figure><img loading="lazy" decoding="async" width="280" height="420" src="https://www.djurskyddet.se/kattfotenhalmstad/wp-content/uploads/sites/35/2020/04/Luna-2.jpg" alt="" data-id="9190" data-link="https://www.djurskyddet.se/kattfotenhalmstad/?attachment_id=9190" class="wp-image-9190" srcset="https://www.djurskyddet.se/kattfotenhalmstad/wp-content/uploads/sites/35/2020/04/Luna-2.jpg 280w, https://www.djurskyddet.se/kattfotenhalmstad/wp-content/uploads/sites/35/2020/04/Luna-2-200x300.jpg 200w" sizes="auto, (max-width: 280px) 100vw, 280px" /></figure></li><li class="blocks-gallery-item"><figure><img loading="lazy" decoding="async" width="280" height="420" src="https://www.djurskyddet.se/kattfotenhalmstad/wp-content/uploads/sites/35/2020/04/Luna-3.jpg" alt="" data-id="9191" data-link="https://www.djurskyddet.se/kattfotenhalmstad/?attachment_id=9191" class="wp-image-9191" srcset="https://www.djurskyddet.se/kattfotenhalmstad/wp-content/uploads/sites/35/2020/04/Luna-3.jpg 280w, https://www.djurskyddet.se/kattfotenhalmstad/wp-content/uploads/sites/35/2020/04/Luna-3-200x300.jpg 200w" sizes="auto, (max-width: 280px) 100vw, 280px" /></figure></li></ul>

<p>Mitt namn är Luna, på katthemmet hette jag Ellen. Jag adopterades i februari 2019 och lever nu loppan tillsammans med min storebror som ger mig massor av bad och bus varje dag. Nedan kan ni se en bild på hur jag såg ut dagen min familj hämtade mig och sen andra bilder som visar hur mycket jag har växt och utvecklats under årets gång. Mitt för alltid hem vill tacka&hellip;</p>
<p><a class="more-link" href="https://www.djurskyddet.se/kattfotenhalmstad/adopterade-katter-2019/luna/" title="Continue reading &lsquo;Luna&rsquo;">L&auml;s mer<span class="meta-nav">&raquo;</span></a></p>
