{"id":9391,"date":"2020-04-21T19:26:19","date_gmt":"2020-04-21T19:26:19","guid":{"rendered":"https:\/\/www.djurskyddet.se\/kattfotenhalmstad\/?page_id=9391"},"modified":"2020-04-21T19:30:24","modified_gmt":"2020-04-21T19:30:24","slug":"alex-och-mans","status":"publish","type":"page","link":"https:\/\/www.djurskyddet.se\/kattfotenhalmstad\/lyckligt-slut-2\/adopterade-katter-2014\/alex-och-mans\/","title":{"rendered":"Alex och M\u00e5ns"},"content":{"rendered":"\n<p>Mitt namn \u00e4r Alex och jag adopterades vid nio\u00e5rs\u00e5ldern tillsammans med min b\u00e4sta v\u00e4n M\u00e5ns. P\u00e5 katthemmet sa de att jag var en tonkines, en blandning mellan siames och burma. Jag \u00e4lskade att kramas och l\u00e5g g\u00e4rna med mitt huvud vilande p\u00e5 min mattes axel medan hon bar runt p\u00e5 mig. Hon tyckte jag var som en liten m\u00e4nniska i en katts kropp, v\u00e4ldigt f\u00f6rst\u00e5ndig och intellektuell. Tyv\u00e4rr blev jag sjuk 2017 och fick somna in. Idag vilar jag bredvid min b\u00e4sta kompis M\u00e5ns och har till och med blivit f\u00f6revigad som tatuering. <\/p>\n\n\n\n<p>Min kompis M\u00e5ns var i sex\u00e5rs\u00e5ldern n\u00e4r vi adopterades. Min nya matte hade inte riktigt sett honom i sin fulla prakt eftersom han l\u00e5g och tryckte i en hylla n\u00e4r hon var och h\u00e4lsade p\u00e5. Det var inte f\u00f6rr\u00e4n hon sl\u00e4ppte ut M\u00e5ns ur transportburen i v\u00e5rt nya hem som hon s\u00e5g hur stor han verkligen var (10 kg!). M\u00e5ns var en underbart sn\u00e4ll och kelig katt som trots sin storlek var blyg och f\u00f6rsiktig. Tyv\u00e4rr gick han bort i sviterna av fettlever 2015. Han ligger idag begravd bredvid mig. <\/p>\n\n\n\n<div class=\"wp-block-image\"><figure class=\"aligncenter\"><img loading=\"lazy\" decoding=\"async\" width=\"373\" height=\"280\" src=\"https:\/\/www.djurskyddet.se\/kattfotenhalmstad\/wp-content\/uploads\/sites\/35\/2020\/04\/Alex-och-M\u00e5ns.jpg\" alt=\"\" class=\"wp-image-9400\" srcset=\"https:\/\/www.djurskyddet.se\/kattfotenhalmstad\/wp-content\/uploads\/sites\/35\/2020\/04\/Alex-och-M\u00e5ns.jpg 373w, https:\/\/www.djurskyddet.se\/kattfotenhalmstad\/wp-content\/uploads\/sites\/35\/2020\/04\/Alex-och-M\u00e5ns-300x225.jpg 300w\" sizes=\"auto, (max-width: 373px) 100vw, 373px\" \/><\/figure><\/div>\n\n\n\n<ul class=\"wp-block-gallery columns-2 is-cropped wp-block-gallery-1 is-layout-flex wp-block-gallery-is-layout-flex\"><li class=\"blocks-gallery-item\"><figure><img loading=\"lazy\" decoding=\"async\" width=\"284\" height=\"280\" src=\"https:\/\/www.djurskyddet.se\/kattfotenhalmstad\/wp-content\/uploads\/sites\/35\/2020\/04\/Alex-1.jpg\" alt=\"\" data-id=\"9395\" data-link=\"https:\/\/www.djurskyddet.se\/kattfotenhalmstad\/?attachment_id=9395\" class=\"wp-image-9395\" \/><\/figure><\/li><li class=\"blocks-gallery-item\"><figure><img loading=\"lazy\" decoding=\"async\" width=\"281\" height=\"280\" src=\"https:\/\/www.djurskyddet.se\/kattfotenhalmstad\/wp-content\/uploads\/sites\/35\/2020\/04\/Alex-2.jpg\" alt=\"\" data-id=\"9396\" data-link=\"https:\/\/www.djurskyddet.se\/kattfotenhalmstad\/?attachment_id=9396\" class=\"wp-image-9396\" srcset=\"https:\/\/www.djurskyddet.se\/kattfotenhalmstad\/wp-content\/uploads\/sites\/35\/2020\/04\/Alex-2.jpg 281w, https:\/\/www.djurskyddet.se\/kattfotenhalmstad\/wp-content\/uploads\/sites\/35\/2020\/04\/Alex-2-150x150.jpg 150w\" sizes=\"auto, (max-width: 281px) 100vw, 281px\" \/><\/figure><\/li><li class=\"blocks-gallery-item\"><figure><img loading=\"lazy\" decoding=\"async\" width=\"280\" height=\"280\" src=\"https:\/\/www.djurskyddet.se\/kattfotenhalmstad\/wp-content\/uploads\/sites\/35\/2020\/04\/Alex-3.jpg\" alt=\"\" data-id=\"9397\" data-link=\"https:\/\/www.djurskyddet.se\/kattfotenhalmstad\/?attachment_id=9397\" class=\"wp-image-9397\" srcset=\"https:\/\/www.djurskyddet.se\/kattfotenhalmstad\/wp-content\/uploads\/sites\/35\/2020\/04\/Alex-3.jpg 280w, https:\/\/www.djurskyddet.se\/kattfotenhalmstad\/wp-content\/uploads\/sites\/35\/2020\/04\/Alex-3-150x150.jpg 150w\" sizes=\"auto, (max-width: 280px) 100vw, 280px\" \/><\/figure><\/li><li class=\"blocks-gallery-item\"><figure><img loading=\"lazy\" decoding=\"async\" width=\"278\" height=\"339\" src=\"https:\/\/www.djurskyddet.se\/kattfotenhalmstad\/wp-content\/uploads\/sites\/35\/2020\/04\/Alex-blivit-tatuering.jpg\" alt=\"\" data-id=\"9398\" data-link=\"https:\/\/www.djurskyddet.se\/kattfotenhalmstad\/?attachment_id=9398\" class=\"wp-image-9398\" srcset=\"https:\/\/www.djurskyddet.se\/kattfotenhalmstad\/wp-content\/uploads\/sites\/35\/2020\/04\/Alex-blivit-tatuering.jpg 278w, https:\/\/www.djurskyddet.se\/kattfotenhalmstad\/wp-content\/uploads\/sites\/35\/2020\/04\/Alex-blivit-tatuering-246x300.jpg 246w\" sizes=\"auto, (max-width: 278px) 100vw, 278px\" \/><\/figure><\/li><\/ul>\n\n\n\n<div class=\"wp-block-image\"><figure class=\"aligncenter\"><img loading=\"lazy\" decoding=\"async\" width=\"374\" height=\"280\" src=\"https:\/\/www.djurskyddet.se\/kattfotenhalmstad\/wp-content\/uploads\/sites\/35\/2020\/04\/M\u00e5ns-2.jpg\" alt=\"\" class=\"wp-image-9402\" srcset=\"https:\/\/www.djurskyddet.se\/kattfotenhalmstad\/wp-content\/uploads\/sites\/35\/2020\/04\/M\u00e5ns-2.jpg 374w, https:\/\/www.djurskyddet.se\/kattfotenhalmstad\/wp-content\/uploads\/sites\/35\/2020\/04\/M\u00e5ns-2-300x225.jpg 300w\" sizes=\"auto, (max-width: 374px) 100vw, 374px\" \/><\/figure><\/div>\n\n\n\n<ul class=\"wp-block-gallery columns-2 is-cropped wp-block-gallery-2 is-layout-flex wp-block-gallery-is-layout-flex\"><li class=\"blocks-gallery-item\"><figure><img loading=\"lazy\" decoding=\"async\" width=\"280\" height=\"280\" src=\"https:\/\/www.djurskyddet.se\/kattfotenhalmstad\/wp-content\/uploads\/sites\/35\/2020\/04\/M\u00e5ns-3.jpg\" alt=\"\" data-id=\"9403\" data-link=\"https:\/\/www.djurskyddet.se\/kattfotenhalmstad\/?attachment_id=9403\" class=\"wp-image-9403\" srcset=\"https:\/\/www.djurskyddet.se\/kattfotenhalmstad\/wp-content\/uploads\/sites\/35\/2020\/04\/M\u00e5ns-3.jpg 280w, https:\/\/www.djurskyddet.se\/kattfotenhalmstad\/wp-content\/uploads\/sites\/35\/2020\/04\/M\u00e5ns-3-150x150.jpg 150w\" sizes=\"auto, (max-width: 280px) 100vw, 280px\" \/><\/figure><\/li><li class=\"blocks-gallery-item\"><figure><img loading=\"lazy\" decoding=\"async\" width=\"288\" height=\"280\" src=\"https:\/\/www.djurskyddet.se\/kattfotenhalmstad\/wp-content\/uploads\/sites\/35\/2020\/04\/M\u00e5ns-1.jpg\" alt=\"\" data-id=\"9401\" data-link=\"https:\/\/www.djurskyddet.se\/kattfotenhalmstad\/?attachment_id=9401\" class=\"wp-image-9401\" \/><\/figure><\/li><\/ul>\n\n\n\n<div class=\"wp-block-image\"><figure class=\"aligncenter\"><img loading=\"lazy\" decoding=\"async\" width=\"382\" height=\"280\" src=\"https:\/\/www.djurskyddet.se\/kattfotenhalmstad\/wp-content\/uploads\/sites\/35\/2020\/04\/Alex-och-M\u00e5ns-vilar.jpg\" alt=\"\" class=\"wp-image-9399\" srcset=\"https:\/\/www.djurskyddet.se\/kattfotenhalmstad\/wp-content\/uploads\/sites\/35\/2020\/04\/Alex-och-M\u00e5ns-vilar.jpg 382w, https:\/\/www.djurskyddet.se\/kattfotenhalmstad\/wp-content\/uploads\/sites\/35\/2020\/04\/Alex-och-M\u00e5ns-vilar-300x220.jpg 300w\" sizes=\"auto, (max-width: 382px) 100vw, 382px\" \/><\/figure><\/div>\n","protected":false},"excerpt":{"rendered":"<p>Mitt namn \u00e4r Alex och jag adopterades vid nio\u00e5rs\u00e5ldern tillsammans med min b\u00e4sta v\u00e4n M\u00e5ns. P\u00e5 katthemmet sa de att jag var en tonkines, en blandning mellan siames och burma. Jag \u00e4lskade att kramas och l\u00e5g g\u00e4rna med mitt huvud vilande p\u00e5 min mattes axel medan hon bar runt p\u00e5 mig. Hon tyckte jag var som en liten m\u00e4nniska i en katts kropp, v\u00e4ldigt f\u00f6rst\u00e5ndig och intellektuell. Tyv\u00e4rr blev jag&hellip;<\/p>\n<p><a class=\"more-link\" href=\"https:\/\/www.djurskyddet.se\/kattfotenhalmstad\/lyckligt-slut-2\/adopterade-katter-2014\/alex-och-mans\/\" title=\"Continue reading &lsquo;Alex och M\u00e5ns&rsquo;\">L&auml;s mer<span class=\"meta-nav\">&raquo;<\/span><\/a><\/p>\n","protected":false},"author":36,"featured_media":0,"parent":8770,"menu_order":0,"comment_status":"closed","ping_status":"closed","template":"page-templates\/left-sidebar.php","meta":{"_acf_changed":false,"footnotes":""},"class_list":["post-9391","page","type-page","status-publish","hentry"],"acf":[],"_links":{"self":[{"href":"https:\/\/www.djurskyddet.se\/kattfotenhalmstad\/wp-json\/wp\/v2\/pages\/9391","targetHints":{"allow":["GET"]}}],"collection":[{"href":"https:\/\/www.djurskyddet.se\/kattfotenhalmstad\/wp-json\/wp\/v2\/pages"}],"about":[{"href":"https:\/\/www.djurskyddet.se\/kattfotenhalmstad\/wp-json\/wp\/v2\/types\/page"}],"author":[{"embeddable":true,"href":"https:\/\/www.djurskyddet.se\/kattfotenhalmstad\/wp-json\/wp\/v2\/users\/36"}],"replies":[{"embeddable":true,"href":"https:\/\/www.djurskyddet.se\/kattfotenhalmstad\/wp-json\/wp\/v2\/comments?post=9391"}],"version-history":[{"count":3,"href":"https:\/\/www.djurskyddet.se\/kattfotenhalmstad\/wp-json\/wp\/v2\/pages\/9391\/revisions"}],"predecessor-version":[{"id":9406,"href":"https:\/\/www.djurskyddet.se\/kattfotenhalmstad\/wp-json\/wp\/v2\/pages\/9391\/revisions\/9406"}],"up":[{"embeddable":true,"href":"https:\/\/www.djurskyddet.se\/kattfotenhalmstad\/wp-json\/wp\/v2\/pages\/8770"}],"wp:attachment":[{"href":"https:\/\/www.djurskyddet.se\/kattfotenhalmstad\/wp-json\/wp\/v2\/media?parent=9391"}],"curies":[{"name":"wp","href":"https:\/\/api.w.org\/{rel}","templated":true}]}}