{"id":9539,"date":"2020-05-01T12:13:55","date_gmt":"2020-05-01T12:13:55","guid":{"rendered":"https:\/\/www.djurskyddet.se\/kattfotenhalmstad\/?page_id=9539"},"modified":"2020-05-01T13:00:09","modified_gmt":"2020-05-01T13:00:09","slug":"baffe-och-berit","status":"publish","type":"page","link":"https:\/\/www.djurskyddet.se\/kattfotenhalmstad\/lyckligt-slut-2\/adopterade-katter-2020\/baffe-och-berit\/","title":{"rendered":"Baffe och Berit"},"content":{"rendered":"\n<p>Mitt namn \u00e4r Berit, i januari 2020 adopterades jag tillsammans med min bror Baffe. Han \u00e4r en pratglad och nyfiken kille som g\u00e4rna \u00e4r med familjen och kollar l\u00e4get. Jag \u00e4r lite mer f\u00f6rsiktig men \u00e4r g\u00e4rna med vid matbordet f\u00f6r att f\u00e5 en liten smakbit. P\u00e5 kv\u00e4llarna s\u00e5 tar jag och Baffe v\u00e5ra race upp och ner och runt i huset! <\/p>\n\n\n\n<ul class=\"wp-block-gallery columns-2 is-cropped wp-block-gallery-1 is-layout-flex wp-block-gallery-is-layout-flex\"><li class=\"blocks-gallery-item\"><figure><img loading=\"lazy\" decoding=\"async\" width=\"480\" height=\"856\" src=\"https:\/\/www.djurskyddet.se\/kattfotenhalmstad\/wp-content\/uploads\/sites\/35\/2020\/05\/Berit-2-1.jpg\" alt=\"\" data-id=\"9542\" data-link=\"https:\/\/www.djurskyddet.se\/kattfotenhalmstad\/?attachment_id=9542\" class=\"wp-image-9542\" srcset=\"https:\/\/www.djurskyddet.se\/kattfotenhalmstad\/wp-content\/uploads\/sites\/35\/2020\/05\/Berit-2-1.jpg 480w, https:\/\/www.djurskyddet.se\/kattfotenhalmstad\/wp-content\/uploads\/sites\/35\/2020\/05\/Berit-2-1-168x300.jpg 168w, https:\/\/www.djurskyddet.se\/kattfotenhalmstad\/wp-content\/uploads\/sites\/35\/2020\/05\/Berit-2-1-400x713.jpg 400w\" sizes=\"auto, (max-width: 480px) 100vw, 480px\" \/><figcaption>Berit<\/figcaption><\/figure><\/li><li class=\"blocks-gallery-item\"><figure><img loading=\"lazy\" decoding=\"async\" width=\"480\" height=\"856\" src=\"https:\/\/www.djurskyddet.se\/kattfotenhalmstad\/wp-content\/uploads\/sites\/35\/2020\/05\/Berit-1-1.jpg\" alt=\"\" data-id=\"9541\" data-link=\"https:\/\/www.djurskyddet.se\/kattfotenhalmstad\/?attachment_id=9541\" class=\"wp-image-9541\" srcset=\"https:\/\/www.djurskyddet.se\/kattfotenhalmstad\/wp-content\/uploads\/sites\/35\/2020\/05\/Berit-1-1.jpg 480w, https:\/\/www.djurskyddet.se\/kattfotenhalmstad\/wp-content\/uploads\/sites\/35\/2020\/05\/Berit-1-1-168x300.jpg 168w, https:\/\/www.djurskyddet.se\/kattfotenhalmstad\/wp-content\/uploads\/sites\/35\/2020\/05\/Berit-1-1-400x713.jpg 400w\" sizes=\"auto, (max-width: 480px) 100vw, 480px\" \/><figcaption>Berit<\/figcaption><\/figure><\/li><li class=\"blocks-gallery-item\"><figure><img loading=\"lazy\" decoding=\"async\" width=\"280\" height=\"504\" src=\"https:\/\/www.djurskyddet.se\/kattfotenhalmstad\/wp-content\/uploads\/sites\/35\/2020\/05\/Baffe-1.jpg\" alt=\"\" data-id=\"9532\" data-link=\"https:\/\/www.djurskyddet.se\/kattfotenhalmstad\/aktuellt\/__trashed-3\/attachment\/baffe-1\/\" class=\"wp-image-9532\" srcset=\"https:\/\/www.djurskyddet.se\/kattfotenhalmstad\/wp-content\/uploads\/sites\/35\/2020\/05\/Baffe-1.jpg 280w, https:\/\/www.djurskyddet.se\/kattfotenhalmstad\/wp-content\/uploads\/sites\/35\/2020\/05\/Baffe-1-167x300.jpg 167w\" sizes=\"auto, (max-width: 280px) 100vw, 280px\" \/><figcaption>Baffe<\/figcaption><\/figure><\/li><li class=\"blocks-gallery-item\"><figure><img loading=\"lazy\" decoding=\"async\" width=\"280\" height=\"504\" src=\"https:\/\/www.djurskyddet.se\/kattfotenhalmstad\/wp-content\/uploads\/sites\/35\/2020\/05\/Baffe-2.jpg\" alt=\"\" data-id=\"9533\" data-link=\"https:\/\/www.djurskyddet.se\/kattfotenhalmstad\/aktuellt\/__trashed-3\/attachment\/baffe-2\/\" class=\"wp-image-9533\" srcset=\"https:\/\/www.djurskyddet.se\/kattfotenhalmstad\/wp-content\/uploads\/sites\/35\/2020\/05\/Baffe-2.jpg 280w, https:\/\/www.djurskyddet.se\/kattfotenhalmstad\/wp-content\/uploads\/sites\/35\/2020\/05\/Baffe-2-167x300.jpg 167w\" sizes=\"auto, (max-width: 280px) 100vw, 280px\" \/><figcaption>Baffe<\/figcaption><\/figure><\/li><li class=\"blocks-gallery-item\"><figure><img loading=\"lazy\" decoding=\"async\" width=\"280\" height=\"504\" src=\"https:\/\/www.djurskyddet.se\/kattfotenhalmstad\/wp-content\/uploads\/sites\/35\/2020\/05\/Baffe-3.jpg\" alt=\"\" data-id=\"9534\" data-link=\"https:\/\/www.djurskyddet.se\/kattfotenhalmstad\/aktuellt\/__trashed-3\/attachment\/baffe-3\/\" class=\"wp-image-9534\" srcset=\"https:\/\/www.djurskyddet.se\/kattfotenhalmstad\/wp-content\/uploads\/sites\/35\/2020\/05\/Baffe-3.jpg 280w, https:\/\/www.djurskyddet.se\/kattfotenhalmstad\/wp-content\/uploads\/sites\/35\/2020\/05\/Baffe-3-167x300.jpg 167w\" sizes=\"auto, (max-width: 280px) 100vw, 280px\" \/><figcaption>Baffe har b\u00f6rjat kolla l\u00e4get utomhus.<\/figcaption><\/figure><\/li><li class=\"blocks-gallery-item\"><figure><img loading=\"lazy\" decoding=\"async\" width=\"280\" height=\"504\" src=\"https:\/\/www.djurskyddet.se\/kattfotenhalmstad\/wp-content\/uploads\/sites\/35\/2020\/05\/Baffe-5.jpg\" alt=\"\" data-id=\"9536\" data-link=\"https:\/\/www.djurskyddet.se\/kattfotenhalmstad\/aktuellt\/__trashed-3\/attachment\/baffe-5\/\" class=\"wp-image-9536\" srcset=\"https:\/\/www.djurskyddet.se\/kattfotenhalmstad\/wp-content\/uploads\/sites\/35\/2020\/05\/Baffe-5.jpg 280w, https:\/\/www.djurskyddet.se\/kattfotenhalmstad\/wp-content\/uploads\/sites\/35\/2020\/05\/Baffe-5-167x300.jpg 167w\" sizes=\"auto, (max-width: 280px) 100vw, 280px\" \/><figcaption>Baffe f\u00e5r syn p\u00e5 n\u00e5got.<\/figcaption><\/figure><\/li><\/ul>\n\n\n\n<div class=\"wp-block-image\"><figure class=\"aligncenter\"><img loading=\"lazy\" decoding=\"async\" width=\"280\" height=\"504\" src=\"https:\/\/www.djurskyddet.se\/kattfotenhalmstad\/wp-content\/uploads\/sites\/35\/2020\/05\/Baffe-4.jpg\" alt=\"\" class=\"wp-image-9535\" srcset=\"https:\/\/www.djurskyddet.se\/kattfotenhalmstad\/wp-content\/uploads\/sites\/35\/2020\/05\/Baffe-4.jpg 280w, https:\/\/www.djurskyddet.se\/kattfotenhalmstad\/wp-content\/uploads\/sites\/35\/2020\/05\/Baffe-4-167x300.jpg 167w\" sizes=\"auto, (max-width: 280px) 100vw, 280px\" \/><figcaption>En tupp!<\/figcaption><\/figure><\/div>\n\n\n\n<div class=\"wp-block-image\"><figure class=\"aligncenter\"><img loading=\"lazy\" decoding=\"async\" width=\"480\" height=\"856\" src=\"https:\/\/www.djurskyddet.se\/kattfotenhalmstad\/wp-content\/uploads\/sites\/35\/2020\/05\/Berit-3.jpg\" alt=\"\" class=\"wp-image-9552\" srcset=\"https:\/\/www.djurskyddet.se\/kattfotenhalmstad\/wp-content\/uploads\/sites\/35\/2020\/05\/Berit-3.jpg 480w, https:\/\/www.djurskyddet.se\/kattfotenhalmstad\/wp-content\/uploads\/sites\/35\/2020\/05\/Berit-3-168x300.jpg 168w, https:\/\/www.djurskyddet.se\/kattfotenhalmstad\/wp-content\/uploads\/sites\/35\/2020\/05\/Berit-3-400x713.jpg 400w\" sizes=\"auto, (max-width: 480px) 100vw, 480px\" \/><figcaption>Jag (Berit) g\u00e5r g\u00e4rna ut jag med, men tycker in om n\u00e4r ytterd\u00f6rren st\u00e4ngs!<\/figcaption><\/figure><\/div>\n","protected":false},"excerpt":{"rendered":"<p>Mitt namn \u00e4r Berit, i januari 2020 adopterades jag tillsammans med min bror Baffe. Han \u00e4r en pratglad och nyfiken kille som g\u00e4rna \u00e4r med familjen och kollar l\u00e4get. Jag \u00e4r lite mer f\u00f6rsiktig men \u00e4r g\u00e4rna med vid matbordet f\u00f6r att f\u00e5 en liten smakbit. P\u00e5 kv\u00e4llarna s\u00e5 tar jag och Baffe v\u00e5ra race upp och ner och runt i huset!<\/p>\n","protected":false},"author":36,"featured_media":0,"parent":8754,"menu_order":0,"comment_status":"closed","ping_status":"closed","template":"page-templates\/left-sidebar.php","meta":{"_acf_changed":false,"footnotes":""},"class_list":["post-9539","page","type-page","status-publish","hentry"],"acf":[],"_links":{"self":[{"href":"https:\/\/www.djurskyddet.se\/kattfotenhalmstad\/wp-json\/wp\/v2\/pages\/9539","targetHints":{"allow":["GET"]}}],"collection":[{"href":"https:\/\/www.djurskyddet.se\/kattfotenhalmstad\/wp-json\/wp\/v2\/pages"}],"about":[{"href":"https:\/\/www.djurskyddet.se\/kattfotenhalmstad\/wp-json\/wp\/v2\/types\/page"}],"author":[{"embeddable":true,"href":"https:\/\/www.djurskyddet.se\/kattfotenhalmstad\/wp-json\/wp\/v2\/users\/36"}],"replies":[{"embeddable":true,"href":"https:\/\/www.djurskyddet.se\/kattfotenhalmstad\/wp-json\/wp\/v2\/comments?post=9539"}],"version-history":[{"count":4,"href":"https:\/\/www.djurskyddet.se\/kattfotenhalmstad\/wp-json\/wp\/v2\/pages\/9539\/revisions"}],"predecessor-version":[{"id":9553,"href":"https:\/\/www.djurskyddet.se\/kattfotenhalmstad\/wp-json\/wp\/v2\/pages\/9539\/revisions\/9553"}],"up":[{"embeddable":true,"href":"https:\/\/www.djurskyddet.se\/kattfotenhalmstad\/wp-json\/wp\/v2\/pages\/8754"}],"wp:attachment":[{"href":"https:\/\/www.djurskyddet.se\/kattfotenhalmstad\/wp-json\/wp\/v2\/media?parent=9539"}],"curies":[{"name":"wp","href":"https:\/\/api.w.org\/{rel}","templated":true}]}}