{"id":9996,"date":"2020-06-05T19:28:37","date_gmt":"2020-06-05T19:28:37","guid":{"rendered":"https:\/\/www.djurskyddet.se\/kattfotenhalmstad\/?page_id=9996"},"modified":"2020-06-05T19:28:38","modified_gmt":"2020-06-05T19:28:38","slug":"kompis","status":"publish","type":"page","link":"https:\/\/www.djurskyddet.se\/kattfotenhalmstad\/adopterade-katter-2019\/kompis\/","title":{"rendered":"Kompis"},"content":{"rendered":"\n<p>Mitt namn \u00e4r Kompis, f\u00f6rut hette jag Falk. I juli 2019 kom jag som s\u00e4llskap till min nuvarande familjs \u00e4ldre och lite tillbakadragne katt Tussi efter att hans kompis Frasse gick bort. I h\u00f6stas blev jag \u00e4ven extrapappa till tv\u00e5 omh\u00e4ndertagna kattungar.<\/p>\n\n\n\n<div class=\"wp-block-image\"><figure class=\"aligncenter\"><img loading=\"lazy\" decoding=\"async\" width=\"378\" height=\"242\" src=\"https:\/\/www.djurskyddet.se\/kattfotenhalmstad\/wp-content\/uploads\/sites\/35\/2020\/06\/Falk-Kompis-2.jpg\" alt=\"\" class=\"wp-image-10001\" srcset=\"https:\/\/www.djurskyddet.se\/kattfotenhalmstad\/wp-content\/uploads\/sites\/35\/2020\/06\/Falk-Kompis-2.jpg 378w, https:\/\/www.djurskyddet.se\/kattfotenhalmstad\/wp-content\/uploads\/sites\/35\/2020\/06\/Falk-Kompis-2-300x192.jpg 300w\" sizes=\"auto, (max-width: 378px) 100vw, 378px\" \/><\/figure><\/div>\n\n\n\n<div class=\"wp-block-image\"><figure class=\"aligncenter\"><img loading=\"lazy\" decoding=\"async\" width=\"280\" height=\"381\" src=\"https:\/\/www.djurskyddet.se\/kattfotenhalmstad\/wp-content\/uploads\/sites\/35\/2020\/06\/Falk-Kompis-1.jpg\" alt=\"\" class=\"wp-image-10000\" srcset=\"https:\/\/www.djurskyddet.se\/kattfotenhalmstad\/wp-content\/uploads\/sites\/35\/2020\/06\/Falk-Kompis-1.jpg 280w, https:\/\/www.djurskyddet.se\/kattfotenhalmstad\/wp-content\/uploads\/sites\/35\/2020\/06\/Falk-Kompis-1-220x300.jpg 220w\" sizes=\"auto, (max-width: 280px) 100vw, 280px\" \/><\/figure><\/div>\n","protected":false},"excerpt":{"rendered":"<p>Mitt namn \u00e4r Kompis, f\u00f6rut hette jag Falk. I juli 2019 kom jag som s\u00e4llskap till min nuvarande familjs \u00e4ldre och lite tillbakadragne katt Tussi efter att hans kompis Frasse gick bort. I h\u00f6stas blev jag \u00e4ven extrapappa till tv\u00e5 omh\u00e4ndertagna kattungar.<\/p>\n","protected":false},"author":36,"featured_media":0,"parent":8687,"menu_order":0,"comment_status":"closed","ping_status":"closed","template":"page-templates\/left-sidebar20200507.php","meta":{"_acf_changed":false,"footnotes":""},"class_list":["post-9996","page","type-page","status-publish","hentry"],"acf":[],"_links":{"self":[{"href":"https:\/\/www.djurskyddet.se\/kattfotenhalmstad\/wp-json\/wp\/v2\/pages\/9996","targetHints":{"allow":["GET"]}}],"collection":[{"href":"https:\/\/www.djurskyddet.se\/kattfotenhalmstad\/wp-json\/wp\/v2\/pages"}],"about":[{"href":"https:\/\/www.djurskyddet.se\/kattfotenhalmstad\/wp-json\/wp\/v2\/types\/page"}],"author":[{"embeddable":true,"href":"https:\/\/www.djurskyddet.se\/kattfotenhalmstad\/wp-json\/wp\/v2\/users\/36"}],"replies":[{"embeddable":true,"href":"https:\/\/www.djurskyddet.se\/kattfotenhalmstad\/wp-json\/wp\/v2\/comments?post=9996"}],"version-history":[{"count":1,"href":"https:\/\/www.djurskyddet.se\/kattfotenhalmstad\/wp-json\/wp\/v2\/pages\/9996\/revisions"}],"predecessor-version":[{"id":10002,"href":"https:\/\/www.djurskyddet.se\/kattfotenhalmstad\/wp-json\/wp\/v2\/pages\/9996\/revisions\/10002"}],"up":[{"embeddable":true,"href":"https:\/\/www.djurskyddet.se\/kattfotenhalmstad\/wp-json\/wp\/v2\/pages\/8687"}],"wp:attachment":[{"href":"https:\/\/www.djurskyddet.se\/kattfotenhalmstad\/wp-json\/wp\/v2\/media?parent=9996"}],"curies":[{"name":"wp","href":"https:\/\/api.w.org\/{rel}","templated":true}]}}

<p>Mitt namn är Kompis, förut hette jag Falk. I juli 2019 kom jag som sällskap till min nuvarande familjs äldre och lite tillbakadragne katt Tussi efter att hans kompis Frasse gick bort. I höstas blev jag även extrapappa till två omhändertagna kattungar.</p>



<div class="wp-block-image"><figure class="aligncenter"><img loading="lazy" decoding="async" width="378" height="242" src="https://www.djurskyddet.se/kattfotenhalmstad/wp-content/uploads/sites/35/2020/06/Falk-Kompis-2.jpg" alt="" class="wp-image-10001" srcset="https://www.djurskyddet.se/kattfotenhalmstad/wp-content/uploads/sites/35/2020/06/Falk-Kompis-2.jpg 378w, https://www.djurskyddet.se/kattfotenhalmstad/wp-content/uploads/sites/35/2020/06/Falk-Kompis-2-300x192.jpg 300w" sizes="auto, (max-width: 378px) 100vw, 378px" /></figure></div>



<div class="wp-block-image"><figure class="aligncenter"><img loading="lazy" decoding="async" width="280" height="381" src="https://www.djurskyddet.se/kattfotenhalmstad/wp-content/uploads/sites/35/2020/06/Falk-Kompis-1.jpg" alt="" class="wp-image-10000" srcset="https://www.djurskyddet.se/kattfotenhalmstad/wp-content/uploads/sites/35/2020/06/Falk-Kompis-1.jpg 280w, https://www.djurskyddet.se/kattfotenhalmstad/wp-content/uploads/sites/35/2020/06/Falk-Kompis-1-220x300.jpg 220w" sizes="auto, (max-width: 280px) 100vw, 280px" /></figure></div>

<p>Mitt namn är Kompis, förut hette jag Falk. I juli 2019 kom jag som sällskap till min nuvarande familjs äldre och lite tillbakadragne katt Tussi efter att hans kompis Frasse gick bort. I höstas blev jag även extrapappa till två omhändertagna kattungar.</p>
