{"id":5584,"date":"2020-02-06T08:55:36","date_gmt":"2020-02-06T08:55:36","guid":{"rendered":"https:\/\/www.djurskyddet.se\/kattvarnet\/?page_id=5584"},"modified":"2020-02-06T09:56:33","modified_gmt":"2020-02-06T09:56:33","slug":"kontakt-och-oppettider","status":"publish","type":"page","link":"https:\/\/www.djurskyddet.se\/kattvarnet\/kontakt-och-oppettider\/","title":{"rendered":"Kontakt"},"content":{"rendered":"\n<h2 class=\"wp-block-heading\">Katthemmet<\/h2>\n\n\n\n<p><strong>Djurskyddet Kattv\u00e4rnet<\/strong><br>S\u00f6derbymalmsv\u00e4gen 6 A<br>136 44 Handen<br><br><strong>Bes\u00f6kstider<\/strong><br>S\u00f6ndag 13-15<br>Onsdag 18-20 <br><br>St\u00e4ngt:&nbsp;1 maj, 9 Juni, 23 Juni, 25 Dec, 29 Dec, 1 Jan, 5 Jan  <\/p>\n\n\n\n<h2 class=\"wp-block-heading\">Pensionatet<\/h2>\n\n\n\n<p>S\u00f6derbymalmsv\u00e4gen 6 B<br>136 44 Handen<br>epost: pensionatet@kattvarnet.nu<\/p>\n\n\n\n<p>Tel:<br>072-2226870<br>Telefontid:<br>Vardagar 9:00-11:00<\/p>\n\n\n\n<p>\u00d6ppettider:<br>Endast f\u00f6r<br>bokade bes\u00f6k<br>10:00-12:00\n\n<\/p>\n\n\n\n<p><br><br>&nbsp;<\/p>\n\n\n\n<p><\/p>\n","protected":false},"excerpt":{"rendered":"<p>Katthemmet Djurskyddet Kattv\u00e4rnetS\u00f6derbymalmsv\u00e4gen 6 A136 44 Handen Bes\u00f6kstiderS\u00f6ndag 13-15Onsdag 18-20 St\u00e4ngt:&nbsp;1 maj, 9 Juni, 23 Juni, 25 Dec, 29 Dec, 1 Jan, 5 Jan Pensionatet S\u00f6derbymalmsv\u00e4gen 6 B136 44 Handenepost: pensionatet@kattvarnet.nu Tel:072-2226870Telefontid:Vardagar 9:00-11:00 \u00d6ppettider:Endast f\u00f6rbokade bes\u00f6k10:00-12:00 &nbsp;<\/p>\n","protected":false},"author":3,"featured_media":0,"parent":0,"menu_order":0,"comment_status":"closed","ping_status":"closed","template":"left-sidebar.php","meta":{"_acf_changed":false,"footnotes":""},"class_list":["post-5584","page","type-page","status-publish","hentry"],"acf":[],"_links":{"self":[{"href":"https:\/\/www.djurskyddet.se\/kattvarnet\/wp-json\/wp\/v2\/pages\/5584","targetHints":{"allow":["GET"]}}],"collection":[{"href":"https:\/\/www.djurskyddet.se\/kattvarnet\/wp-json\/wp\/v2\/pages"}],"about":[{"href":"https:\/\/www.djurskyddet.se\/kattvarnet\/wp-json\/wp\/v2\/types\/page"}],"author":[{"embeddable":true,"href":"https:\/\/www.djurskyddet.se\/kattvarnet\/wp-json\/wp\/v2\/users\/3"}],"replies":[{"embeddable":true,"href":"https:\/\/www.djurskyddet.se\/kattvarnet\/wp-json\/wp\/v2\/comments?post=5584"}],"version-history":[{"count":2,"href":"https:\/\/www.djurskyddet.se\/kattvarnet\/wp-json\/wp\/v2\/pages\/5584\/revisions"}],"predecessor-version":[{"id":5639,"href":"https:\/\/www.djurskyddet.se\/kattvarnet\/wp-json\/wp\/v2\/pages\/5584\/revisions\/5639"}],"wp:attachment":[{"href":"https:\/\/www.djurskyddet.se\/kattvarnet\/wp-json\/wp\/v2\/media?parent=5584"}],"curies":[{"name":"wp","href":"https:\/\/api.w.org\/{rel}","templated":true}]}}