{"id":5628,"date":"2020-02-06T09:52:57","date_gmt":"2020-02-06T09:52:57","guid":{"rendered":"https:\/\/www.djurskyddet.se\/kattvarnet\/?page_id=5628"},"modified":"2020-02-06T09:52:59","modified_gmt":"2020-02-06T09:52:59","slug":"bli-medlem","status":"publish","type":"page","link":"https:\/\/www.djurskyddet.se\/kattvarnet\/bli-medlem\/","title":{"rendered":"Bli medlem"},"content":{"rendered":"\n<p>Som medlem hos oss st\u00f6djer du din lokala djurskyddsf\u00f6rening. Alla medlemmar f\u00e5r&nbsp;<a href=\"http:\/\/tidningen.djurskyddet.se\/\" target=\"_blank\" rel=\"noreferrer noopener\">Tidningen Djurskyddet<\/a>&nbsp;som ges ut 4 g\u00e5nger per \u00e5r, och f\u00e5r \u00e4ven ta del av en rad f\u00f6rm\u00e5ner.<\/p>\n\n\n\n<p><strong>Vad kostar det?<\/strong><br>Det kostar 350 kr per \u00e5r att vara medlem hos oss.<\/p>\n\n\n\n<p><strong>Hur blir jag medlem?<\/strong><br>Enklast \u00e4r att bli medlem p\u00e5 Djurskyddet Sveriges hemsida;\u00a0<a rel=\"noreferrer noopener\" href=\"http:\/\/www.djurskyddet.se\/\" target=\"_blank\">www.djurskyddet.se.<\/a>\u00a0V\u00e4lj Bli medlem och n\u00e4r du fyller i formul\u00e4ret v\u00e4ljer du\u00a0<strong>Djurskyddet Kattv\u00e4rnet i Haninge<\/strong>\u00a0i listan bland f\u00f6reningar. Du kommer d\u00e5 f\u00e5 en inbetalningsavi med medlemsavgiften skickad till dig.<\/p>\n","protected":false},"excerpt":{"rendered":"<p>Som medlem hos oss st\u00f6djer du din lokala djurskyddsf\u00f6rening. Alla medlemmar f\u00e5r&nbsp;Tidningen Djurskyddet&nbsp;som ges ut 4 g\u00e5nger per \u00e5r, och f\u00e5r \u00e4ven ta del av en rad f\u00f6rm\u00e5ner. Vad kostar det?Det kostar 350 kr per \u00e5r att vara medlem hos oss. Hur blir jag medlem?Enklast \u00e4r att bli medlem p\u00e5 Djurskyddet Sveriges hemsida;\u00a0www.djurskyddet.se.\u00a0V\u00e4lj Bli medlem och n\u00e4r du fyller i formul\u00e4ret v\u00e4ljer du\u00a0Djurskyddet Kattv\u00e4rnet i Haninge\u00a0i listan bland f\u00f6reningar. Du&hellip;<\/p>\n<p><a class=\"more-link\" href=\"https:\/\/www.djurskyddet.se\/kattvarnet\/bli-medlem\/\" title=\"Continue reading &lsquo;Bli medlem&rsquo;\">L&auml;s mer<span class=\"meta-nav\">&raquo;<\/span><\/a><\/p>\n","protected":false},"author":3,"featured_media":0,"parent":0,"menu_order":0,"comment_status":"closed","ping_status":"closed","template":"left-sidebar.php","meta":{"_acf_changed":false,"footnotes":""},"class_list":["post-5628","page","type-page","status-publish","hentry"],"acf":[],"_links":{"self":[{"href":"https:\/\/www.djurskyddet.se\/kattvarnet\/wp-json\/wp\/v2\/pages\/5628","targetHints":{"allow":["GET"]}}],"collection":[{"href":"https:\/\/www.djurskyddet.se\/kattvarnet\/wp-json\/wp\/v2\/pages"}],"about":[{"href":"https:\/\/www.djurskyddet.se\/kattvarnet\/wp-json\/wp\/v2\/types\/page"}],"author":[{"embeddable":true,"href":"https:\/\/www.djurskyddet.se\/kattvarnet\/wp-json\/wp\/v2\/users\/3"}],"replies":[{"embeddable":true,"href":"https:\/\/www.djurskyddet.se\/kattvarnet\/wp-json\/wp\/v2\/comments?post=5628"}],"version-history":[{"count":2,"href":"https:\/\/www.djurskyddet.se\/kattvarnet\/wp-json\/wp\/v2\/pages\/5628\/revisions"}],"predecessor-version":[{"id":5632,"href":"https:\/\/www.djurskyddet.se\/kattvarnet\/wp-json\/wp\/v2\/pages\/5628\/revisions\/5632"}],"wp:attachment":[{"href":"https:\/\/www.djurskyddet.se\/kattvarnet\/wp-json\/wp\/v2\/media?parent=5628"}],"curies":[{"name":"wp","href":"https:\/\/api.w.org\/{rel}","templated":true}]}}