{"id":5651,"date":"2020-06-03T07:13:54","date_gmt":"2020-06-03T07:13:54","guid":{"rendered":"https:\/\/www.djurskyddet.se\/kattvarnet\/?page_id=5651"},"modified":"2020-06-03T07:14:08","modified_gmt":"2020-06-03T07:14:08","slug":"bli-jourhem","status":"publish","type":"page","link":"https:\/\/www.djurskyddet.se\/kattvarnet\/bli-jourhem\/","title":{"rendered":"Bli jourhem"},"content":{"rendered":"\n<p>Vad inneb\u00e4r det att vara jourhem \u00e5t Kattv\u00e4rnet?<br> <br> Du \u00f6ppnar ditt hem \u00e5t en eller flera heml\u00f6sa katt som beh\u00f6ver f\u00e5 komma in  fr\u00e5n en otrygg tillvaro i heml\u00f6shet och f\u00e5 uppleva v\u00e4rme och k\u00e4rlek i  en trygg hemmilj\u00f6.<br> <br> Det kan&nbsp;ocks\u00e5&nbsp;vara en katt som inte kan vara med andra katter, en katt  som beh\u00f6ver bli vaccinerad, en dr\u00e4ktig hona, en kattmamma med sina  bebisar, skygg katt som beh\u00f6ver bli socialiserad, osv.<br> <br> Kattv\u00e4rnet st\u00e5r f\u00f6r kattsand, mat, kattl\u00e5da, kl\u00f6str\u00e4d, b\u00e4dd osv som katten beh\u00f6ver. Veterin\u00e4rv\u00e5rd sker i samr\u00e5d med Kattv\u00e4rnet.<\/p>\n\n\n\n<p>Har du erfarenhet av katter s\u00e5 \u00e4r det ett plus.&nbsp;Har du kunskap om skygga katter \u00e4r det ocks\u00e5 ett plus.<br>\n<br>\nV\u00e5ra katter \u00e4r och skall vara innekatter, s\u00e5 de f\u00e5r absolut inte g\u00e5 ut.<br>\n<br>\n\u00c4r du intresserad av att bli jourhem s\u00e5 kan du skriva ett mail till \ninfo@kattvarnet.nu och ber\u00e4tta om dig sj\u00e4lv, din familj, din \nboendesituation, andra husdjur, katterfarenhet,&nbsp;om du har bil,&nbsp;om du \njobbar, studerar, \u00e4r arbetss\u00f6kande, pension\u00e4r etc. \u00c4ven tidsperspektiv \nsom du kan st\u00e4lla upp. M\u00e5nga av v\u00e5ra katter beh\u00f6ver l\u00e4ngre tid och vi \nvill inte&nbsp;att de skall beh\u00f6va flytta innan&nbsp;de hittar sitt nya \nf\u00f6r-alltid-hem.<br>\n<br>\nV\u00e4lkommen att h\u00f6ra av dig, vi \u00e4r alltid i behov av jourhem d\u00e5 det finns m\u00e5nga missar som beh\u00f6ver hj\u00e4lp.<\/p>\n","protected":false},"excerpt":{"rendered":"<p>Vad inneb\u00e4r det att vara jourhem \u00e5t Kattv\u00e4rnet? Du \u00f6ppnar ditt hem \u00e5t en eller flera heml\u00f6sa katt som beh\u00f6ver f\u00e5 komma in fr\u00e5n en otrygg tillvaro i heml\u00f6shet och f\u00e5 uppleva v\u00e4rme och k\u00e4rlek i en trygg hemmilj\u00f6. Det kan&nbsp;ocks\u00e5&nbsp;vara en katt som inte kan vara med andra katter, en katt som beh\u00f6ver bli vaccinerad, en dr\u00e4ktig hona, en kattmamma med sina bebisar, skygg katt som beh\u00f6ver bli socialiserad,&hellip;<\/p>\n<p><a class=\"more-link\" href=\"https:\/\/www.djurskyddet.se\/kattvarnet\/bli-jourhem\/\" title=\"Continue reading &lsquo;Bli jourhem&rsquo;\">L&auml;s mer<span class=\"meta-nav\">&raquo;<\/span><\/a><\/p>\n","protected":false},"author":32,"featured_media":0,"parent":0,"menu_order":0,"comment_status":"closed","ping_status":"closed","template":"left-sidebar.php","meta":{"_acf_changed":false,"footnotes":""},"class_list":["post-5651","page","type-page","status-publish","hentry"],"acf":[],"_links":{"self":[{"href":"https:\/\/www.djurskyddet.se\/kattvarnet\/wp-json\/wp\/v2\/pages\/5651","targetHints":{"allow":["GET"]}}],"collection":[{"href":"https:\/\/www.djurskyddet.se\/kattvarnet\/wp-json\/wp\/v2\/pages"}],"about":[{"href":"https:\/\/www.djurskyddet.se\/kattvarnet\/wp-json\/wp\/v2\/types\/page"}],"author":[{"embeddable":true,"href":"https:\/\/www.djurskyddet.se\/kattvarnet\/wp-json\/wp\/v2\/users\/32"}],"replies":[{"embeddable":true,"href":"https:\/\/www.djurskyddet.se\/kattvarnet\/wp-json\/wp\/v2\/comments?post=5651"}],"version-history":[{"count":34,"href":"https:\/\/www.djurskyddet.se\/kattvarnet\/wp-json\/wp\/v2\/pages\/5651\/revisions"}],"predecessor-version":[{"id":5725,"href":"https:\/\/www.djurskyddet.se\/kattvarnet\/wp-json\/wp\/v2\/pages\/5651\/revisions\/5725"}],"wp:attachment":[{"href":"https:\/\/www.djurskyddet.se\/kattvarnet\/wp-json\/wp\/v2\/media?parent=5651"}],"curies":[{"name":"wp","href":"https:\/\/api.w.org\/{rel}","templated":true}]}}