{"id":5575,"date":"2019-01-15T15:32:56","date_gmt":"2019-01-15T15:32:56","guid":{"rendered":"https:\/\/www.djurskyddet.se\/kristinehamn\/?page_id=5575"},"modified":"2024-10-15T20:15:22","modified_gmt":"2024-10-15T20:15:22","slug":"stod-oss","status":"publish","type":"page","link":"https:\/\/www.djurskyddet.se\/kristinehamn\/stod-oss\/","title":{"rendered":"St\u00f6d oss"},"content":{"rendered":"<p>Djurskyddet Kristinehamn \u00e4r en ideell organisation som arbetar f\u00f6r djurens b\u00e4sta. Vi tar hand om fr\u00e4mst katter och hundar som av olika anledningar inte kan bo kvar hos sina tidigare \u00e4gare, eller som \u00e4r upphittade och saknar \u00e4gare. \u00c4ven andra tamdjur som kaniner, burf\u00e5glar, r\u00e5ttor, m\u00f6ss och vissa reptiler f\u00f6rekommer i v\u00e5r f\u00f6rmedling.<\/p>\n<p>Vi beh\u00f6ver allt st\u00f6d vi kan f\u00e5, och f\u00f6rutom att sk\u00e4nka oss pengar s\u00e5 tar vi \u00e4ven emot hj\u00e4lp av olika slag samt djurmat (kontakta personalen f\u00f6r att f\u00e5 tips om vilken mat som \u00e4r aktuell).<\/p>\n<p>St\u00f6d oss genom att bli medlem i f\u00f6reningen, sk\u00e4nka g\u00e5vor, testamentera Din kvarl\u00e5tenskap eller arbeta ideellt i f\u00f6reningens verksamhet. Ideellt arbete leds av styrelsen och v\u00e5r personal &#8211; det \u00e4r v\u00e4ldigt viktigt att just arbete leds via styrelsen eftersom det \u00e4r ett arbetsgivaransvar f\u00f6r Dig \u00e4ven som ideellt arbetande.<\/p>\n","protected":false},"excerpt":{"rendered":"<p>Djurskyddet Kristinehamn \u00e4r en ideell organisation som arbetar f\u00f6r djurens b\u00e4sta. Vi tar hand om fr\u00e4mst katter och hundar som av olika anledningar inte kan bo kvar hos sina tidigare \u00e4gare, eller som \u00e4r upphittade och saknar \u00e4gare. \u00c4ven andra tamdjur som kaniner, burf\u00e5glar, r\u00e5ttor, m\u00f6ss och vissa reptiler f\u00f6rekommer i v\u00e5r f\u00f6rmedling. Vi beh\u00f6ver allt st\u00f6d vi kan f\u00e5, och f\u00f6rutom att sk\u00e4nka oss pengar s\u00e5 tar vi \u00e4ven&hellip;<\/p>\n<p><a class=\"more-link\" href=\"https:\/\/www.djurskyddet.se\/kristinehamn\/stod-oss\/\" title=\"Continue reading &lsquo;St\u00f6d oss&rsquo;\">L&auml;s mer<span class=\"meta-nav\">&raquo;<\/span><\/a><\/p>\n","protected":false},"author":3,"featured_media":0,"parent":0,"menu_order":0,"comment_status":"closed","ping_status":"closed","template":"page-templates\/left-sidebar.php","meta":{"_acf_changed":false,"footnotes":""},"class_list":["post-5575","page","type-page","status-publish","hentry"],"acf":[],"_links":{"self":[{"href":"https:\/\/www.djurskyddet.se\/kristinehamn\/wp-json\/wp\/v2\/pages\/5575","targetHints":{"allow":["GET"]}}],"collection":[{"href":"https:\/\/www.djurskyddet.se\/kristinehamn\/wp-json\/wp\/v2\/pages"}],"about":[{"href":"https:\/\/www.djurskyddet.se\/kristinehamn\/wp-json\/wp\/v2\/types\/page"}],"author":[{"embeddable":true,"href":"https:\/\/www.djurskyddet.se\/kristinehamn\/wp-json\/wp\/v2\/users\/3"}],"replies":[{"embeddable":true,"href":"https:\/\/www.djurskyddet.se\/kristinehamn\/wp-json\/wp\/v2\/comments?post=5575"}],"version-history":[{"count":6,"href":"https:\/\/www.djurskyddet.se\/kristinehamn\/wp-json\/wp\/v2\/pages\/5575\/revisions"}],"predecessor-version":[{"id":9650,"href":"https:\/\/www.djurskyddet.se\/kristinehamn\/wp-json\/wp\/v2\/pages\/5575\/revisions\/9650"}],"wp:attachment":[{"href":"https:\/\/www.djurskyddet.se\/kristinehamn\/wp-json\/wp\/v2\/media?parent=5575"}],"curies":[{"name":"wp","href":"https:\/\/api.w.org\/{rel}","templated":true}]}}