{"id":5583,"date":"2019-01-15T15:35:32","date_gmt":"2019-01-15T15:35:32","guid":{"rendered":"https:\/\/www.djurskyddet.se\/kristinehamn\/?page_id=5583"},"modified":"2022-03-26T15:35:32","modified_gmt":"2022-03-26T15:35:32","slug":"djurhemmet","status":"publish","type":"page","link":"https:\/\/www.djurskyddet.se\/kristinehamn\/djurhemmet\/","title":{"rendered":"Djurhemmet"},"content":{"rendered":"<p>Djurskyddet Kristinehamns huvudsakliga verksamhet \u00e4r att hj\u00e4lpa heml\u00f6sa djur och djur som beh\u00f6ver omplaceras. P\u00e5 v\u00e5rt djurhem tar vi fr\u00e4mst hand om katter, men ocks\u00e5 andra sm\u00e5djur som kaniner, andra gnagare och burf\u00e5glar. Ett par sk\u00f6ldpaddor har vi lyckats ordna nya hem till. Vi hj\u00e4lper \u00e4ven till med omplacering av hundar som beh\u00f6ver ett nytt hem. Hundar finns i privata jourhem i v\u00e4ntan p\u00e5 adoption.<\/p>\n<p>Djurhemmet har telefon 0550-15155 och \u00e4r bemannat vardagar 09-17 samt helger 10-15.<\/p>\n<p>Bes\u00f6k enl. \u00f6verenskommelse<\/p>\n<p>Telefontid vardagar 10-12 och 13-16.<\/p>\n<p>Telefontid helger 10-13.<\/p>\n<p>Avvikelser i bes\u00f6kstider och telefontider kan f\u00f6rekomma med anledning av veterin\u00e4rbes\u00f6k etc.<\/p>\n<p><strong>Observera att vi inte \u00e4r en myndighet<\/strong>, vi har inga befogenheter eller r\u00e4ttigheter att ingripa i det som en del anser vara djurskydds\u00e4renden. Det \u00e4r alltid L\u00e4nsstyrelsens djurskyddsenhet som skall kontaktas i alla dessa \u00e4renden n\u00e4r det inte \u00e4r akut och p\u00e5g\u00e5ende brott. Om de inte svarar s\u00e5 ska polisen (via 112) kontaktas vid akuta djurskydds\u00e4renden (om det \u00e4r p\u00e5g\u00e5ende brott), de har samma befogenheter som l\u00e4nsstyrelsens djurskyddsinspekt\u00f6rer och har dessutom m\u00f6jlighet att ta kontakt med tj\u00e4nstg\u00f6rande person i beredskap p\u00e5 L\u00e4nsstyrelsen under icke kontorstid.<\/p>\n<p><a href=\"https:\/\/www.djurskyddet.se\/kristinehamn\/wp-content\/uploads\/sites\/31\/2019\/01\/Fyra-kattungar.jpg\"><img loading=\"lazy\" decoding=\"async\" class=\"aligncenter size-full wp-image-5614\" src=\"https:\/\/www.djurskyddet.se\/kristinehamn\/wp-content\/uploads\/sites\/31\/2019\/01\/Fyra-kattungar.jpg\" alt=\"Fyra sm\u00e5 gula kattungar\" width=\"397\" height=\"239\" srcset=\"https:\/\/www.djurskyddet.se\/kristinehamn\/wp-content\/uploads\/sites\/31\/2019\/01\/Fyra-kattungar.jpg 397w, https:\/\/www.djurskyddet.se\/kristinehamn\/wp-content\/uploads\/sites\/31\/2019\/01\/Fyra-kattungar-300x181.jpg 300w\" sizes=\"auto, (max-width: 397px) 100vw, 397px\" \/><\/a><\/p>\n","protected":false},"excerpt":{"rendered":"<p>Djurskyddet Kristinehamns huvudsakliga verksamhet \u00e4r att hj\u00e4lpa heml\u00f6sa djur och djur som beh\u00f6ver omplaceras. P\u00e5 v\u00e5rt djurhem tar vi fr\u00e4mst hand om katter, men ocks\u00e5 andra sm\u00e5djur som kaniner, andra gnagare och burf\u00e5glar. Ett par sk\u00f6ldpaddor har vi lyckats ordna nya hem till. Vi hj\u00e4lper \u00e4ven till med omplacering av hundar som beh\u00f6ver ett nytt hem. Hundar finns i privata jourhem i v\u00e4ntan p\u00e5 adoption. Djurhemmet har telefon 0550-15155 och&hellip;<\/p>\n<p><a class=\"more-link\" href=\"https:\/\/www.djurskyddet.se\/kristinehamn\/djurhemmet\/\" title=\"Continue reading &lsquo;Djurhemmet&rsquo;\">L&auml;s mer<span class=\"meta-nav\">&raquo;<\/span><\/a><\/p>\n","protected":false},"author":3,"featured_media":0,"parent":0,"menu_order":0,"comment_status":"closed","ping_status":"closed","template":"page-templates\/left-sidebar.php","meta":{"_acf_changed":false,"footnotes":""},"class_list":["post-5583","page","type-page","status-publish","hentry"],"acf":[],"_links":{"self":[{"href":"https:\/\/www.djurskyddet.se\/kristinehamn\/wp-json\/wp\/v2\/pages\/5583","targetHints":{"allow":["GET"]}}],"collection":[{"href":"https:\/\/www.djurskyddet.se\/kristinehamn\/wp-json\/wp\/v2\/pages"}],"about":[{"href":"https:\/\/www.djurskyddet.se\/kristinehamn\/wp-json\/wp\/v2\/types\/page"}],"author":[{"embeddable":true,"href":"https:\/\/www.djurskyddet.se\/kristinehamn\/wp-json\/wp\/v2\/users\/3"}],"replies":[{"embeddable":true,"href":"https:\/\/www.djurskyddet.se\/kristinehamn\/wp-json\/wp\/v2\/comments?post=5583"}],"version-history":[{"count":17,"href":"https:\/\/www.djurskyddet.se\/kristinehamn\/wp-json\/wp\/v2\/pages\/5583\/revisions"}],"predecessor-version":[{"id":8472,"href":"https:\/\/www.djurskyddet.se\/kristinehamn\/wp-json\/wp\/v2\/pages\/5583\/revisions\/8472"}],"wp:attachment":[{"href":"https:\/\/www.djurskyddet.se\/kristinehamn\/wp-json\/wp\/v2\/media?parent=5583"}],"curies":[{"name":"wp","href":"https:\/\/api.w.org\/{rel}","templated":true}]}}