{"id":5649,"date":"2019-01-17T15:27:19","date_gmt":"2019-01-17T15:27:19","guid":{"rendered":"https:\/\/www.djurskyddet.se\/kristinehamn\/?page_id=5649"},"modified":"2025-10-03T13:19:55","modified_gmt":"2025-10-03T13:19:55","slug":"omplacering","status":"publish","type":"page","link":"https:\/\/www.djurskyddet.se\/kristinehamn\/omplacering\/","title":{"rendered":"Adoption av katt eller hund"},"content":{"rendered":"<p>F\u00f6reningen driver ett djurhem i Kristinehamn. D\u00e4r g\u00f6r v\u00e5r personal och engagerade medlemmar stora insatser f\u00f6r att heml\u00f6sa och \u00f6vergivna katter och hundar ska f\u00e5 ett b\u00e4ttre liv. Vi tar hand om \u00f6ver 200 katter och runt 40 hundar \u00e5rligen.<\/p>\n<p>Katterna p\u00e5 djurhemmet f\u00e5r daglig omv\u00e5rdnad med mat, vatten, st\u00e4dning och omklappning. Alla katter vaccineras, m\u00e4rks och kastreras hos traktens veterin\u00e4rer innan de s\u00e4ljs. Vid intresse g\u00f6r ett bes\u00f6k p\u00e5 djurhemmet eller kontakta oss. En intresseanm\u00e4lning p\u00e5 v\u00e5ra katter g\u00f6rs alltid genom ett personligt bes\u00f6k p\u00e5 djurhemmet.\u00a0Hundar har vi alltid i jourhem &#8211; inte p\u00e5 djurhemmet. Hundar kan d\u00e4rf\u00f6r ses av intresserade k\u00f6pare genom f\u00f6rbokad tid tillsammans med v\u00e5r personal. Det \u00e4r bra att ringa och boka bes\u00f6kstid p\u00e5 0550-15155 eftersom personalen kan vara upptagna med redan inbokade \u00e4renden.<\/p>\n<h3>S\u00e5 g\u00e5r det till<\/h3>\n<p><strong>Katt. (F\u00f6r hund se l\u00e4ngre ner p\u00e5 sidan) Vill man adoptera katt fr\u00e5n oss m\u00e5ste man f\u00f6rst komma p\u00e5 bes\u00f6k och tr\u00e4ffa kissen. Vi adopterar inte ut n\u00e5gra katter utan att f\u00f6rst ha tr\u00e4ffat den nya \u00e4garen med familj.<\/strong>\u00a0Uppst\u00e5r det tycke och det st\u00e4mmer \u00f6verens med kattens f\u00f6ruts\u00e4ttningar s\u00e5 f\u00e5r man skriva en intresseanm\u00e4lan p\u00e5 djurhemmet (blankett finns d\u00e4r). (Exempelvis om katten vill vara ensamkatt s\u00e5 tar vi h\u00e4nsyn till det, om det \u00e4r en katt som beh\u00f6ver mycket s\u00e4llskap skall den inte hamna hos n\u00e5gon som \u00e4r borta hela dagarna etc.)<\/p>\n<p><strong>En intresseanm\u00e4lan \u00e4r inte bindande f\u00f6r n\u00e5gon part.<\/strong>\u00a0Intresseanm\u00e4lan g\u00e5s sedan igenom av n\u00e5gra av oss utsedda personer. Observera att en katt kan ha flera intresseanm\u00e4lningar. Man kan ocks\u00e5 vara ensam om att skriva intresseanm\u00e4lan p\u00e5 en katt eller hund &#8211; <em>men<\/em> &#8211; det \u00e4r inte s\u00e4kert man f\u00e5r adoptera den i alla fall. Eftersom v\u00e5ra katter och hundar ofta har med sig olika upplevelser fr\u00e5n sina tidigare liv \u00e4r vi mycket angel\u00e4gna om att de skall hamna i r\u00e4tt hem sett ur alla synpunkter, och det \u00e4r vi som avg\u00f6r detta.<\/p>\n<h3>F\u00f6r att adoptera fr\u00e5n oss m\u00e5ste man vara myndig<\/h3>\n<p>Oavsett den nya \u00e4garens \u00e5lder s\u00e5 m\u00e5ste denne, eller annan person i hush\u00e5llet stadigvarande person, kunna utf\u00f6ra alla praktiska saker som kr\u00e4vs av en katt\u00e4gare. H\u00e5lla rent i kattl\u00e5dan, transportera katten till veterin\u00e4r, klippa kattens klor etc.\u00a0 Du b\u00f6r \u00e4ven ha Ditt djur f\u00f6rs\u00e4krat och\/eller ha en ekonomi som s\u00e4kerst\u00e4ller att Du har r\u00e5d med alla kostnader som djur\u00e4gande \u00e4r f\u00f6renat med! Du binder upp Dig f\u00f6r ett livsl\u00e5ngt \u00e4gande och ansvar f\u00f6r djuret.<\/p>\n<p>Vi tar h\u00e4nsyn till kattens uppskattade livsl\u00e4ngd samt kattens personlighet och behov n\u00e4r vi tar beslut om adoption.<\/p>\n<p>Vi adopterar inte ensamma kattungar till hem utan kattkompis\/hundkompis. Har man en \u00e4ldre katt hemma s\u00e5 rekommenderar vi inte att man tar hem en kattunge eller en ung och busig katt. Inte sn\u00e4llt mot den \u00e4ldre katten som l\u00e4tt blir stressad.<\/p>\n<p>Vi adopterar inte ut utekatter till omr\u00e5de d\u00e4r vi inte anser att omr\u00e5det \u00e4r s\u00e4kert ur kattsynpunkt. Alltf\u00f6r m\u00e5nga katter mister sitt liv i trafiken.<\/p>\n<p>Du ska ha permanent uppeh\u00e5llstillst\u00e5nd i Sverige f\u00f6r f\u00e5 adoptera djur hos oss.<\/p>\n<p><strong>Legitimation skall alltid uppvisas vid intresseanm\u00e4lan.<\/strong>\u00a0Vi utg\u00e5r fr\u00e5n att alla \u00e4r inf\u00f6rst\u00e5dda med att vi alla situationer agerar utifr\u00e5n kattens b\u00e4sta. Efter gruppens genomg\u00e5ng av intresseanm\u00e4lningar meddelas du beslutet. Du f\u00e5r givetvis inte ha belagts med djurf\u00f6rbud av L\u00e4nsstyrelsen. Detta kontrolleras med dem genom Din identitet.<\/p>\n<p><strong>Vid adoptionen skrivs ett avtal d\u00e4r man f\u00f6rbinder sig att v\u00e5rda katten v\u00e4l och tillgodose dess behov.<\/strong>\u00a0Du f\u00e5r inte avliva, omplacera eller p\u00e5 annat s\u00e4tt f\u00f6r\u00e4ndra tillvaron f\u00f6r katten utan att ta kontakt med Djurskyddet Kristinehamn. Det \u00e4r den som skall adoptera katten som skall h\u00e4mta och skriva under avtalet. Om katten far illa eller hemmet visar sig vara ol\u00e4mpligt har vi r\u00e4tt att \u00e5terta katten omedelbart och utan \u00e5terbetalning! Vi f\u00f6ljer upp kattens fortsatta tillvaro genom kontakt med Dig som djur\u00e4gare.<\/p>\n<h3>Priser p\u00e5 katter:<\/h3>\n<p>Aktuella priser f\u00f6r adoption av djur finns p\u00e5 djurhemmet. Priser best\u00e4ms av styrelsen. Det tillkommer \u00e4ven en avgift f\u00f6r \u00e4garregistreringen hos Sv. Kennelklubben.<br \/>\n\u00d6verl\u00e5telse av raskatt med stamtavla (vaccinerad, kastrerad, chippad, registrerad): Priset best\u00e4ms av oss beroende av ras och kattens \u00e5lder.<br \/>\nAndra priser kan f\u00f6rekomma p\u00e5 \u00e4ldre katter oavsett ras.<\/p>\n<h3>Hund<\/h3>\n<p><strong>Vill man adoptera hund fr\u00e5n oss m\u00e5ste man f\u00f6rst komma p\u00e5 bes\u00f6k och tr\u00e4ffa oss och hunden. Vi adopterar inte ut hundar utan att f\u00f6rst ha tr\u00e4ffat k\u00f6paren med familj.<\/strong>\u00a0Eftersom alla hundar i f\u00f6reningens f\u00f6rvaltning finns i jourhem kan hundar tr\u00e4ffas endast efter tidsbokning med personalens hundansvarige. Det \u00e4r den hundansvarige som beslutar om Du eventuellt godk\u00e4nns som ny \u00e4gare. En noggrann pr\u00f6vning sker av Din l\u00e4mplighet som ny \u00e4gare.\u00a0 F\u00f6reningens beslut kan inte \u00f6verklagas.\u00a0 Alla beslut tas med h\u00e4nsyn till hundens tidigare levnadshistoria och hur den framgent b\u00f6r leva. <strong>Priset f\u00f6r hunden s\u00e4tts av f\u00f6reningens hundansvarige.<\/strong> De flesta hundar som kommer till oss har g\u00e5tt via L\u00e4nsstyrelsens djurskyddsenhet d\u00e4r de omh\u00e4ndertagits av olika anledningar. I \u00f6vrigt g\u00e4ller samma regler f\u00f6r hund som f\u00f6r katt i texterna ovanf\u00f6r.<\/p>\n","protected":false},"excerpt":{"rendered":"<p>F\u00f6reningen driver ett djurhem i Kristinehamn. D\u00e4r g\u00f6r v\u00e5r personal och engagerade medlemmar stora insatser f\u00f6r att heml\u00f6sa och \u00f6vergivna katter och hundar ska f\u00e5 ett b\u00e4ttre liv. Vi tar hand om \u00f6ver 200 katter och runt 40 hundar \u00e5rligen. Katterna p\u00e5 djurhemmet f\u00e5r daglig omv\u00e5rdnad med mat, vatten, st\u00e4dning och omklappning. Alla katter vaccineras, m\u00e4rks och kastreras hos traktens veterin\u00e4rer innan de s\u00e4ljs. Vid intresse g\u00f6r ett bes\u00f6k p\u00e5&hellip;<\/p>\n<p><a class=\"more-link\" href=\"https:\/\/www.djurskyddet.se\/kristinehamn\/omplacering\/\" title=\"Continue reading &lsquo;Adoption av katt eller hund&rsquo;\">L&auml;s mer<span class=\"meta-nav\">&raquo;<\/span><\/a><\/p>\n","protected":false},"author":3,"featured_media":0,"parent":0,"menu_order":0,"comment_status":"closed","ping_status":"closed","template":"page-templates\/left-sidebar.php","meta":{"_acf_changed":false,"footnotes":""},"class_list":["post-5649","page","type-page","status-publish","hentry"],"acf":[],"_links":{"self":[{"href":"https:\/\/www.djurskyddet.se\/kristinehamn\/wp-json\/wp\/v2\/pages\/5649","targetHints":{"allow":["GET"]}}],"collection":[{"href":"https:\/\/www.djurskyddet.se\/kristinehamn\/wp-json\/wp\/v2\/pages"}],"about":[{"href":"https:\/\/www.djurskyddet.se\/kristinehamn\/wp-json\/wp\/v2\/types\/page"}],"author":[{"embeddable":true,"href":"https:\/\/www.djurskyddet.se\/kristinehamn\/wp-json\/wp\/v2\/users\/3"}],"replies":[{"embeddable":true,"href":"https:\/\/www.djurskyddet.se\/kristinehamn\/wp-json\/wp\/v2\/comments?post=5649"}],"version-history":[{"count":20,"href":"https:\/\/www.djurskyddet.se\/kristinehamn\/wp-json\/wp\/v2\/pages\/5649\/revisions"}],"predecessor-version":[{"id":10078,"href":"https:\/\/www.djurskyddet.se\/kristinehamn\/wp-json\/wp\/v2\/pages\/5649\/revisions\/10078"}],"wp:attachment":[{"href":"https:\/\/www.djurskyddet.se\/kristinehamn\/wp-json\/wp\/v2\/media?parent=5649"}],"curies":[{"name":"wp","href":"https:\/\/api.w.org\/{rel}","templated":true}]}}