{"id":5707,"date":"2019-01-21T15:49:28","date_gmt":"2019-01-21T15:49:28","guid":{"rendered":"https:\/\/www.djurskyddet.se\/kristinehamn\/?page_id=5707"},"modified":"2019-01-24T07:38:39","modified_gmt":"2019-01-24T07:38:39","slug":"jourhem","status":"publish","type":"page","link":"https:\/\/www.djurskyddet.se\/kristinehamn\/katter-soker-hem\/jourhem\/","title":{"rendered":"Jourhem"},"content":{"rendered":"<p>F\u00f6reningen har n\u00e4stan alltid behov av att anv\u00e4nda jourhem f\u00f6r hundar och \u00e4ven katter.<\/p>\n<p>K\u00e4nner Du att Ditt hem kan vara en l\u00e4mplig tillf\u00e4llig plats f\u00f6r ett djur i ett akut skede? Ofta \u00e4r det djur som har en problematik bakom sig, och det st\u00e4ller vissa krav p\u00e5 Dig och Din familj. Du f\u00e5r ingen ekonomisk ers\u00e4ttning f\u00f6r det ideella arbetet, men f\u00f6reningen st\u00e5r f\u00f6r alla omkostnader s\u00e5som djurmat, kattsand, kattl\u00e5da, halsband till hund, veterin\u00e4rkostnader etc.<\/p>\n<p>Om Du vill st\u00f6dja oss p\u00e5 det h\u00e4r s\u00e4ttet &#8211; tveka inte att kontakta Kristina Gustafsson p\u00e5 0550-15155, f\u00f6r att boka tid f\u00f6r n\u00e4rmare information och f\u00f6reningens senare bed\u00f6mning om just Ditt hem kommer att bli ett jourhem. Ett krav \u00e4r bl.a. att Du ska kunna st\u00e4lla upp med kort varsel.<\/p>\n","protected":false},"excerpt":{"rendered":"<p>F\u00f6reningen har n\u00e4stan alltid behov av att anv\u00e4nda jourhem f\u00f6r hundar och \u00e4ven katter. K\u00e4nner Du att Ditt hem kan vara en l\u00e4mplig tillf\u00e4llig plats f\u00f6r ett djur i ett akut skede? Ofta \u00e4r det djur som har en problematik bakom sig, och det st\u00e4ller vissa krav p\u00e5 Dig och Din familj. Du f\u00e5r ingen ekonomisk ers\u00e4ttning f\u00f6r det ideella arbetet, men f\u00f6reningen st\u00e5r f\u00f6r alla omkostnader s\u00e5som djurmat, kattsand,&hellip;<\/p>\n<p><a class=\"more-link\" href=\"https:\/\/www.djurskyddet.se\/kristinehamn\/katter-soker-hem\/jourhem\/\" title=\"Continue reading &lsquo;Jourhem&rsquo;\">L&auml;s mer<span class=\"meta-nav\">&raquo;<\/span><\/a><\/p>\n","protected":false},"author":22,"featured_media":0,"parent":5629,"menu_order":0,"comment_status":"closed","ping_status":"closed","template":"page-templates\/left-sidebar.php","meta":{"_acf_changed":false,"footnotes":""},"class_list":["post-5707","page","type-page","status-publish","hentry"],"acf":[],"_links":{"self":[{"href":"https:\/\/www.djurskyddet.se\/kristinehamn\/wp-json\/wp\/v2\/pages\/5707","targetHints":{"allow":["GET"]}}],"collection":[{"href":"https:\/\/www.djurskyddet.se\/kristinehamn\/wp-json\/wp\/v2\/pages"}],"about":[{"href":"https:\/\/www.djurskyddet.se\/kristinehamn\/wp-json\/wp\/v2\/types\/page"}],"author":[{"embeddable":true,"href":"https:\/\/www.djurskyddet.se\/kristinehamn\/wp-json\/wp\/v2\/users\/22"}],"replies":[{"embeddable":true,"href":"https:\/\/www.djurskyddet.se\/kristinehamn\/wp-json\/wp\/v2\/comments?post=5707"}],"version-history":[{"count":1,"href":"https:\/\/www.djurskyddet.se\/kristinehamn\/wp-json\/wp\/v2\/pages\/5707\/revisions"}],"predecessor-version":[{"id":5708,"href":"https:\/\/www.djurskyddet.se\/kristinehamn\/wp-json\/wp\/v2\/pages\/5707\/revisions\/5708"}],"up":[{"embeddable":true,"href":"https:\/\/www.djurskyddet.se\/kristinehamn\/wp-json\/wp\/v2\/pages\/5629"}],"wp:attachment":[{"href":"https:\/\/www.djurskyddet.se\/kristinehamn\/wp-json\/wp\/v2\/media?parent=5707"}],"curies":[{"name":"wp","href":"https:\/\/api.w.org\/{rel}","templated":true}]}}