{"id":5709,"date":"2019-01-21T15:52:19","date_gmt":"2019-01-21T15:52:19","guid":{"rendered":"https:\/\/www.djurskyddet.se\/kristinehamn\/?page_id=5709"},"modified":"2021-09-22T19:52:33","modified_gmt":"2021-09-22T19:52:33","slug":"djurvilan-var-djurbegravningsplats","status":"publish","type":"page","link":"https:\/\/www.djurskyddet.se\/kristinehamn\/djurhemmet\/djurvilan-var-djurbegravningsplats\/","title":{"rendered":"Djurvilan &#8211; v\u00e5r djurbegravningsplats"},"content":{"rendered":"<p>F\u00f6reningen sk\u00f6ter sedan 1971 djurbegravningsplatsen Djurvilan i Kristinehamn.<\/p>\n<p>Som djur\u00e4gare kan Du boka gravs\u00e4ttning f\u00f6r alla typer av husdjur &#8211; villkor \u00e4r dock att de \u00e4r kremerade och att askan finns i urna.<\/p>\n<p>Du kan v\u00e4lja att ha en enskild gravplats eller att djurets aska gravs\u00e4tts i den minneslund som finns p\u00e5 omr\u00e5det. Mer information f\u00e5r Du via djurhemmets personal och i den broschyr som finns f\u00f6r \u00e4ndam\u00e5let.<\/p>\n<p>Begravningsplatsen \u00e4r natursk\u00f6nt bel\u00e4gen i omr\u00e5det Hedehult strax utanf\u00f6r Kristinehamn, l\u00e4ngs Bjurtj\u00e4rnsv\u00e4gen. Det \u00e4r en underbar sista viloplats och vacker under alla \u00e5rstider. Det \u00e4r inget krav att du \u00e4r medlem i f\u00f6reningen f\u00f6r att f\u00e5 ditt djur begravt p\u00e5 Djurvilan och det \u00e4r en begravningsplats f\u00f6r alla slags husdjur.<\/p>\n<p>Kostnad f\u00f6r enskild gravplats \u00e4r 600:- f\u00f6r medlem och 800:- f\u00f6r icke medlem.<\/p>\n<p>Kostnad f\u00f6r neds\u00e4ttning i minneslunden \u00e4r kostnadsfritt f\u00f6r medlem och 300:- f\u00f6r icke medlem.<\/p>\n<p>Vid minneslunden gr\u00e4ver representant fr\u00e5n djurskyddet ned askan. F\u00f6r enskild gravplats &#8211; kontakta djurhemmet f\u00f6r att se ut en gravplats och avtala tid f\u00f6r begravning. Graven gr\u00e4vs av representant fr\u00e5n djurskyddet och skottas igen efter ceremoni. Det st\u00e5r \u00e4gare till djuret fritt hur man vill utforma begravningsceremoni, markera gravplatsen och dekorera graven. Markering och dekorationer skall h\u00e5llas smakfullt och inom gravens begr\u00e4nsning, och graven skall fortl\u00f6pande sk\u00f6tas av gravr\u00e4ttsinnehavaren. Kontrakt p\u00e5 gravplats skrivs innan ceremoni och avgiften betalas till v\u00e5rt Bankgiro eller Swish.<\/p>\n<p>Ordningsregler finns uppsatta p\u00e5 infotavlan vid Djurvilan.<\/p>\n<p><img loading=\"lazy\" decoding=\"async\" class=\"alignnone  wp-image-5741\" src=\"https:\/\/www.djurskyddet.se\/kristinehamn\/wp-content\/uploads\/sites\/31\/2019\/01\/BB-Djurvilan-ljust\u00e4ndning-allhelgona-fix-300x225.jpg\" alt=\"\" width=\"535\" height=\"401\" srcset=\"https:\/\/www.djurskyddet.se\/kristinehamn\/wp-content\/uploads\/sites\/31\/2019\/01\/BB-Djurvilan-ljust\u00e4ndning-allhelgona-fix-300x225.jpg 300w, https:\/\/www.djurskyddet.se\/kristinehamn\/wp-content\/uploads\/sites\/31\/2019\/01\/BB-Djurvilan-ljust\u00e4ndning-allhelgona-fix-768x576.jpg 768w, https:\/\/www.djurskyddet.se\/kristinehamn\/wp-content\/uploads\/sites\/31\/2019\/01\/BB-Djurvilan-ljust\u00e4ndning-allhelgona-fix-400x300.jpg 400w, https:\/\/www.djurskyddet.se\/kristinehamn\/wp-content\/uploads\/sites\/31\/2019\/01\/BB-Djurvilan-ljust\u00e4ndning-allhelgona-fix.jpg 960w\" sizes=\"auto, (max-width: 535px) 100vw, 535px\" \/><\/p>\n<p><img loading=\"lazy\" decoding=\"async\" class=\"alignnone  wp-image-5744\" src=\"https:\/\/www.djurskyddet.se\/kristinehamn\/wp-content\/uploads\/sites\/31\/2019\/01\/djurvilan-allhelgona-665-300x160.jpg\" alt=\"\" width=\"544\" height=\"290\" srcset=\"https:\/\/www.djurskyddet.se\/kristinehamn\/wp-content\/uploads\/sites\/31\/2019\/01\/djurvilan-allhelgona-665-300x160.jpg 300w, https:\/\/www.djurskyddet.se\/kristinehamn\/wp-content\/uploads\/sites\/31\/2019\/01\/djurvilan-allhelgona-665-400x213.jpg 400w, https:\/\/www.djurskyddet.se\/kristinehamn\/wp-content\/uploads\/sites\/31\/2019\/01\/djurvilan-allhelgona-665.jpg 665w\" sizes=\"auto, (max-width: 544px) 100vw, 544px\" \/><\/p>\n","protected":false},"excerpt":{"rendered":"<p>F\u00f6reningen sk\u00f6ter sedan 1971 djurbegravningsplatsen Djurvilan i Kristinehamn. Som djur\u00e4gare kan Du boka gravs\u00e4ttning f\u00f6r alla typer av husdjur &#8211; villkor \u00e4r dock att de \u00e4r kremerade och att askan finns i urna. Du kan v\u00e4lja att ha en enskild gravplats eller att djurets aska gravs\u00e4tts i den minneslund som finns p\u00e5 omr\u00e5det. Mer information f\u00e5r Du via djurhemmets personal och i den broschyr som finns f\u00f6r \u00e4ndam\u00e5let. Begravningsplatsen \u00e4r&hellip;<\/p>\n<p><a class=\"more-link\" href=\"https:\/\/www.djurskyddet.se\/kristinehamn\/djurhemmet\/djurvilan-var-djurbegravningsplats\/\" title=\"Continue reading &lsquo;Djurvilan &#8211; v\u00e5r djurbegravningsplats&rsquo;\">L&auml;s mer<span class=\"meta-nav\">&raquo;<\/span><\/a><\/p>\n","protected":false},"author":22,"featured_media":0,"parent":5583,"menu_order":0,"comment_status":"closed","ping_status":"closed","template":"page-templates\/left-sidebar.php","meta":{"_acf_changed":false,"footnotes":""},"class_list":["post-5709","page","type-page","status-publish","hentry"],"acf":[],"_links":{"self":[{"href":"https:\/\/www.djurskyddet.se\/kristinehamn\/wp-json\/wp\/v2\/pages\/5709","targetHints":{"allow":["GET"]}}],"collection":[{"href":"https:\/\/www.djurskyddet.se\/kristinehamn\/wp-json\/wp\/v2\/pages"}],"about":[{"href":"https:\/\/www.djurskyddet.se\/kristinehamn\/wp-json\/wp\/v2\/types\/page"}],"author":[{"embeddable":true,"href":"https:\/\/www.djurskyddet.se\/kristinehamn\/wp-json\/wp\/v2\/users\/22"}],"replies":[{"embeddable":true,"href":"https:\/\/www.djurskyddet.se\/kristinehamn\/wp-json\/wp\/v2\/comments?post=5709"}],"version-history":[{"count":7,"href":"https:\/\/www.djurskyddet.se\/kristinehamn\/wp-json\/wp\/v2\/pages\/5709\/revisions"}],"predecessor-version":[{"id":7629,"href":"https:\/\/www.djurskyddet.se\/kristinehamn\/wp-json\/wp\/v2\/pages\/5709\/revisions\/7629"}],"up":[{"embeddable":true,"href":"https:\/\/www.djurskyddet.se\/kristinehamn\/wp-json\/wp\/v2\/pages\/5583"}],"wp:attachment":[{"href":"https:\/\/www.djurskyddet.se\/kristinehamn\/wp-json\/wp\/v2\/media?parent=5709"}],"curies":[{"name":"wp","href":"https:\/\/api.w.org\/{rel}","templated":true}]}}