{"id":5812,"date":"2021-09-22T20:58:07","date_gmt":"2021-09-22T20:58:07","guid":{"rendered":"https:\/\/www.djurskyddet.se\/kristinehamn\/?page_id=5812"},"modified":"2024-12-09T21:19:26","modified_gmt":"2024-12-09T21:19:26","slug":"intresseanmalan","status":"publish","type":"page","link":"https:\/\/www.djurskyddet.se\/kristinehamn\/intresseanmalan\/","title":{"rendered":"Kontaktuppgifter till oss"},"content":{"rendered":"\n<div class=\"wp-block-group\"><div class=\"wp-block-group__inner-container is-layout-flow wp-block-group-is-layout-flow\">\n<p><strong>E-postadresser<br \/>Djurhemmet: <\/strong><strong>kristinehamn@djurskyddet.se<br \/>Styrelsen: styrelsen.kristinehamn@djurskyddet.se<br \/><br \/><\/strong><strong>Telefonnummer till djurhemmet: 0550-15155<\/strong><br \/><strong>Telefontider: <br \/><\/strong><strong>Vardagar: kl.10-12, 13-16<br \/><\/strong><strong>L\u00f6rdagar, s\u00f6ndagar och helgdagar: kl.10-13<br \/><br \/><\/strong><strong style=\"font-size: revert;color: initial\">\u00d6ppettider f\u00f6r bes\u00f6kande till djurhemmet \u00e4r enligt \u00f6verenskommelse<br \/><br \/><\/strong><strong>Adress till djurhemmet:<\/strong><br \/><strong>Djurskyddet Kristinehamn<\/strong><br \/><strong>Stampbrogatan 10<\/strong><br \/><strong>681 32 Kristinehamn<br \/><br \/><\/strong><strong>Bankgiro:<\/strong><br \/><strong>260-1201<br \/><br \/><\/strong><strong>Swish:<\/strong><br \/><strong>123 553 4904<\/strong><\/p>\n<p class=\"blueMarking\">\u00a0<\/p>\n<\/div><\/div>\n","protected":false},"excerpt":{"rendered":"<p>E-postadresserDjurhemmet: kristinehamn@djurskyddet.seStyrelsen: styrelsen.kristinehamn@djurskyddet.se Telefonnummer till djurhemmet: 0550-15155Telefontider: Vardagar: kl.10-12, 13-16L\u00f6rdagar, s\u00f6ndagar och helgdagar: kl.10-13 \u00d6ppettider f\u00f6r bes\u00f6kande till djurhemmet \u00e4r enligt \u00f6verenskommelse Adress till djurhemmet:Djurskyddet KristinehamnStampbrogatan 10681 32 Kristinehamn Bankgiro:260-1201 Swish:123 553 4904 \u00a0<\/p>\n","protected":false},"author":22,"featured_media":0,"parent":0,"menu_order":0,"comment_status":"closed","ping_status":"closed","template":"page-templates\/left-sidebar.php","meta":{"_acf_changed":false,"footnotes":""},"class_list":["post-5812","page","type-page","status-publish","hentry"],"acf":[],"_links":{"self":[{"href":"https:\/\/www.djurskyddet.se\/kristinehamn\/wp-json\/wp\/v2\/pages\/5812","targetHints":{"allow":["GET"]}}],"collection":[{"href":"https:\/\/www.djurskyddet.se\/kristinehamn\/wp-json\/wp\/v2\/pages"}],"about":[{"href":"https:\/\/www.djurskyddet.se\/kristinehamn\/wp-json\/wp\/v2\/types\/page"}],"author":[{"embeddable":true,"href":"https:\/\/www.djurskyddet.se\/kristinehamn\/wp-json\/wp\/v2\/users\/22"}],"replies":[{"embeddable":true,"href":"https:\/\/www.djurskyddet.se\/kristinehamn\/wp-json\/wp\/v2\/comments?post=5812"}],"version-history":[{"count":20,"href":"https:\/\/www.djurskyddet.se\/kristinehamn\/wp-json\/wp\/v2\/pages\/5812\/revisions"}],"predecessor-version":[{"id":9672,"href":"https:\/\/www.djurskyddet.se\/kristinehamn\/wp-json\/wp\/v2\/pages\/5812\/revisions\/9672"}],"wp:attachment":[{"href":"https:\/\/www.djurskyddet.se\/kristinehamn\/wp-json\/wp\/v2\/media?parent=5812"}],"curies":[{"name":"wp","href":"https:\/\/api.w.org\/{rel}","templated":true}]}}