{"id":5594,"date":"2020-11-25T08:32:21","date_gmt":"2020-11-25T08:32:21","guid":{"rendered":"https:\/\/www.djurskyddet.se\/kronoberg\/?page_id=5594"},"modified":"2025-10-01T10:00:12","modified_gmt":"2025-10-01T10:00:12","slug":"bli-medlem","status":"publish","type":"page","link":"https:\/\/www.djurskyddet.se\/kronoberg\/bli-medlem\/","title":{"rendered":"Bli medlem"},"content":{"rendered":"\n<p>Djurskyddet Kronoberg driver inget djurhem utan arbetar i huvudsak med f\u00f6rebyggande djurskydd. Vi delar ut stipendier till djurskyddsfr\u00e4mjande forskning, utbildning och annan verksamhet. Vi anordnar \u00e4ven f\u00f6rel\u00e4sningskv\u00e4llar och informationskampanjer.<\/p>\n\n\n\n<p>Vi har vid flera tillf\u00e4llen drivit kastrationskampanjer och d\u00e5 subventionerat kastration och ID-m\u00e4rkning av katter i l\u00e4net. Genom att ID-m\u00e4rka och registrera sin katt \u00f6kar man chansen att f\u00e5 tillbaka sin familjemedlem om han\/hon kommer bort.<\/p>\n\n\n\n<p>Du kan vara med och p\u00e5verka genom att bli medlem. Ju fler medlemmar desto starkare r\u00f6st f\u00f6r ett starkt djurskydd! Som medlem g\u00e5r du in gratis p\u00e5 v\u00e5ra f\u00f6rel\u00e4sningar och f\u00e5r f\u00f6lja med p\u00e5 intressanta medlemsresor.<\/p>\n\n\n\n<p>Som medlem i Djurskyddet Kronoberg \u00e4r du ocks\u00e5 medlem i riksf\u00f6rbundet Djurskyddet Sverige och f\u00e5r Tidningen Djurskyddet fyra g\u00e5nger per \u00e5r, b\u00e5de i brevl\u00e5dan och i appen TD. Ladda ner den d\u00e4r appar finns! Dessutom kan du l\u00e4sa intressanta djurskyddsnyheter p\u00e5 <a href=\"https:\/\/tidningen.djurskyddet.se\/\"><strong>webbtidningen<\/strong> <\/a>och kan ta del av ett antal\u202ffina <strong><a href=\"https:\/\/www.djurskyddet.se\/stod-oss\/bli-medlem\/medlemsformaner\/\">medlemsf\u00f6rm\u00e5ner<\/a><\/strong>, s\u00e5som rabatt hos olika n\u00e4tbutiker.\u00a0<\/p>\n\n\n\n<p>Registrera dig som medlem p\u00e5\u202fDjurskyddet Sveriges hemsida. <strong>Se till att v\u00e4lja Djurskyddet Kronoberg<\/strong> som din lokalf\u00f6rening.\u00a0<\/p>\n\n\n\n<div class=\"wp-block-buttons is-layout-flex wp-block-buttons-is-layout-flex\">\n<div class=\"wp-block-button has-custom-font-size has-small-font-size\"><a class=\"wp-block-button__link has-white-color has-text-color has-background has-link-color wp-element-button\" href=\"https:\/\/donation.djurskyddet.se\/s\/medlem\" style=\"background-color:#00a64a\"><strong>Bli medlem h\u00e4r<\/strong><\/a><\/div>\n<\/div>\n\n\n\n<p><\/p>\n\n\n\n<p>Medlemskap i Djurskyddet Kronoberg kostar 240 kronor och f\u00f6r enskild medlem per kalender\u00e5r. Om du blir medlem under oktober\u2013december f\u00e5r du ett medlemskap som str\u00e4cker sig \u00f6ver \u00e4ven f\u00f6ljande \u00e5r.<\/p>\n","protected":false},"excerpt":{"rendered":"<p>Djurskyddet Kronoberg driver inget djurhem utan arbetar i huvudsak med f\u00f6rebyggande djurskydd. Vi delar ut stipendier till djurskyddsfr\u00e4mjande forskning, utbildning och annan verksamhet. Vi anordnar \u00e4ven f\u00f6rel\u00e4sningskv\u00e4llar och informationskampanjer. Vi har vid flera tillf\u00e4llen drivit kastrationskampanjer och d\u00e5 subventionerat kastration och ID-m\u00e4rkning av katter i l\u00e4net. Genom att ID-m\u00e4rka och registrera sin katt \u00f6kar man chansen att f\u00e5 tillbaka sin familjemedlem om han\/hon kommer bort. Du kan vara med och&hellip;<\/p>\n<p><a class=\"more-link\" href=\"https:\/\/www.djurskyddet.se\/kronoberg\/bli-medlem\/\" title=\"Continue reading &lsquo;Bli medlem&rsquo;\">L&auml;s mer<span class=\"meta-nav\">&raquo;<\/span><\/a><\/p>\n","protected":false},"author":3,"featured_media":0,"parent":0,"menu_order":0,"comment_status":"closed","ping_status":"closed","template":"left-sidebar.php","meta":{"_acf_changed":false,"footnotes":""},"class_list":["post-5594","page","type-page","status-publish","hentry"],"acf":[],"_links":{"self":[{"href":"https:\/\/www.djurskyddet.se\/kronoberg\/wp-json\/wp\/v2\/pages\/5594","targetHints":{"allow":["GET"]}}],"collection":[{"href":"https:\/\/www.djurskyddet.se\/kronoberg\/wp-json\/wp\/v2\/pages"}],"about":[{"href":"https:\/\/www.djurskyddet.se\/kronoberg\/wp-json\/wp\/v2\/types\/page"}],"author":[{"embeddable":true,"href":"https:\/\/www.djurskyddet.se\/kronoberg\/wp-json\/wp\/v2\/users\/3"}],"replies":[{"embeddable":true,"href":"https:\/\/www.djurskyddet.se\/kronoberg\/wp-json\/wp\/v2\/comments?post=5594"}],"version-history":[{"count":13,"href":"https:\/\/www.djurskyddet.se\/kronoberg\/wp-json\/wp\/v2\/pages\/5594\/revisions"}],"predecessor-version":[{"id":6340,"href":"https:\/\/www.djurskyddet.se\/kronoberg\/wp-json\/wp\/v2\/pages\/5594\/revisions\/6340"}],"wp:attachment":[{"href":"https:\/\/www.djurskyddet.se\/kronoberg\/wp-json\/wp\/v2\/media?parent=5594"}],"curies":[{"name":"wp","href":"https:\/\/api.w.org\/{rel}","templated":true}]}}