{"id":5599,"date":"2020-11-25T11:49:22","date_gmt":"2020-11-25T11:49:22","guid":{"rendered":"https:\/\/www.djurskyddet.se\/kronoberg\/?page_id=5599"},"modified":"2020-11-26T23:01:56","modified_gmt":"2020-11-26T23:01:56","slug":"testamentera-till-forman-for-djuren","status":"publish","type":"page","link":"https:\/\/www.djurskyddet.se\/kronoberg\/testamentera-till-forman-for-djuren\/","title":{"rendered":"Testamentera till f\u00f6rm\u00e5n f\u00f6r djuren"},"content":{"rendered":"\n<h2 class=\"wp-block-heading\">Inga bidrag fr\u00e5n stat eller kommun<\/h2>\n\n\n\n<p>Vi \u00e4r mycket tacksamma f\u00f6r de g\u00e5vor och arv som vi f\u00e5tt genom \u00e5ren. Utan dem skulle vi inte kunna bedriva v\u00e5r verksamhet. Djurskyddet\u00a0Kronoberg f\u00e5r inga bidrag utan v\u00e5r verksamhet finansieras helt av g\u00e5vor och arv fr\u00e5n m\u00e4nniskor som tycker som vi, att djurskyddsfr\u00e5gor \u00e4r viktiga. \u00c4r du intresserad av att testamentera medel till Djurskyddet Kronoberg?<\/p>\n\n\n\n<p>Har du fr\u00e5gor kring hur man testamenterar till Djurskyddet&nbsp;Kronoberg \u00e4r du v\u00e4lkommen att kontakta oss p\u00e5&nbsp;<a href=\"mailto:info@djurskyddetkronoberg.se\">info@djurskyddetkronoberg.se<\/a><\/p>\n","protected":false},"excerpt":{"rendered":"<p>Inga bidrag fr\u00e5n stat eller kommun Vi \u00e4r mycket tacksamma f\u00f6r de g\u00e5vor och arv som vi f\u00e5tt genom \u00e5ren. Utan dem skulle vi inte kunna bedriva v\u00e5r verksamhet. Djurskyddet\u00a0Kronoberg f\u00e5r inga bidrag utan v\u00e5r verksamhet finansieras helt av g\u00e5vor och arv fr\u00e5n m\u00e4nniskor som tycker som vi, att djurskyddsfr\u00e5gor \u00e4r viktiga. \u00c4r du intresserad av att testamentera medel till Djurskyddet Kronoberg? Har du fr\u00e5gor kring hur man testamenterar till&hellip;<\/p>\n<p><a class=\"more-link\" href=\"https:\/\/www.djurskyddet.se\/kronoberg\/testamentera-till-forman-for-djuren\/\" title=\"Continue reading &lsquo;Testamentera till f\u00f6rm\u00e5n f\u00f6r djuren&rsquo;\">L&auml;s mer<span class=\"meta-nav\">&raquo;<\/span><\/a><\/p>\n","protected":false},"author":3,"featured_media":0,"parent":0,"menu_order":0,"comment_status":"closed","ping_status":"closed","template":"left-sidebar.php","meta":{"_acf_changed":false,"footnotes":""},"class_list":["post-5599","page","type-page","status-publish","hentry"],"acf":[],"_links":{"self":[{"href":"https:\/\/www.djurskyddet.se\/kronoberg\/wp-json\/wp\/v2\/pages\/5599","targetHints":{"allow":["GET"]}}],"collection":[{"href":"https:\/\/www.djurskyddet.se\/kronoberg\/wp-json\/wp\/v2\/pages"}],"about":[{"href":"https:\/\/www.djurskyddet.se\/kronoberg\/wp-json\/wp\/v2\/types\/page"}],"author":[{"embeddable":true,"href":"https:\/\/www.djurskyddet.se\/kronoberg\/wp-json\/wp\/v2\/users\/3"}],"replies":[{"embeddable":true,"href":"https:\/\/www.djurskyddet.se\/kronoberg\/wp-json\/wp\/v2\/comments?post=5599"}],"version-history":[{"count":2,"href":"https:\/\/www.djurskyddet.se\/kronoberg\/wp-json\/wp\/v2\/pages\/5599\/revisions"}],"predecessor-version":[{"id":5714,"href":"https:\/\/www.djurskyddet.se\/kronoberg\/wp-json\/wp\/v2\/pages\/5599\/revisions\/5714"}],"wp:attachment":[{"href":"https:\/\/www.djurskyddet.se\/kronoberg\/wp-json\/wp\/v2\/media?parent=5599"}],"curies":[{"name":"wp","href":"https:\/\/api.w.org\/{rel}","templated":true}]}}