{"id":5612,"date":"2020-11-25T12:07:42","date_gmt":"2020-11-25T12:07:42","guid":{"rendered":"https:\/\/www.djurskyddet.se\/kronoberg\/?page_id=5612"},"modified":"2021-12-06T12:03:26","modified_gmt":"2021-12-06T12:03:26","slug":"tips-och-rad-om-djur","status":"publish","type":"page","link":"https:\/\/www.djurskyddet.se\/kronoberg\/tips-och-rad-om-djur\/","title":{"rendered":"Tips och r\u00e5d"},"content":{"rendered":"\n<p>Djurskyddet Sverige har m\u00e5nga bra tips och r\u00e5d f\u00f6r olika djur. H\u00e4r nedan listar vi l\u00e4nkar till deras sidor f\u00f6r olika djur. Bara att klicka dig vidare till djuret du \u00e4r intresserad av. <\/p>\n\n\n\n<p><a href=\"https:\/\/www.djurskyddet.se\/tips\/blivande-djuragare\/katt\/\">KATT<\/a><br><a href=\"https:\/\/www.djurskyddet.se\/tips\/blivande-djuragare\/hund\/\">HUND<\/a><br><a href=\"https:\/\/www.djurskyddet.se\/tips\/blivande-djuragare\/kanin\/\">KANIN<br><\/a><a href=\"https:\/\/www.djurskyddet.se\/tips\/blivande-djuragare\/gnagare\/\">GNAGARE<\/a><br><a href=\"https:\/\/www.djurskyddet.se\/tips\/blivande-djuragare\/akvariefisk\/\">AKVARIEFISKAR<\/a><br><a href=\"https:\/\/www.djurskyddet.se\/tips\/blivande-djuragare\/kraldjur-och-groddjur\/\">KR\u00c4L- OCH GRODJUR<\/a><br><a href=\"https:\/\/www.djurskyddet.se\/tips\/blivande-djuragare\/hast\/\">H\u00c4ST<\/a><br><\/p>\n\n\n\n<p>Ut\u00f6ver l\u00e4nkarna ovan har vi information om <a href=\"https:\/\/www.djurskyddet.se\/kronoberg\/hund-i-bilen\/\">&#8221;Hund i bilen&#8221;<\/a> med temperaturtabell. Se<a href=\"https:\/\/www.djurskyddet.se\/kronoberg\/hund-i-bilen\/\"> h\u00e4r<\/a>.<\/p>\n","protected":false},"excerpt":{"rendered":"<p>Djurskyddet Sverige har m\u00e5nga bra tips och r\u00e5d f\u00f6r olika djur. H\u00e4r nedan listar vi l\u00e4nkar till deras sidor f\u00f6r olika djur. Bara att klicka dig vidare till djuret du \u00e4r intresserad av. KATTHUNDKANINGNAGAREAKVARIEFISKARKR\u00c4L- OCH GRODJURH\u00c4ST Ut\u00f6ver l\u00e4nkarna ovan har vi information om &#8221;Hund i bilen&#8221; med temperaturtabell. Se h\u00e4r.<\/p>\n","protected":false},"author":3,"featured_media":0,"parent":0,"menu_order":0,"comment_status":"closed","ping_status":"closed","template":"left-sidebar.php","meta":{"_acf_changed":false,"footnotes":""},"class_list":["post-5612","page","type-page","status-publish","hentry"],"acf":[],"_links":{"self":[{"href":"https:\/\/www.djurskyddet.se\/kronoberg\/wp-json\/wp\/v2\/pages\/5612","targetHints":{"allow":["GET"]}}],"collection":[{"href":"https:\/\/www.djurskyddet.se\/kronoberg\/wp-json\/wp\/v2\/pages"}],"about":[{"href":"https:\/\/www.djurskyddet.se\/kronoberg\/wp-json\/wp\/v2\/types\/page"}],"author":[{"embeddable":true,"href":"https:\/\/www.djurskyddet.se\/kronoberg\/wp-json\/wp\/v2\/users\/3"}],"replies":[{"embeddable":true,"href":"https:\/\/www.djurskyddet.se\/kronoberg\/wp-json\/wp\/v2\/comments?post=5612"}],"version-history":[{"count":4,"href":"https:\/\/www.djurskyddet.se\/kronoberg\/wp-json\/wp\/v2\/pages\/5612\/revisions"}],"predecessor-version":[{"id":5871,"href":"https:\/\/www.djurskyddet.se\/kronoberg\/wp-json\/wp\/v2\/pages\/5612\/revisions\/5871"}],"wp:attachment":[{"href":"https:\/\/www.djurskyddet.se\/kronoberg\/wp-json\/wp\/v2\/media?parent=5612"}],"curies":[{"name":"wp","href":"https:\/\/api.w.org\/{rel}","templated":true}]}}