{"id":5642,"date":"2020-11-25T12:21:31","date_gmt":"2020-11-25T12:21:31","guid":{"rendered":"https:\/\/www.djurskyddet.se\/kronoberg\/?page_id=5642"},"modified":"2020-11-25T12:21:32","modified_gmt":"2020-11-25T12:21:32","slug":"tips-till-blivande-djuragare","status":"publish","type":"page","link":"https:\/\/www.djurskyddet.se\/kronoberg\/tips-till-blivande-djuragare\/","title":{"rendered":"Tips till blivande djur\u00e4gare"},"content":{"rendered":"\n<p>Att vara djur\u00e4gare \u00e4r att ta ansvar f\u00f6r ett liv, b\u00e5de ekonomiskt, etiskt och praktiskt. Spontank\u00f6p aldrig ett djur bara f\u00f6r att det bortsk\u00e4nkes eller s\u00e4ljs billigt. Vilket djurslag du \u00e4n funderar p\u00e5 att skaffa dig \u2013 fundera noga p\u00e5 om du har tid, kunskap och ekonomi att ta hand om djuret.<\/p>\n\n\n\n<p><a href=\"https:\/\/www.djurskyddet.se\/tips\/\">P\u00e5 Djurskyddet Sveriges hemsida<\/a> hittar du tips och r\u00e5d om du funderar p\u00e5 att skaffa ett husdjur. Tipsen \u00e4r b\u00e5de generella och indelade f\u00f6r olika djurslag.<\/p>\n","protected":false},"excerpt":{"rendered":"<p>Att vara djur\u00e4gare \u00e4r att ta ansvar f\u00f6r ett liv, b\u00e5de ekonomiskt, etiskt och praktiskt. Spontank\u00f6p aldrig ett djur bara f\u00f6r att det bortsk\u00e4nkes eller s\u00e4ljs billigt. Vilket djurslag du \u00e4n funderar p\u00e5 att skaffa dig \u2013 fundera noga p\u00e5 om du har tid, kunskap och ekonomi att ta hand om djuret. P\u00e5 Djurskyddet Sveriges hemsida hittar du tips och r\u00e5d om du funderar p\u00e5 att skaffa ett husdjur. Tipsen&hellip;<\/p>\n<p><a class=\"more-link\" href=\"https:\/\/www.djurskyddet.se\/kronoberg\/tips-till-blivande-djuragare\/\" title=\"Continue reading &lsquo;Tips till blivande djur\u00e4gare&rsquo;\">L&auml;s mer<span class=\"meta-nav\">&raquo;<\/span><\/a><\/p>\n","protected":false},"author":3,"featured_media":0,"parent":0,"menu_order":0,"comment_status":"closed","ping_status":"closed","template":"left-sidebar.php","meta":{"_acf_changed":false,"footnotes":""},"class_list":["post-5642","page","type-page","status-publish","hentry"],"acf":[],"_links":{"self":[{"href":"https:\/\/www.djurskyddet.se\/kronoberg\/wp-json\/wp\/v2\/pages\/5642","targetHints":{"allow":["GET"]}}],"collection":[{"href":"https:\/\/www.djurskyddet.se\/kronoberg\/wp-json\/wp\/v2\/pages"}],"about":[{"href":"https:\/\/www.djurskyddet.se\/kronoberg\/wp-json\/wp\/v2\/types\/page"}],"author":[{"embeddable":true,"href":"https:\/\/www.djurskyddet.se\/kronoberg\/wp-json\/wp\/v2\/users\/3"}],"replies":[{"embeddable":true,"href":"https:\/\/www.djurskyddet.se\/kronoberg\/wp-json\/wp\/v2\/comments?post=5642"}],"version-history":[{"count":1,"href":"https:\/\/www.djurskyddet.se\/kronoberg\/wp-json\/wp\/v2\/pages\/5642\/revisions"}],"predecessor-version":[{"id":5643,"href":"https:\/\/www.djurskyddet.se\/kronoberg\/wp-json\/wp\/v2\/pages\/5642\/revisions\/5643"}],"wp:attachment":[{"href":"https:\/\/www.djurskyddet.se\/kronoberg\/wp-json\/wp\/v2\/media?parent=5642"}],"curies":[{"name":"wp","href":"https:\/\/api.w.org\/{rel}","templated":true}]}}