{"id":5536,"date":"2023-10-09T00:00:33","date_gmt":"2023-10-09T00:00:33","guid":{"rendered":"http:\/\/www.djurskyddet.se\/landskrona\/?page_id=5536"},"modified":"2023-10-09T05:40:05","modified_gmt":"2023-10-09T05:40:05","slug":"testamentera","status":"publish","type":"page","link":"https:\/\/www.djurskyddet.se\/landskrona\/stod-oss\/testamentera\/","title":{"rendered":"Testamentera till f\u00f6rm\u00e5n f\u00f6r djuren"},"content":{"rendered":"<p><strong>De flesta skriver aldrig ett testamente. Kanske k\u00e4nner man ett visst obehag f\u00f6r att planera f\u00f6r sin egen bortg\u00e5ng. Men att sj\u00e4lv f\u00e5 best\u00e4mma vad som ska h\u00e4nda med sina tillg\u00e5ngar efter sin bortg\u00e5ng \u00e4r ett starkt sk\u00e4l att t\u00e4nka om.<\/strong><\/p>\n<p>\u00c4r Du intresserad av att testamentera medel till Djurskyddet Landskrona? Du kan v\u00e4lja om medlen ska g\u00e5 till f\u00f6reningens allm\u00e4nna verksamhet eller om de ska g\u00e5 till specifika \u00e4ndam\u00e5l.<\/p>\n<h4><strong>Vad \u00e4r ett testamente?<\/strong><\/h4>\n<p>Ett testamente \u00e4r en skriftlig handling som anger hur en persons kvarl\u00e5tenskap ska f\u00f6rdelas. Testamentet m\u00e5ste inte skrivas av testatorn, men testatorn m\u00e5ste skriva under.<\/p>\n<h4><strong>M\u00e5ste det bevittnas?<\/strong><\/h4>\n<p>JA!<br \/>\nDet ska bevittnas av tv\u00e5 personer som \u00e4r med n\u00e4r Du skriver under. Vittnena ska veta att det \u00e4r ett testamente, men beh\u00f6ver inte f\u00e5 se inneh\u00e5llet i det.<br \/>\nDe f\u00e5r inte vara sl\u00e4kt med Dig eller med dina arvingar och inte sj\u00e4lva kommer att \u00e4rva Dig. Vittnena ska avg\u00f6ra att Du \u00e4r vid dina sinnes fulla bruk.<\/p>\n<h4><strong>Hur hanteras ett arv?<\/strong><\/h4>\n<p>1. En testator har testamenterat medel till Djurskyddet Landskrona utan att ange n\u00e5got \u00e4ndam\u00e5l eller angivit \u00f6nskem\u00e5l som till exempel allm\u00e4nt djurskydd.<br \/>\n<strong>\u00c5tg\u00e4rd:<\/strong> Medlen g\u00e5r till Djurskyddet Landskronas allm\u00e4nna verksamhet<\/p>\n<p>2. En testator har testamenterat medel till Djurskyddet Landskrona och uttryckt \u00f6nskem\u00e5l om att medlen ska anv\u00e4ndas f\u00f6r ett speciellt \u00e4ndam\u00e5l. Dock kan hela eller delar av r\u00e4ntan g\u00e5 till f\u00f6reningens l\u00f6pande verksamhet.<br \/>\n<strong>\u00c5tg\u00e4rd:<\/strong> Hela kapitalet avs\u00e4tts f\u00f6r angivet \u00e4ndam\u00e5l och f\u00e5r endast anv\u00e4ndas till detta.<\/p>\n","protected":false},"excerpt":{"rendered":"<p>De flesta skriver aldrig ett testamente. Kanske k\u00e4nner man ett visst obehag f\u00f6r att planera f\u00f6r sin egen bortg\u00e5ng. Men att sj\u00e4lv f\u00e5 best\u00e4mma vad som ska h\u00e4nda med sina tillg\u00e5ngar efter sin bortg\u00e5ng \u00e4r ett starkt sk\u00e4l att t\u00e4nka om. \u00c4r Du intresserad av att testamentera medel till Djurskyddet Landskrona? Du kan v\u00e4lja om medlen ska g\u00e5 till f\u00f6reningens allm\u00e4nna verksamhet eller om de ska g\u00e5 till specifika \u00e4ndam\u00e5l.&hellip;<\/p>\n<p><a class=\"more-link\" href=\"https:\/\/www.djurskyddet.se\/landskrona\/stod-oss\/testamentera\/\" title=\"Continue reading &lsquo;Testamentera till f\u00f6rm\u00e5n f\u00f6r djuren&rsquo;\">L&auml;s mer<span class=\"meta-nav\">&raquo;<\/span><\/a><\/p>\n","protected":false},"author":3,"featured_media":0,"parent":5506,"menu_order":0,"comment_status":"closed","ping_status":"closed","template":"page-templates\/left-sidebar.php","meta":{"_acf_changed":false,"footnotes":""},"class_list":["post-5536","page","type-page","status-publish","hentry"],"acf":[],"_links":{"self":[{"href":"https:\/\/www.djurskyddet.se\/landskrona\/wp-json\/wp\/v2\/pages\/5536","targetHints":{"allow":["GET"]}}],"collection":[{"href":"https:\/\/www.djurskyddet.se\/landskrona\/wp-json\/wp\/v2\/pages"}],"about":[{"href":"https:\/\/www.djurskyddet.se\/landskrona\/wp-json\/wp\/v2\/types\/page"}],"author":[{"embeddable":true,"href":"https:\/\/www.djurskyddet.se\/landskrona\/wp-json\/wp\/v2\/users\/3"}],"replies":[{"embeddable":true,"href":"https:\/\/www.djurskyddet.se\/landskrona\/wp-json\/wp\/v2\/comments?post=5536"}],"version-history":[{"count":6,"href":"https:\/\/www.djurskyddet.se\/landskrona\/wp-json\/wp\/v2\/pages\/5536\/revisions"}],"predecessor-version":[{"id":5922,"href":"https:\/\/www.djurskyddet.se\/landskrona\/wp-json\/wp\/v2\/pages\/5536\/revisions\/5922"}],"up":[{"embeddable":true,"href":"https:\/\/www.djurskyddet.se\/landskrona\/wp-json\/wp\/v2\/pages\/5506"}],"wp:attachment":[{"href":"https:\/\/www.djurskyddet.se\/landskrona\/wp-json\/wp\/v2\/media?parent=5536"}],"curies":[{"name":"wp","href":"https:\/\/api.w.org\/{rel}","templated":true}]}}