{"id":5693,"date":"2018-09-25T11:24:12","date_gmt":"2018-09-25T11:24:12","guid":{"rendered":"http:\/\/www.djurskyddet.se\/landskrona\/?page_id=5693"},"modified":"2021-04-22T17:12:56","modified_gmt":"2021-04-22T17:12:56","slug":"omplacerade-2012","status":"publish","type":"page","link":"https:\/\/www.djurskyddet.se\/landskrona\/djurformedling\/omplacerade\/omplacerade-2012\/","title":{"rendered":"Omplacerade 2012"},"content":{"rendered":"<p><img loading=\"lazy\" decoding=\"async\" class=\"alignleft size-full wp-image-5973\" src=\"https:\/\/www.djurskyddet.se\/landskrona\/wp-content\/uploads\/sites\/22\/2019\/06\/Asta.jpg\" alt=\"\" width=\"160\" height=\"120\">Asta blev upphittad av n\u00e5gra barn i ett bostadsomr\u00e5de n\u00e4ra Borstahusen i Landskrona n\u00e4r hon var ca. 8 veckor gammal i b\u00f6rjan av december 2011. I sitt jourhem fick Asta nya kompisar, en hund, en papegoja, samt en \u00e4ldre katt. Asta upplevdes som en social-kelen-livlig katt i sitt jourhem. Den 14 januari 2012 blev Asta utadopterad till en barnfamilj i Skivarp, som \u00e4ven har tv\u00e5 hundar. Hon har funnit sig snabbt tillr\u00e4tta i nya milj\u00f6n och blivit en liten boss.<\/p>\n<p><img loading=\"lazy\" decoding=\"async\" class=\"alignleft wp-image-5961\" src=\"https:\/\/www.djurskyddet.se\/landskrona\/wp-content\/uploads\/sites\/22\/2019\/06\/Tigris.jpg\" alt=\"\" width=\"110\" height=\"146\"><\/p>\n<p style=\"text-align: left\"><span style=\"float: none;background-color: transparent;color: #191e23;cursor: text;font-family: 'Noto Serif';font-size: 16px;font-style: normal;font-variant: normal;font-weight: 400;letter-spacing: normal;text-align: left;text-decoration: none;text-indent: 0px;text-transform: none\">Tigris kom med 3 syskon till oss ca 5 m\u00e5nader gammal efter att ha bott hos en samlare. Tigris fick komma och g\u00e5 som han ville. Han var inte van vid m\u00e4nniskor. Nu efter att han bott i st\u00f6dhem och f\u00e5tt k\u00e4rlek och omsorg \u00e4r han mer social av sig. Tigris \u00e4r kastrerad, vaccinerad och m\u00e4rkt och har flyttat till sitt nya hem i Lund. Vi hoppas att han kommer trivas bra d\u00e4r!<\/span><\/p>\n<p><img loading=\"lazy\" decoding=\"async\" class=\"alignleft wp-image-5713 size-thumbnail\" src=\"https:\/\/www.djurskyddet.se\/landskrona\/wp-content\/uploads\/sites\/22\/2018\/09\/Pelle-omplacerad-2012-150x150.jpg\" alt=\"\" width=\"150\" height=\"150\" srcset=\"https:\/\/www.djurskyddet.se\/landskrona\/wp-content\/uploads\/sites\/22\/2018\/09\/Pelle-omplacerad-2012-150x150.jpg 150w, https:\/\/www.djurskyddet.se\/landskrona\/wp-content\/uploads\/sites\/22\/2018\/09\/Pelle-omplacerad-2012-300x300.jpg 300w\" sizes=\"auto, (max-width: 150px) 100vw, 150px\" \/> Pelle \u00e4r en mycket social och gosig hankatt som f\u00e5tt ett nytt hem med hj\u00e4lp av Djurskyddet Landskrona.<\/p>\n","protected":false},"excerpt":{"rendered":"<p>Asta blev upphittad av n\u00e5gra barn i ett bostadsomr\u00e5de n\u00e4ra Borstahusen i Landskrona n\u00e4r hon var ca. 8 veckor gammal i b\u00f6rjan av december 2011. I sitt jourhem fick Asta nya kompisar, en hund, en papegoja, samt en \u00e4ldre katt. Asta upplevdes som en social-kelen-livlig katt i sitt jourhem. Den 14 januari 2012 blev Asta utadopterad till en barnfamilj i Skivarp, som \u00e4ven har tv\u00e5 hundar. Hon har funnit sig&hellip;<\/p>\n<p><a class=\"more-link\" href=\"https:\/\/www.djurskyddet.se\/landskrona\/djurformedling\/omplacerade\/omplacerade-2012\/\" title=\"Continue reading &lsquo;Omplacerade 2012&rsquo;\">L&auml;s mer<span class=\"meta-nav\">&raquo;<\/span><\/a><\/p>\n","protected":false},"author":3,"featured_media":0,"parent":5558,"menu_order":0,"comment_status":"closed","ping_status":"closed","template":"page-templates\/left-sidebar.php","meta":{"_acf_changed":false,"footnotes":""},"class_list":["post-5693","page","type-page","status-publish","hentry"],"acf":[],"_links":{"self":[{"href":"https:\/\/www.djurskyddet.se\/landskrona\/wp-json\/wp\/v2\/pages\/5693","targetHints":{"allow":["GET"]}}],"collection":[{"href":"https:\/\/www.djurskyddet.se\/landskrona\/wp-json\/wp\/v2\/pages"}],"about":[{"href":"https:\/\/www.djurskyddet.se\/landskrona\/wp-json\/wp\/v2\/types\/page"}],"author":[{"embeddable":true,"href":"https:\/\/www.djurskyddet.se\/landskrona\/wp-json\/wp\/v2\/users\/3"}],"replies":[{"embeddable":true,"href":"https:\/\/www.djurskyddet.se\/landskrona\/wp-json\/wp\/v2\/comments?post=5693"}],"version-history":[{"count":23,"href":"https:\/\/www.djurskyddet.se\/landskrona\/wp-json\/wp\/v2\/pages\/5693\/revisions"}],"predecessor-version":[{"id":7346,"href":"https:\/\/www.djurskyddet.se\/landskrona\/wp-json\/wp\/v2\/pages\/5693\/revisions\/7346"}],"up":[{"embeddable":true,"href":"https:\/\/www.djurskyddet.se\/landskrona\/wp-json\/wp\/v2\/pages\/5558"}],"wp:attachment":[{"href":"https:\/\/www.djurskyddet.se\/landskrona\/wp-json\/wp\/v2\/media?parent=5693"}],"curies":[{"name":"wp","href":"https:\/\/api.w.org\/{rel}","templated":true}]}}