{"id":4086,"date":"2024-12-30T16:47:47","date_gmt":"2024-12-30T15:47:47","guid":{"rendered":"https:\/\/www.djurskyddet.se\/levandebevis\/?page_id=4086"},"modified":"2025-12-12T11:16:28","modified_gmt":"2025-12-12T10:16:28","slug":"fyrverkerikampanj-fraga-svar","status":"publish","type":"page","link":"https:\/\/www.djurskyddet.se\/levandebevis\/fyrverkerikampanj-fraga-svar\/","title":{"rendered":"H\u00e4r hittar du svar p\u00e5 fr\u00e5gor om v\u00e5r &#8221;levande bevis&#8221; kampanj"},"content":{"rendered":"\n<p><br><strong>Q: Varf\u00f6r \u00e4r fyrverkerier d\u00e5liga f\u00f6r en del djur?<\/strong><br>A: M\u00e5nga \u00e4r de \u00e4gare som vittnar om s\u00e4llskapsdjur som blir stressade och f\u00e5r \u00e5ngest n\u00e4r det sm\u00e4ller runt och p\u00e5 ny\u00e5rsnatten. Hos en del utvecklas det till en r\u00e4dsla som \u00e5terkommer och\/eller kopplas till h\u00f6ga sm\u00e4llar eller ljus och kan d\u00e5 uppst\u00e5 n\u00e4r som helst. Stress och r\u00e4dsla kan ge fysiska men, precis som hos oss m\u00e4nniskor.<\/p>\n\n\n\n<div style=\"height:30px\" aria-hidden=\"true\" class=\"wp-block-spacer\"><\/div>\n\n\n\n<p><strong>Q: Kan fyrverkerier p\u00e5verka vilda djur negativt ocks\u00e5?<\/strong><br>A: Ja, vilda djur blir ocks\u00e5 stressade och r\u00e4dda av fyrverkerierna. Chocken fr\u00e5n fyrverkerier kan f\u00e5 vilda djur att fly, hamna i fel omr\u00e5den eller p\u00e5 v\u00e4gar, flyga in i byggnader och andra hinder, och till och med \u00f6verge bon, vilket g\u00f6r ungar s\u00e5rbara f\u00f6r rovdjur. Flykten bidrar \u00e4ven till att de kan bli st\u00f6rda i vila och f\u00f6dos\u00f6k. Vilda djur kan dessutom skadas av skr\u00e4p och gifter fr\u00e5n fyrverkerierna.<\/p>\n\n\n\n<div style=\"height:30px\" aria-hidden=\"true\" class=\"wp-block-spacer\"><\/div>\n\n\n\n<p><strong>Q: Vad s\u00e4ger lagstiftningen om djur och fyrverkerier?<\/strong><br>A: I Sverige finns ingen lag som f\u00f6rbjuder fyrverkerier, och v\u00e4ldigt f\u00e5 m\u00f6jligheter till begr\u00e4nsningar. Dessa fungerar i sin tur inte heller, eftersom det sm\u00e4lls v\u00e4ldigt mycket, under l\u00e5ng tid p\u00e5 m\u00e5nga st\u00e4llen i landet. D\u00e4remot s\u00e4ger Djurskyddslagen att djur inte ska uts\u00e4ttas f\u00f6r on\u00f6digt lidande och nu samlar vi in levande bevis f\u00f6r att visa p\u00e5 detta lidande och hur det p\u00e5verkar djur.<\/p>\n\n\n\n<div style=\"height:30px\" aria-hidden=\"true\" class=\"wp-block-spacer\"><\/div>\n\n\n\n<p><strong>Q: Vad s\u00e4ger lagstiftningen om fyrverkerier?<\/strong><br>A: Pyrodirektivet (2013\/29\/EU) \u00e4r en EU-best\u00e4mmelse om pyrotekniska varor. Pyrodirektivet har inf\u00f6rlivats i svensk lag genom f\u00f6reskrifter fr\u00e5n Myndigheten f\u00f6r s\u00e4kerhet och beredskap (MSB). MSB menar att de regler som vi har nu \u00e4r s\u00e5 l\u00e5ngt de kan begr\u00e4nsa i enlighet med de direktiv de f\u00e5tt fr\u00e5n regeringen. Fyrverkerier som \u00e4r godk\u00e4nda f\u00f6r den europeiska marknaden kan inte f\u00f6rbjudas helt, men Pyrodirektivet g\u00f6r g\u00e4llande att medlemsstaterna har m\u00f6jlighet att begr\u00e4nsa anv\u00e4ndning eller f\u00f6rs\u00e4ljning.<\/p>\n\n\n\n<div style=\"height:30px\" aria-hidden=\"true\" class=\"wp-block-spacer\"><\/div>\n\n\n\n<p><strong>Q: Vad s\u00e4ger lokala f\u00f6reskrifter om fyrverkerianv\u00e4ndningen?<\/strong><br>A: Ordningslagen ger kommunerna vissa m\u00f6jligheter att begr\u00e4nsa anv\u00e4ndningen av fyrverkerier i t\u00e4ttbebyggda omr\u00e5den, och d\u00e5 p\u00e5 s\u00e4rskilda platser och tider. I en del fall kr\u00e4vs s\u00e4rskilt tillst\u00e5nd fr\u00e5n Polisen, men det \u00e4r oklart i exakt vilka fall ett s\u00e5dant tillst\u00e5nd beh\u00f6vs.<\/p>\n\n\n\n<div style=\"height:30px\" aria-hidden=\"true\" class=\"wp-block-spacer\"><\/div>\n\n\n\n<p><strong>Q: Varf\u00f6r anser vi att till\u00e4mpningen av Ordningslagen inte \u00e4r r\u00e4ttss\u00e4ker?<\/strong><br>A: En del kommuner har inf\u00f6rt begr\u00e4nsningar och andra har f\u00f6rs\u00f6kt inf\u00f6ra begr\u00e4nsningar, men besluten har \u00f6verklagats och upph\u00e4vts. Andra kommuner har kanske inf\u00f6rt begr\u00e4nsningar d\u00e4r dessa inte \u00f6verklagats och d\u00e4rmed inte pr\u00f6vats i domstol. Det g\u00f6r att det inte \u00e4r ett r\u00e4ttss\u00e4kert system.<\/p>\n\n\n\n<div style=\"height:30px\" aria-hidden=\"true\" class=\"wp-block-spacer\"><\/div>\n\n\n\n<p><strong>Q: Vad g\u00e5r kampanjen \u201cLevande bevis\u201d ut p\u00e5?<\/strong><br>A: Kampanjen samlar in konkreta vittnesm\u00e5l om vilken negativ inverkan fyrverkerier har p\u00e5 djur. Syftet \u00e4r att skapa en kraftfull dokumentation av de skador och det lidande fyrverkerier orsakar. Det blir ett viktigt underlag i dialogen med beslutsfattare i fr\u00e5gan om fyrverkerier.<\/p>\n\n\n\n<div style=\"height:30px\" aria-hidden=\"true\" class=\"wp-block-spacer\"><\/div>\n\n\n\n<p><strong>Q: Vad vill Djurskyddet med kampanjen?<\/strong><br>A: Vi vill att politikerna tar sitt ansvar och lyssnar p\u00e5 allm\u00e4nheten; n\u00e4stan 7 av 10 har i v\u00e5r opinionsunders\u00f6kning svarat att de tycker att fyrverkerier \u00e4r ett stort problem f\u00f6r djur. Det l\u00e5ngsiktiga m\u00e5let med kampanjen \u00e4r ett totalf\u00f6rbud f\u00f6r fyrverkerier.<\/p>\n\n\n\n<div style=\"height:30px\" aria-hidden=\"true\" class=\"wp-block-spacer\"><\/div>\n\n\n\n<p><strong>Q: Hur l\u00e4nge kommer kampanjen att p\u00e5g\u00e5?<\/strong><br>A: Vi r\u00e4knar med att kampanjen kommer att p\u00e5g\u00e5 under en l\u00e4ngre tid. Vi kommer d\u00e4rf\u00f6r att vid upprepade tillf\u00e4llen lyfta fr\u00e5gan f\u00f6r att n\u00e5 f\u00f6r\u00e4ndring.<\/p>\n\n\n\n<div style=\"height:30px\" aria-hidden=\"true\" class=\"wp-block-spacer\"><\/div>\n\n\n\n<p><strong>Q: Vad kan jag g\u00f6ra?<\/strong><br>A: Om du har ett husdjur som \u00e4r r\u00e4dd f\u00f6r fyrverkerier kan du skicka in ditt eget levande bevis <a href=\"https:\/\/levandebevis.se\/\">h\u00e4r p\u00e5 v\u00e5r kampanjsida<\/a>. Du kan ocks\u00e5 sprida ordet och dela kampanjen i till exempel dina sociala medier eller n\u00e4r du pratar med andra djurv\u00e4nner.<\/p>\n\n\n\n<a class=\"btn btn-primary\" href=\"https:\/\/www.djurskyddet.se\/levandebevis\/\">Delta i kampanjen<\/a>\n","protected":false},"excerpt":{"rendered":"<p>Q: Varf\u00f6r \u00e4r fyrverkerier d\u00e5liga f\u00f6r en del djur?A: M\u00e5nga \u00e4r de \u00e4gare som vittnar om s\u00e4llskapsdjur som blir stressade och f\u00e5r \u00e5ngest n\u00e4r det sm\u00e4ller runt och p\u00e5 ny\u00e5rsnatten. Hos en del utvecklas det till en r\u00e4dsla som \u00e5terkommer och\/eller kopplas till h\u00f6ga sm\u00e4llar eller ljus och kan d\u00e5 uppst\u00e5 n\u00e4r som helst. Stress [&hellip;]<\/p>\n","protected":false},"author":2,"featured_media":0,"parent":0,"menu_order":0,"comment_status":"closed","ping_status":"closed","template":"page-templates\/page-qanda.php","meta":{"_acf_changed":false,"footnotes":""},"class_list":["post-4086","page","type-page","status-publish","hentry"],"acf":[],"_links":{"self":[{"href":"https:\/\/www.djurskyddet.se\/levandebevis\/wp-json\/wp\/v2\/pages\/4086","targetHints":{"allow":["GET"]}}],"collection":[{"href":"https:\/\/www.djurskyddet.se\/levandebevis\/wp-json\/wp\/v2\/pages"}],"about":[{"href":"https:\/\/www.djurskyddet.se\/levandebevis\/wp-json\/wp\/v2\/types\/page"}],"author":[{"embeddable":true,"href":"https:\/\/www.djurskyddet.se\/levandebevis\/wp-json\/wp\/v2\/users\/2"}],"replies":[{"embeddable":true,"href":"https:\/\/www.djurskyddet.se\/levandebevis\/wp-json\/wp\/v2\/comments?post=4086"}],"version-history":[{"count":24,"href":"https:\/\/www.djurskyddet.se\/levandebevis\/wp-json\/wp\/v2\/pages\/4086\/revisions"}],"predecessor-version":[{"id":8183,"href":"https:\/\/www.djurskyddet.se\/levandebevis\/wp-json\/wp\/v2\/pages\/4086\/revisions\/8183"}],"wp:attachment":[{"href":"https:\/\/www.djurskyddet.se\/levandebevis\/wp-json\/wp\/v2\/media?parent=4086"}],"curies":[{"name":"wp","href":"https:\/\/api.w.org\/{rel}","templated":true}]}}