{"id":4986,"date":"2024-12-31T00:30:48","date_gmt":"2024-12-30T23:30:48","guid":{"rendered":"https:\/\/www.djurskyddet.se\/levandebevis\/?page_id=4986"},"modified":"2025-01-28T21:39:40","modified_gmt":"2025-01-28T20:39:40","slug":"las-alla-vittnesmal","status":"publish","type":"page","link":"https:\/\/www.djurskyddet.se\/levandebevis\/las-alla-vittnesmal\/","title":{"rendered":"L\u00e4s alla vittnesm\u00e5l"},"content":{"rendered":"\n<p><\/p>\n\n\n\n<p>M\u00e5nga levande bevis har skickats in med korta beskrivningar av hur r\u00e4dslan f\u00f6r fyrverkerier tar sig uttryck. L\u00e4s dessa vittnesm\u00e5l nedan.<\/p>\n\n\n\n<p><\/p>\n","protected":false},"excerpt":{"rendered":"<p>M\u00e5nga levande bevis har skickats in med korta beskrivningar av hur r\u00e4dslan f\u00f6r fyrverkerier tar sig uttryck. L\u00e4s dessa vittnesm\u00e5l nedan.<\/p>\n","protected":false},"author":2,"featured_media":0,"parent":0,"menu_order":0,"comment_status":"closed","ping_status":"closed","template":"page-templates\/page-vittnesmal.php","meta":{"_acf_changed":false,"footnotes":""},"class_list":["post-4986","page","type-page","status-publish","hentry"],"acf":[],"_links":{"self":[{"href":"https:\/\/www.djurskyddet.se\/levandebevis\/wp-json\/wp\/v2\/pages\/4986","targetHints":{"allow":["GET"]}}],"collection":[{"href":"https:\/\/www.djurskyddet.se\/levandebevis\/wp-json\/wp\/v2\/pages"}],"about":[{"href":"https:\/\/www.djurskyddet.se\/levandebevis\/wp-json\/wp\/v2\/types\/page"}],"author":[{"embeddable":true,"href":"https:\/\/www.djurskyddet.se\/levandebevis\/wp-json\/wp\/v2\/users\/2"}],"replies":[{"embeddable":true,"href":"https:\/\/www.djurskyddet.se\/levandebevis\/wp-json\/wp\/v2\/comments?post=4986"}],"version-history":[{"count":3,"href":"https:\/\/www.djurskyddet.se\/levandebevis\/wp-json\/wp\/v2\/pages\/4986\/revisions"}],"predecessor-version":[{"id":7889,"href":"https:\/\/www.djurskyddet.se\/levandebevis\/wp-json\/wp\/v2\/pages\/4986\/revisions\/7889"}],"wp:attachment":[{"href":"https:\/\/www.djurskyddet.se\/levandebevis\/wp-json\/wp\/v2\/media?parent=4986"}],"curies":[{"name":"wp","href":"https:\/\/api.w.org\/{rel}","templated":true}]}}