{"id":5583,"date":"2020-05-05T07:00:50","date_gmt":"2020-05-05T07:00:50","guid":{"rendered":"https:\/\/www.djurskyddet.se\/malartassen\/?page_id=5583"},"modified":"2025-08-25T19:50:52","modified_gmt":"2025-08-25T19:50:52","slug":"styrelsen","status":"publish","type":"page","link":"https:\/\/www.djurskyddet.se\/malartassen\/styrelsen\/","title":{"rendered":"Styrelsen"},"content":{"rendered":"\n<p>Vi som sitter i styrelsen samt har \u00f6vriga uppdrag i f\u00f6reningen \u00e4r:<\/p>\n\n\n\n<p>Marie Persson &#8211; ordf\u00f6rande <\/p>\n\n\n\n<p>Krister Svartstr\u00f6m &#8211; kass\u00f6r <\/p>\n\n\n\n<p>Anna-Lena Larsson &#8211; sekreterare <\/p>\n\n\n\n<p>Elisabeth Wikstr\u00f6m &#8211; ledamot <\/p>\n\n\n\n<p>Helene Eriksson &#8211; ledamot <\/p>\n\n\n\n<p>Pia Olsson &#8211; ledamot<\/p>\n\n\n\n<p>Sofia Wallbom &#8211; suppleant <\/p>\n\n\n\n<p><strong>Revisorer:<\/strong><\/p>\n\n\n\n<p>Lars-\u00c5ke \u00d6stensson <\/p>\n\n\n\n<p>Yvonne Larsson <\/p>\n\n\n\n<p><strong>Valberedning: <\/strong><\/p>\n\n\n\n<p>Elsie Karlsson <\/p>\n\n\n\n<p>\u00c5sa Andersson<\/p>\n","protected":false},"excerpt":{"rendered":"<p>Vi som sitter i styrelsen samt har \u00f6vriga uppdrag i f\u00f6reningen \u00e4r: Marie Persson &#8211; ordf\u00f6rande Krister Svartstr\u00f6m &#8211; kass\u00f6r Anna-Lena Larsson &#8211; sekreterare Elisabeth Wikstr\u00f6m &#8211; ledamot Helene Eriksson &#8211; ledamot Pia Olsson &#8211; ledamot Sofia Wallbom &#8211; suppleant Revisorer: Lars-\u00c5ke \u00d6stensson Yvonne Larsson Valberedning: Elsie Karlsson \u00c5sa Andersson<\/p>\n","protected":false},"author":3,"featured_media":0,"parent":0,"menu_order":0,"comment_status":"closed","ping_status":"closed","template":"","meta":{"_acf_changed":false,"footnotes":""},"class_list":["post-5583","page","type-page","status-publish","hentry"],"acf":[],"_links":{"self":[{"href":"https:\/\/www.djurskyddet.se\/malartassen\/wp-json\/wp\/v2\/pages\/5583","targetHints":{"allow":["GET"]}}],"collection":[{"href":"https:\/\/www.djurskyddet.se\/malartassen\/wp-json\/wp\/v2\/pages"}],"about":[{"href":"https:\/\/www.djurskyddet.se\/malartassen\/wp-json\/wp\/v2\/types\/page"}],"author":[{"embeddable":true,"href":"https:\/\/www.djurskyddet.se\/malartassen\/wp-json\/wp\/v2\/users\/3"}],"replies":[{"embeddable":true,"href":"https:\/\/www.djurskyddet.se\/malartassen\/wp-json\/wp\/v2\/comments?post=5583"}],"version-history":[{"count":12,"href":"https:\/\/www.djurskyddet.se\/malartassen\/wp-json\/wp\/v2\/pages\/5583\/revisions"}],"predecessor-version":[{"id":6170,"href":"https:\/\/www.djurskyddet.se\/malartassen\/wp-json\/wp\/v2\/pages\/5583\/revisions\/6170"}],"wp:attachment":[{"href":"https:\/\/www.djurskyddet.se\/malartassen\/wp-json\/wp\/v2\/media?parent=5583"}],"curies":[{"name":"wp","href":"https:\/\/api.w.org\/{rel}","templated":true}]}}

<p>Vi som sitter i styrelsen samt har övriga uppdrag i föreningen är:</p>



<p>Marie Persson &#8211; ordförande </p>



<p>Krister Svartström &#8211; kassör </p>



<p>Anna-Lena Larsson &#8211; sekreterare </p>



<p>Elisabeth Wikström &#8211; ledamot </p>



<p>Helene Eriksson &#8211; ledamot </p>



<p>Pia Olsson &#8211; ledamot</p>



<p>Sofia Wallbom &#8211; suppleant </p>



<p><strong>Revisorer:</strong></p>



<p>Lars-Åke Östensson </p>



<p>Yvonne Larsson </p>



<p><strong>Valberedning: </strong></p>



<p>Elsie Karlsson </p>



<p>Åsa Andersson</p>

<p>Vi som sitter i styrelsen samt har övriga uppdrag i föreningen är: Marie Persson &#8211; ordförande Krister Svartström &#8211; kassör Anna-Lena Larsson &#8211; sekreterare Elisabeth Wikström &#8211; ledamot Helene Eriksson &#8211; ledamot Pia Olsson &#8211; ledamot Sofia Wallbom &#8211; suppleant Revisorer: Lars-Åke Östensson Yvonne Larsson Valberedning: Elsie Karlsson Åsa Andersson</p>
