{"id":6147,"date":"2025-08-22T14:01:45","date_gmt":"2025-08-22T14:01:45","guid":{"rendered":"https:\/\/www.djurskyddet.se\/malartassen\/?page_id=6147"},"modified":"2025-08-22T14:17:38","modified_gmt":"2025-08-22T14:17:38","slug":"viktigt-att-veta-sadant-som-kan-skada-din-katt","status":"publish","type":"page","link":"https:\/\/www.djurskyddet.se\/malartassen\/viktigt-att-veta-sadant-som-kan-skada-din-katt\/","title":{"rendered":"Viktigt att veta: S\u00e5dant som kan skada din katt!"},"content":{"rendered":"\n<p><strong>V\u00e4xter som \u00e4r giftiga f\u00f6r katter<\/strong><\/p>\n\n\n\n<ul class=\"wp-block-list\">\n<li>Liljor (alla sorter \u2013 s\u00e4rskilt farliga!)<\/li>\n\n\n\n<li>Julstj\u00e4rna<\/li>\n\n\n\n<li>Hyacint<\/li>\n\n\n\n<li>Amaryllis<\/li>\n\n\n\n<li>Cyklamen<\/li>\n\n\n\n<li>Sagopalm (Sago palm)<\/li>\n\n\n\n<li>Monstera<\/li>\n\n\n\n<li>Fredskalla<\/li>\n\n\n\n<li>Aloe vera<\/li>\n\n\n\n<li>Murgr\u00f6na (vissa sorter, till exempel engelsk murgr\u00f6na)<\/li>\n<\/ul>\n\n\n\n<p>\u00c4ven sm\u00e5 m\u00e4ngder av vissa v\u00e4xter kan orsaka kr\u00e4kningar, diarr\u00e9, njurproblem eller i v\u00e4rsta fall d\u00f6dsfall.<\/p>\n\n\n\n<p><strong>M\u00e4nnisko-mat som katter inte b\u00f6r \u00e4ta<\/strong><\/p>\n\n\n\n<ul class=\"wp-block-list\">\n<li><strong>Choklad<\/strong>\u00a0\u2013 inneh\u00e5ller teobromin, mycket giftigt<\/li>\n\n\n\n<li><strong>L\u00f6k och vitl\u00f6k<\/strong>\u00a0\u2013 kan skada r\u00f6da blodkroppar<\/li>\n\n\n\n<li><strong>Vindruvor och russin<\/strong>\u00a0\u2013 kan orsaka njursvikt<\/li>\n\n\n\n<li><strong>Avokado<\/strong>\u00a0\u2013 inneh\u00e5ller persin, skadligt f\u00f6r hj\u00e4rta och mage<\/li>\n\n\n\n<li><strong>Koffein och alkohol<\/strong>\u00a0\u2013 mycket giftigt \u00e4ven i sm\u00e5 m\u00e4ngder<\/li>\n\n\n\n<li><strong>Mj\u00f6lk<\/strong>\u00a0\u2013 m\u00e5nga katter \u00e4r laktosintoleranta<\/li>\n\n\n\n<li><strong>R\u00e5 fisk eller r\u00e5tt k\u00f6tt<\/strong>\u00a0\u2013 risk f\u00f6r parasiter och brist p\u00e5 tiamin<\/li>\n\n\n\n<li><strong>Deg med j\u00e4st<\/strong>\u00a0\u2013 kan j\u00e4sa i magen och orsaka allvarliga problem<\/li>\n\n\n\n<li><strong>Ben fr\u00e5n kyckling eller fisk<\/strong>\u00a0\u2013 kan splittras och skada tarmar<\/li>\n<\/ul>\n\n\n\n<p><strong>Risker med r\u00e5 n\u00f6tf\u00e4rs till katter<\/strong><\/p>\n\n\n\n<ul class=\"wp-block-list\">\n<li><strong>Bakterier<\/strong>: R\u00e5 n\u00f6tf\u00e4rs kan inneh\u00e5lla\u00a0<em>Salmonella<\/em>\u00a0eller\u00a0<em>E. coli<\/em>, som kan g\u00f6ra b\u00e5de katten och m\u00e4nniskor i hush\u00e5llet sjuka.<\/li>\n\n\n\n<li><strong>Parasiter<\/strong>: Det finns risk f\u00f6r parasiter som\u00a0<em>toxoplasma<\/em>, s\u00e4rskilt om k\u00f6ttet inte varit fryst i minst tre dygn.<\/li>\n\n\n\n<li><strong>N\u00e4ringsobalans<\/strong>: Om man ger r\u00e5tt k\u00f6tt regelbundet utan att komplettera med organ, ben och vitaminer kan det leda till brister.<br><\/li>\n<\/ul>\n\n\n\n<p><strong>Om du \u00e4nd\u00e5 vill ge r\u00e5 n\u00f6tf\u00e4rs ibland:<\/strong><\/p>\n\n\n\n<ul class=\"wp-block-list\">\n<li>V\u00e4lj\u00a0<strong>f\u00e4rskt k\u00f6tt fr\u00e5n p\u00e5litlig k\u00e4lla<\/strong>\u00a0(g\u00e4rna ekologiskt eller svenskt).<\/li>\n\n\n\n<li><strong>Frys in k\u00f6ttet i minst 3 dygn<\/strong>\u00a0innan du ger det \u2013 det minskar risken f\u00f6r parasiter.<\/li>\n\n\n\n<li>Ge det som\u00a0<strong>komplement<\/strong>, inte som huvudf\u00f6da.<\/li>\n\n\n\n<li>Undvik att ge det till\u00a0<strong>kattungar, \u00e4ldre katter eller katter med nedsatt immunf\u00f6rsvar<\/strong>.<\/li>\n<\/ul>\n\n\n\n<figure class=\"wp-block-image size-full\"><img loading=\"lazy\" decoding=\"async\" width=\"1024\" height=\"683\" src=\"https:\/\/www.djurskyddet.se\/malartassen\/wp-content\/uploads\/sites\/43\/2025\/08\/CatPlant.jpg\" alt=\"\" class=\"wp-image-6150\" srcset=\"https:\/\/www.djurskyddet.se\/malartassen\/wp-content\/uploads\/sites\/43\/2025\/08\/CatPlant.jpg 1024w, https:\/\/www.djurskyddet.se\/malartassen\/wp-content\/uploads\/sites\/43\/2025\/08\/CatPlant-300x200.jpg 300w, https:\/\/www.djurskyddet.se\/malartassen\/wp-content\/uploads\/sites\/43\/2025\/08\/CatPlant-768x512.jpg 768w, https:\/\/www.djurskyddet.se\/malartassen\/wp-content\/uploads\/sites\/43\/2025\/08\/CatPlant-400x267.jpg 400w\" sizes=\"auto, (max-width: 1024px) 100vw, 1024px\" \/><\/figure>\n","protected":false},"excerpt":{"rendered":"<p>V\u00e4xter som \u00e4r giftiga f\u00f6r katter \u00c4ven sm\u00e5 m\u00e4ngder av vissa v\u00e4xter kan orsaka kr\u00e4kningar, diarr\u00e9, njurproblem eller i v\u00e4rsta fall d\u00f6dsfall. M\u00e4nnisko-mat som katter inte b\u00f6r \u00e4ta Risker med r\u00e5 n\u00f6tf\u00e4rs till katter Om du \u00e4nd\u00e5 vill ge r\u00e5 n\u00f6tf\u00e4rs ibland:<\/p>\n","protected":false},"author":44,"featured_media":0,"parent":0,"menu_order":0,"comment_status":"closed","ping_status":"closed","template":"","meta":{"_acf_changed":false,"footnotes":""},"class_list":["post-6147","page","type-page","status-publish","hentry"],"acf":[],"_links":{"self":[{"href":"https:\/\/www.djurskyddet.se\/malartassen\/wp-json\/wp\/v2\/pages\/6147","targetHints":{"allow":["GET"]}}],"collection":[{"href":"https:\/\/www.djurskyddet.se\/malartassen\/wp-json\/wp\/v2\/pages"}],"about":[{"href":"https:\/\/www.djurskyddet.se\/malartassen\/wp-json\/wp\/v2\/types\/page"}],"author":[{"embeddable":true,"href":"https:\/\/www.djurskyddet.se\/malartassen\/wp-json\/wp\/v2\/users\/44"}],"replies":[{"embeddable":true,"href":"https:\/\/www.djurskyddet.se\/malartassen\/wp-json\/wp\/v2\/comments?post=6147"}],"version-history":[{"count":3,"href":"https:\/\/www.djurskyddet.se\/malartassen\/wp-json\/wp\/v2\/pages\/6147\/revisions"}],"predecessor-version":[{"id":6152,"href":"https:\/\/www.djurskyddet.se\/malartassen\/wp-json\/wp\/v2\/pages\/6147\/revisions\/6152"}],"wp:attachment":[{"href":"https:\/\/www.djurskyddet.se\/malartassen\/wp-json\/wp\/v2\/media?parent=6147"}],"curies":[{"name":"wp","href":"https:\/\/api.w.org\/{rel}","templated":true}]}}