{"id":5621,"date":"2020-01-15T14:06:07","date_gmt":"2020-01-15T14:06:07","guid":{"rendered":"https:\/\/www.djurskyddet.se\/norravarmland\/?page_id=5621"},"modified":"2025-08-27T19:51:13","modified_gmt":"2025-08-27T19:51:13","slug":"priser-och-villkor","status":"publish","type":"page","link":"https:\/\/www.djurskyddet.se\/norravarmland\/priser-och-villkor\/","title":{"rendered":"Information inf\u00f6r adoption"},"content":{"rendered":"\n<p>Nedanf\u00f6r kan du l\u00e4sa om de villkor vi till\u00e4mpar vid adoption av omh\u00e4ndertagna djur.<\/p>\n\n\n\n<p>V\u00e5ra katter kastreras, chippas, avmaskas och vaccineras innan de adopterades ut. Undantag kattungar som inte \u00e4r \u00e5ldern komna, krav att det ska ske n\u00e4r de \u00e4r 5-7 m\u00e5nader och att intyg ska skickas till v\u00e5r mail.<\/p>\n\n\n\n<p>L\u00e4ngtar du efter en kompis och gott s\u00e4llskap s\u00e5 hittar du s\u00e4kert en bland v\u00e5ra djur! Vi hj\u00e4lper djur i den m\u00e5n vi kan, s\u00e5\u00a0kika in med j\u00e4mna mellanrum om det \u00e4r n\u00e5got speciellt du letar efter. Vi tar helst emot intresseanm\u00e4lningar p\u00e5 specifik katt, det \u00e4r sv\u00e5rt att h\u00e5lla reda p\u00e5 vem som s\u00f6ker vad.<\/p>\n\n\n\n<p>M\u00e5nga vill ha en kattunge men t\u00e4nk p\u00e5 att de beh\u00f6ver mycket s\u00e4llskap\/tillsyn, \u00e4r livliga och beh\u00f6ver ha sin \u00e4gare pigg i m\u00e5nga \u00e5r fram\u00f6ver.<\/p>\n\n\n\n<p>En vuxen katt (speciellt heml\u00f6s) \u00e4r tacksam \u00f6ver att f\u00e5 en trygg plats, \u00e4r lugnare och beh\u00f6ver f\u00e5 ta tid p\u00e5 sig i nya hemmet. Viktigt h\u00e4r \u00e4r t\u00e5lamod och se alla framsteg som stora.<\/p>\n\n\n\n<p>Vi skriver alltid kontrakt med den som adopterar. Vi sk\u00e4nker aldrig bort ett djur, vi \u00e4r m\u00e5na om vart de hamnar. Vi jobbar f\u00f6r att h\u00f6ja katternas status!<\/p>\n\n\n\n<p>Alla katter ska registreras p\u00e5 Jordbruksverkets kattregister! Djur-ID och SVERAK \u00e4r ocks\u00e5 att rekommendera, t\u00e4nk \u00e4ven p\u00e5 att skaffa en bra f\u00f6rs\u00e4kring.<\/p>\n\n\n\n<p>        <strong>Adoptionsavgifter<\/strong> &#8211; <\/p>\n\n\n\n<ul class=\"wp-block-list\">\n<li><strong>Kastrerad, vaccinerad och chippad katt \u00e4r 2000:-<\/strong><\/li>\n\n\n\n<li><strong>Kattungar, vaccinerad och chippad kostar 1500:- <\/strong><\/li>\n\n\n\n<li><strong>Pris p\u00e5 hundar best\u00e4ms enligt \u00f6verenskommelse med den nya \u00e4garen.\u00a0<\/strong><\/li>\n\n\n\n<li><strong>\u00d6verl\u00e5ter du ett djur s\u00e5 tillfaller det oss, utan kostnad<\/strong>.<\/li>\n\n\n\n<li><strong>Djuret kan inte \u00f6verl\u00e5tas p\u00e5 en ny \u00e4gare utan f\u00f6reningens till\u00e5telse.<\/strong><\/li>\n\n\n\n<li><strong>Alla djur kollas av veterin\u00e4r.<\/strong><\/li>\n<\/ul>\n\n\n\n<p><\/p>\n\n\n\n<p><em>OBS!<\/em> <strong>Har du ett upphittat eller borttappat djur, vi hj\u00e4lper dig med efterlysning.<\/strong><\/p>\n\n\n\n<p>Gl\u00f6m inte <a href=\"https:\/\/www.djurskyddet.se\/norravarmland\/wp-content\/uploads\/sites\/41\/2025\/08\/Kattregister.pdf\">Jordbruksverkets kattregister<\/a><\/p>\n\n\n\n<p><\/p>\n","protected":false},"excerpt":{"rendered":"<p>https:\/\/www.djurskyddet.se\/norravarmland\/wp-content\/uploads\/sites\/41\/2025\/08\/Kattregister.pdf<\/p>\n","protected":false},"author":3,"featured_media":0,"parent":0,"menu_order":0,"comment_status":"closed","ping_status":"closed","template":"left-sidebar.php","meta":{"_acf_changed":false,"footnotes":""},"class_list":["post-5621","page","type-page","status-publish","hentry"],"acf":[],"_links":{"self":[{"href":"https:\/\/www.djurskyddet.se\/norravarmland\/wp-json\/wp\/v2\/pages\/5621","targetHints":{"allow":["GET"]}}],"collection":[{"href":"https:\/\/www.djurskyddet.se\/norravarmland\/wp-json\/wp\/v2\/pages"}],"about":[{"href":"https:\/\/www.djurskyddet.se\/norravarmland\/wp-json\/wp\/v2\/types\/page"}],"author":[{"embeddable":true,"href":"https:\/\/www.djurskyddet.se\/norravarmland\/wp-json\/wp\/v2\/users\/3"}],"replies":[{"embeddable":true,"href":"https:\/\/www.djurskyddet.se\/norravarmland\/wp-json\/wp\/v2\/comments?post=5621"}],"version-history":[{"count":7,"href":"https:\/\/www.djurskyddet.se\/norravarmland\/wp-json\/wp\/v2\/pages\/5621\/revisions"}],"predecessor-version":[{"id":7139,"href":"https:\/\/www.djurskyddet.se\/norravarmland\/wp-json\/wp\/v2\/pages\/5621\/revisions\/7139"}],"wp:attachment":[{"href":"https:\/\/www.djurskyddet.se\/norravarmland\/wp-json\/wp\/v2\/media?parent=5621"}],"curies":[{"name":"wp","href":"https:\/\/api.w.org\/{rel}","templated":true}]}}