{"id":5579,"date":"2018-11-01T12:20:32","date_gmt":"2018-11-01T12:20:32","guid":{"rendered":"https:\/\/www.djurskyddet.se\/norrbotten\/?page_id=5579"},"modified":"2018-11-12T16:42:32","modified_gmt":"2018-11-12T15:42:32","slug":"tips-rad","status":"publish","type":"page","link":"https:\/\/www.djurskyddet.se\/norrbotten\/tips-rad\/","title":{"rendered":"Tips &#038; r\u00e5d"},"content":{"rendered":"<h3>DJURSKYDDET REGLERAS I LAGEN<\/h3>\n<p>I djurskyddslagen finns best\u00e4mmelser om hur djur ska h\u00e5llas och sk\u00f6tas. Dessa best\u00e4mmelser kompletteras genom djurskyddsf\u00f6rordningen, olika f\u00f6reskrifter samt allm\u00e4nna r\u00e5d. Djurskyddslagen g\u00e4ller f\u00f6r djur som h\u00e5lls i f\u00e5ngenskap, till exempel lantbruksdjur, s\u00e4llskapsdjur, t\u00e4vlingsdjur, djurparksdjur och f\u00f6rs\u00f6ksdjur. En grundl\u00e4ggande best\u00e4mmelse i lagen \u00e4r att djur ska behandlas v\u00e4l och skyddas mot sjukdomar och on\u00f6digt lidande. En annan \u00e4r att de ska ha m\u00f6jlighet till ett s\u00e5 naturligt liv som m\u00f6jligt.<\/p>\n<p>Jordbruksverket har det \u00f6vergripande ansvaret f\u00f6r att uppr\u00e4tth\u00e5lla och utveckla djurskyddet i Sverige. I uppdraget ing\u00e5r att samordna och v\u00e4gleda l\u00e4nsstyrelsernas djurskyddsarbete.<\/p>\n<p><a href=\"http:\/\/www.sjv.se\/amnesomraden\/djurhalsopersonal\/veterinaraforfattningshandboken\/ldjurskydd.4.6beab0f111fb74e78a78000821.html\" target=\"_blank\" rel=\"noopener\">Jordbruksverkets f\u00f6rfattningar om djurskydd<\/a><\/p>\n<h3>VAD G\u00d6R JAG OM ETT DJUR FAR ILLA?<\/h3>\n<p>Vanv\u00e5rd av djur \u00e4r ett brott mot djurskyddslagen och om du misst\u00e4nker att n\u00e5got djur \u00e4r utsatt f\u00f6r detta b\u00f6r du anm\u00e4la detta till l\u00e4nsstyrelsen, som ansvarar f\u00f6r s\u00e5v\u00e4l f\u00f6rebyggande som akuta djurskyddskontroller i Norrbotten. Anm\u00e4lan kan vara anonym.<\/p>\n<p>Kontaktuppgifter:<\/p>\n<h4><a href=\"https:\/\/www.lansstyrelsen.se\/norrbotten\/privat.html\" target=\"_blank\" rel=\"noopener\">L\u00e4nsstyrelsen i Norrbotten<\/a><\/h4>\n<p><strong>har en servicetelefon f\u00f6r djurskyddsfr\u00e5gor:<br \/>\n<\/strong><strong>Ring 0920-964 00 mellan kl. 9-12 och 13-15 s\u00e5 f\u00e5r du prata med en djurskyddshandl\u00e4ggare.<\/strong><\/p>\n<p>Utanf\u00f6r kontorstid h\u00e4nvisar man till polisens v\u00e4xel 11414. Det \u00e4r ocks\u00e5 polisen du ska kontakta om situationen \u00e4r akut och inte kan v\u00e4nta.<\/p>\n<p>Ol\u00e4genhet, enligt milj\u00f6balken, s\u00e5som djur som st\u00f6r, \u00e4r kommunens ansvar. Kommunen ansvarar ocks\u00e5 f\u00f6r djurlivet i stadens parker och dammar. Kontakta milj\u00f6f\u00f6rvaltningen via kommunens v\u00e4xel.<\/p>\n<h3>Andra l\u00e4nkar:<\/h3>\n<p><a href=\"http:\/\/sjv.se\/\" target=\"_blank\" rel=\"noopener\">Jordbruksverkets hemsida<\/a><br \/>\n<a href=\"http:\/\/www.viltrehab.se\" target=\"_blank\" rel=\"noopener\">Nordens Viltrehabilitering<\/a><br \/>\n<a href=\"http:\/\/www.naturvardsverket.se\/\" target=\"_blank\" rel=\"noopener\">Naturv\u00e5rdsverket<\/a><\/p>\n","protected":false},"excerpt":{"rendered":"<p>DJURSKYDDET REGLERAS I LAGEN I djurskyddslagen finns best\u00e4mmelser om hur djur ska h\u00e5llas och sk\u00f6tas. Dessa best\u00e4mmelser kompletteras genom djurskyddsf\u00f6rordningen, olika f\u00f6reskrifter samt allm\u00e4nna r\u00e5d. Djurskyddslagen g\u00e4ller f\u00f6r djur som h\u00e5lls i f\u00e5ngenskap, till exempel lantbruksdjur, s\u00e4llskapsdjur, t\u00e4vlingsdjur, djurparksdjur och f\u00f6rs\u00f6ksdjur. En grundl\u00e4ggande best\u00e4mmelse i lagen \u00e4r att djur ska behandlas v\u00e4l och skyddas mot sjukdomar och on\u00f6digt lidande. En annan \u00e4r att de ska ha m\u00f6jlighet till ett s\u00e5&hellip;<\/p>\n<p><a class=\"more-link\" href=\"https:\/\/www.djurskyddet.se\/norrbotten\/tips-rad\/\" title=\"Continue reading &lsquo;Tips &#038; r\u00e5d&rsquo;\">L&auml;s mer<span class=\"meta-nav\">&raquo;<\/span><\/a><\/p>\n","protected":false},"author":3,"featured_media":0,"parent":0,"menu_order":0,"comment_status":"closed","ping_status":"closed","template":"page-templates\/left-sidebar.php","meta":{"_acf_changed":false,"footnotes":""},"class_list":["post-5579","page","type-page","status-publish","hentry"],"acf":[],"_links":{"self":[{"href":"https:\/\/www.djurskyddet.se\/norrbotten\/wp-json\/wp\/v2\/pages\/5579","targetHints":{"allow":["GET"]}}],"collection":[{"href":"https:\/\/www.djurskyddet.se\/norrbotten\/wp-json\/wp\/v2\/pages"}],"about":[{"href":"https:\/\/www.djurskyddet.se\/norrbotten\/wp-json\/wp\/v2\/types\/page"}],"author":[{"embeddable":true,"href":"https:\/\/www.djurskyddet.se\/norrbotten\/wp-json\/wp\/v2\/users\/3"}],"replies":[{"embeddable":true,"href":"https:\/\/www.djurskyddet.se\/norrbotten\/wp-json\/wp\/v2\/comments?post=5579"}],"version-history":[{"count":19,"href":"https:\/\/www.djurskyddet.se\/norrbotten\/wp-json\/wp\/v2\/pages\/5579\/revisions"}],"predecessor-version":[{"id":5743,"href":"https:\/\/www.djurskyddet.se\/norrbotten\/wp-json\/wp\/v2\/pages\/5579\/revisions\/5743"}],"wp:attachment":[{"href":"https:\/\/www.djurskyddet.se\/norrbotten\/wp-json\/wp\/v2\/media?parent=5579"}],"curies":[{"name":"wp","href":"https:\/\/api.w.org\/{rel}","templated":true}]}}