{"id":5598,"date":"2018-11-01T12:33:21","date_gmt":"2018-11-01T12:33:21","guid":{"rendered":"https:\/\/www.djurskyddet.se\/norrbotten\/?page_id=5598"},"modified":"2025-10-01T10:48:17","modified_gmt":"2025-10-01T09:48:17","slug":"bli-medlem","status":"publish","type":"page","link":"https:\/\/www.djurskyddet.se\/norrbotten\/stod-oss\/bli-medlem\/","title":{"rendered":"Bli medlem"},"content":{"rendered":"\n<p>Som medlem i Djurskyddet Norrbotten st\u00f6djer du din lokala djurskyddsf\u00f6rening och har r\u00f6str\u00e4tt p\u00e5 \u00e5rsm\u00f6tet. Du<span data-contrast=\"auto\"> \u00e4r ocks\u00e5 automatiskt medlem i riksf\u00f6rbundet Djurskyddet Sverige och f\u00e5r Tidningen Djurskyddet fyra g\u00e5nger per \u00e5r, b\u00e5de i brevl\u00e5dan och i appen TD. Ladda ner den d\u00e4r appar finns! Dessutom kan du l\u00e4sa intressanta djurskyddsnyheter p\u00e5 <\/span><b><a href=\"https:\/\/tidningen.djurskyddet.se\/\"><span data-contrast=\"auto\">webbtidningen<\/span><\/a><\/b><span data-contrast=\"auto\"><a href=\"https:\/\/tidningen.djurskyddet.se\/\"> <\/a>och kan ta del av ett antal\u202ffina <\/span><b><span data-contrast=\"auto\"><a href=\"https:\/\/www.djurskyddet.se\/stod-oss\/bli-medlem\/medlemsformaner\/\">medlemsf\u00f6rm\u00e5ner<\/a><\/span><\/b><span data-contrast=\"auto\">, s\u00e5som rabatt hos olika n\u00e4tbutiker.\u00a0<\/span><\/p>\n\n\n\n<p><strong>Vad kostar det?<\/strong><br>Det kostar 200 kr per \u00e5r att vara medlem hos oss.<\/p>\n\n\n\n<p><strong>Hur blir jag medlem?<\/strong><br><span data-contrast=\"auto\">Registrera dig som medlem p\u00e5\u202fDjurskyddet Sveriges hemsida. Se till att v\u00e4lja Djurskyddet Norrbotten som din lokalf\u00f6rening.&nbsp;<\/span><\/p>\n\n\n\n<div class=\"wp-block-buttons is-layout-flex wp-block-buttons-is-layout-flex\">\n<div class=\"wp-block-button has-custom-font-size has-small-font-size\"><a class=\"wp-block-button__link has-white-color has-text-color has-background has-link-color wp-element-button\" href=\"https:\/\/donation.djurskyddet.se\/s\/medlem\" style=\"background-color:#00a64a\">Bli medlem h\u00e4r<\/a><\/div>\n<\/div>\n\n\n\n<p><\/p>\n\n\n\n<p><strong>Fr\u00e5gor?<\/strong><br><a href=\"https:\/\/www.djurskyddet.se\/norrbotten\/om-oss\/kontakta-oss\/\">Kontakta oss<\/a>!<\/p>\n\n\n\n<p><strong>Ju fler medlemmar vi \u00e4r ju fler djur kan vi hj\u00e4lpa! Stort tack!<\/strong><\/p>\n","protected":false},"excerpt":{"rendered":"<p>Som medlem i Djurskyddet Norrbotten st\u00f6djer du din lokala djurskyddsf\u00f6rening och har r\u00f6str\u00e4tt p\u00e5 \u00e5rsm\u00f6tet. Du \u00e4r ocks\u00e5 automatiskt medlem i riksf\u00f6rbundet Djurskyddet Sverige och f\u00e5r Tidningen Djurskyddet fyra g\u00e5nger per \u00e5r, b\u00e5de i brevl\u00e5dan och i appen TD. Ladda ner den d\u00e4r appar finns! Dessutom kan du l\u00e4sa intressanta djurskyddsnyheter p\u00e5 webbtidningen och kan ta del av ett antal\u202ffina medlemsf\u00f6rm\u00e5ner, s\u00e5som rabatt hos olika n\u00e4tbutiker.\u00a0 Vad kostar det?Det kostar&hellip;<\/p>\n<p><a class=\"more-link\" href=\"https:\/\/www.djurskyddet.se\/norrbotten\/stod-oss\/bli-medlem\/\" title=\"Continue reading &lsquo;Bli medlem&rsquo;\">L&auml;s mer<span class=\"meta-nav\">&raquo;<\/span><\/a><\/p>\n","protected":false},"author":3,"featured_media":0,"parent":5573,"menu_order":0,"comment_status":"closed","ping_status":"closed","template":"page-templates\/left-sidebar.php","meta":{"_acf_changed":false,"footnotes":""},"class_list":["post-5598","page","type-page","status-publish","hentry"],"acf":[],"_links":{"self":[{"href":"https:\/\/www.djurskyddet.se\/norrbotten\/wp-json\/wp\/v2\/pages\/5598","targetHints":{"allow":["GET"]}}],"collection":[{"href":"https:\/\/www.djurskyddet.se\/norrbotten\/wp-json\/wp\/v2\/pages"}],"about":[{"href":"https:\/\/www.djurskyddet.se\/norrbotten\/wp-json\/wp\/v2\/types\/page"}],"author":[{"embeddable":true,"href":"https:\/\/www.djurskyddet.se\/norrbotten\/wp-json\/wp\/v2\/users\/3"}],"replies":[{"embeddable":true,"href":"https:\/\/www.djurskyddet.se\/norrbotten\/wp-json\/wp\/v2\/comments?post=5598"}],"version-history":[{"count":14,"href":"https:\/\/www.djurskyddet.se\/norrbotten\/wp-json\/wp\/v2\/pages\/5598\/revisions"}],"predecessor-version":[{"id":5793,"href":"https:\/\/www.djurskyddet.se\/norrbotten\/wp-json\/wp\/v2\/pages\/5598\/revisions\/5793"}],"up":[{"embeddable":true,"href":"https:\/\/www.djurskyddet.se\/norrbotten\/wp-json\/wp\/v2\/pages\/5573"}],"wp:attachment":[{"href":"https:\/\/www.djurskyddet.se\/norrbotten\/wp-json\/wp\/v2\/media?parent=5598"}],"curies":[{"name":"wp","href":"https:\/\/api.w.org\/{rel}","templated":true}]}}