{"id":5499,"date":"2018-05-21T09:46:18","date_gmt":"2018-05-21T09:46:18","guid":{"rendered":"http:\/\/www.djurskyddet.se\/nykoping\/?page_id=5499"},"modified":"2018-08-21T14:14:59","modified_gmt":"2018-08-21T14:14:59","slug":"om-oss","status":"publish","type":"page","link":"https:\/\/www.djurskyddet.se\/nykoping\/om-oss\/","title":{"rendered":"Om oss"},"content":{"rendered":"<p>Djurskyddet Nyk\u00f6ping bildades 1989 och hette d\u00e5 S\u00f6dra S\u00f6dermanlands Djurskyddsf\u00f6rening. V\u00e5r huvudorganisation heter <a href=\"http:\/\/www.djurskyddet.se\" target=\"_blank\" rel=\"noopener\">Djurskyddet Sverige<\/a>. V\u00e5r uppgift \u00e4r att v\u00e4rna om alla djur, b\u00e5de vilda och tama.<\/p>\n<p>Ett stort problem var alla \u00f6vergivna katter i l\u00e4net, s\u00e5 d\u00e4rf\u00f6r \u00f6ppnades ett katthem i provisoriska k\u00e4llarlokaler utan f\u00f6nster p\u00e5 Bommenhovs V\u00e4g. Invigningen var den 15:e oktober 1999. Det skrevs avtal med kommunerna Nyk\u00f6ping, Oxel\u00f6sund, Trosa och Gnesta att heml\u00f6sa katter skulle f\u00e5 komma till katthemmet.<\/p>\n<p>Efter flera \u00e5r fick vi hyra g\u00e5rden Finntorp p\u00e5 Arn\u00f6. Finntorp var ett renoveringsobjekt som vi med egna medel rustat upp. Det finns dock en hel del kvar att g\u00f6ra. Gl\u00e4djen var j\u00e4ttestor n\u00e4r Eva Andersson klippte bandet den 8:e juni 2007 och Finntorps Katthem var invigt. Vi vill tacka alla som under \u00e5ren hj\u00e4lpt oss med det nya katthemmet.<\/p>\n<p>Tyv\u00e4rr \u00e4r det s\u00e5 att sedan L\u00e4nsstyrelsen 1\/1 2009 tog \u00f6ver djurskyddsfr\u00e5gan har vi endast avtal med Nyk\u00f6pings och Oxel\u00f6sunds kommun att heml\u00f6sa katter ska f\u00e5 komma till oss. Vi uppmanar d\u00e4rf\u00f6r att man i \u00f6vriga kommuner kontaktar L\u00e4nsstyrelsen eller Polis om man hittat en heml\u00f6s katt.<\/p>\n","protected":false},"excerpt":{"rendered":"<p>Djurskyddet Nyk\u00f6ping bildades 1989 och hette d\u00e5 S\u00f6dra S\u00f6dermanlands Djurskyddsf\u00f6rening. V\u00e5r huvudorganisation heter Djurskyddet Sverige. V\u00e5r uppgift \u00e4r att v\u00e4rna om alla djur, b\u00e5de vilda och tama. Ett stort problem var alla \u00f6vergivna katter i l\u00e4net, s\u00e5 d\u00e4rf\u00f6r \u00f6ppnades ett katthem i provisoriska k\u00e4llarlokaler utan f\u00f6nster p\u00e5 Bommenhovs V\u00e4g. Invigningen var den 15:e oktober 1999. Det skrevs avtal med kommunerna Nyk\u00f6ping, Oxel\u00f6sund, Trosa och Gnesta att heml\u00f6sa katter skulle f\u00e5&hellip;<\/p>\n<p><a class=\"more-link\" href=\"https:\/\/www.djurskyddet.se\/nykoping\/om-oss\/\" title=\"Continue reading &lsquo;Om oss&rsquo;\">L&auml;s mer<span class=\"meta-nav\">&raquo;<\/span><\/a><\/p>\n","protected":false},"author":3,"featured_media":0,"parent":0,"menu_order":0,"comment_status":"closed","ping_status":"closed","template":"page-templates\/left-sidebar.php","meta":{"_acf_changed":false,"footnotes":""},"class_list":["post-5499","page","type-page","status-publish","hentry"],"acf":[],"_links":{"self":[{"href":"https:\/\/www.djurskyddet.se\/nykoping\/wp-json\/wp\/v2\/pages\/5499","targetHints":{"allow":["GET"]}}],"collection":[{"href":"https:\/\/www.djurskyddet.se\/nykoping\/wp-json\/wp\/v2\/pages"}],"about":[{"href":"https:\/\/www.djurskyddet.se\/nykoping\/wp-json\/wp\/v2\/types\/page"}],"author":[{"embeddable":true,"href":"https:\/\/www.djurskyddet.se\/nykoping\/wp-json\/wp\/v2\/users\/3"}],"replies":[{"embeddable":true,"href":"https:\/\/www.djurskyddet.se\/nykoping\/wp-json\/wp\/v2\/comments?post=5499"}],"version-history":[{"count":15,"href":"https:\/\/www.djurskyddet.se\/nykoping\/wp-json\/wp\/v2\/pages\/5499\/revisions"}],"predecessor-version":[{"id":5772,"href":"https:\/\/www.djurskyddet.se\/nykoping\/wp-json\/wp\/v2\/pages\/5499\/revisions\/5772"}],"wp:attachment":[{"href":"https:\/\/www.djurskyddet.se\/nykoping\/wp-json\/wp\/v2\/media?parent=5499"}],"curies":[{"name":"wp","href":"https:\/\/api.w.org\/{rel}","templated":true}]}}