{"id":5505,"date":"2018-05-22T07:35:08","date_gmt":"2018-05-22T07:35:08","guid":{"rendered":"http:\/\/www.djurskyddet.se\/nykoping\/?page_id=5505"},"modified":"2025-09-30T13:09:53","modified_gmt":"2025-09-30T13:09:53","slug":"styrelsen","status":"publish","type":"page","link":"https:\/\/www.djurskyddet.se\/nykoping\/om-oss\/styrelsen\/","title":{"rendered":"Styrelsen"},"content":{"rendered":"<h3>Styrelsens sammans\u00e4ttning 2021<\/h3>\n<p><strong>Ordf\u00f6rande<\/strong><br \/>\nKyra Eggers<\/p>\n<p><strong>Vice Ordf\u00f6rande<br \/>\n<\/strong><span style=\"font-size: revert;\">Lottie Ahderinne\u00a0<\/span><\/p>\n<p><strong>Sekreterare<\/strong><br \/>\nEva Blomqvist<\/p>\n<p><strong>Kass\u00f6r<\/strong><br \/>\nPeggy Kleidon<\/p>\n<p><strong>Ledamot<\/strong><br \/>\nIris Teichert<\/p>\n<p><strong>Revisorer<\/strong><br \/>\nJan Blomqvist<\/p>\n<p><strong>Revisorsuppleant<\/strong><\/p>\n<p><strong>Valberedning<\/strong><br \/>\nRonja Kuusela<\/p>\n","protected":false},"excerpt":{"rendered":"<p>Styrelsens sammans\u00e4ttning 2021 Ordf\u00f6rande Kyra Eggers Vice Ordf\u00f6rande Lottie Ahderinne\u00a0 Sekreterare Eva Blomqvist Kass\u00f6r Peggy Kleidon Ledamot Iris Teichert Revisorer Jan Blomqvist Revisorsuppleant Valberedning Ronja Kuusela<\/p>\n","protected":false},"author":3,"featured_media":0,"parent":5499,"menu_order":0,"comment_status":"closed","ping_status":"closed","template":"page-templates\/left-sidebar.php","meta":{"_acf_changed":false,"footnotes":""},"class_list":["post-5505","page","type-page","status-publish","hentry"],"acf":[],"_links":{"self":[{"href":"https:\/\/www.djurskyddet.se\/nykoping\/wp-json\/wp\/v2\/pages\/5505","targetHints":{"allow":["GET"]}}],"collection":[{"href":"https:\/\/www.djurskyddet.se\/nykoping\/wp-json\/wp\/v2\/pages"}],"about":[{"href":"https:\/\/www.djurskyddet.se\/nykoping\/wp-json\/wp\/v2\/types\/page"}],"author":[{"embeddable":true,"href":"https:\/\/www.djurskyddet.se\/nykoping\/wp-json\/wp\/v2\/users\/3"}],"replies":[{"embeddable":true,"href":"https:\/\/www.djurskyddet.se\/nykoping\/wp-json\/wp\/v2\/comments?post=5505"}],"version-history":[{"count":9,"href":"https:\/\/www.djurskyddet.se\/nykoping\/wp-json\/wp\/v2\/pages\/5505\/revisions"}],"predecessor-version":[{"id":7055,"href":"https:\/\/www.djurskyddet.se\/nykoping\/wp-json\/wp\/v2\/pages\/5505\/revisions\/7055"}],"up":[{"embeddable":true,"href":"https:\/\/www.djurskyddet.se\/nykoping\/wp-json\/wp\/v2\/pages\/5499"}],"wp:attachment":[{"href":"https:\/\/www.djurskyddet.se\/nykoping\/wp-json\/wp\/v2\/media?parent=5505"}],"curies":[{"name":"wp","href":"https:\/\/api.w.org\/{rel}","templated":true}]}}