{"id":5525,"date":"2018-05-23T12:25:06","date_gmt":"2018-05-23T12:25:06","guid":{"rendered":"http:\/\/www.djurskyddet.se\/nykoping\/?page_id=5525"},"modified":"2020-04-10T08:46:25","modified_gmt":"2020-04-10T08:46:25","slug":"minneslund","status":"publish","type":"page","link":"https:\/\/www.djurskyddet.se\/nykoping\/minneslund\/","title":{"rendered":"Minneslund"},"content":{"rendered":"<p>F\u00f6reningen har en minneslund d\u00e4r askan efter husdjur kan gr\u00e4vas ned. <a href=\"http:\/\/www.djurskyddet.se\/nykoping\/om-oss\/kontakta-oss\/\">Kontakta oss<\/a> f\u00f6r mera information.<\/p>\n<p><a href=\"http:\/\/www.djurskyddet.se\/nykoping\/fokus\/bildspel\/attachment\/cat-2\/\" rel=\"attachment wp-att-5676\"><img loading=\"lazy\" decoding=\"async\" class=\"size-medium wp-image-5676\" src=\"http:\/\/www.djurskyddet.se\/nykoping\/wp-content\/uploads\/sites\/17\/2014\/12\/cat-1-300x200.jpg\" alt=\"\" width=\"300\" height=\"200\" srcset=\"https:\/\/www.djurskyddet.se\/nykoping\/wp-content\/uploads\/sites\/17\/2014\/12\/cat-1-300x200.jpg 300w, https:\/\/www.djurskyddet.se\/nykoping\/wp-content\/uploads\/sites\/17\/2014\/12\/cat-1-768x512.jpg 768w, https:\/\/www.djurskyddet.se\/nykoping\/wp-content\/uploads\/sites\/17\/2014\/12\/cat-1-400x267.jpg 400w, https:\/\/www.djurskyddet.se\/nykoping\/wp-content\/uploads\/sites\/17\/2014\/12\/cat-1.jpg 900w\" sizes=\"auto, (max-width: 300px) 100vw, 300px\" \/><\/a><\/p>\n","protected":false},"excerpt":{"rendered":"<p>F\u00f6reningen har en minneslund d\u00e4r askan efter husdjur kan gr\u00e4vas ned. Kontakta oss f\u00f6r mera information.<\/p>\n","protected":false},"author":3,"featured_media":0,"parent":0,"menu_order":0,"comment_status":"closed","ping_status":"closed","template":"page-templates\/left-sidebar.php","meta":{"_acf_changed":false,"footnotes":""},"class_list":["post-5525","page","type-page","status-publish","hentry"],"acf":[],"_links":{"self":[{"href":"https:\/\/www.djurskyddet.se\/nykoping\/wp-json\/wp\/v2\/pages\/5525","targetHints":{"allow":["GET"]}}],"collection":[{"href":"https:\/\/www.djurskyddet.se\/nykoping\/wp-json\/wp\/v2\/pages"}],"about":[{"href":"https:\/\/www.djurskyddet.se\/nykoping\/wp-json\/wp\/v2\/types\/page"}],"author":[{"embeddable":true,"href":"https:\/\/www.djurskyddet.se\/nykoping\/wp-json\/wp\/v2\/users\/3"}],"replies":[{"embeddable":true,"href":"https:\/\/www.djurskyddet.se\/nykoping\/wp-json\/wp\/v2\/comments?post=5525"}],"version-history":[{"count":8,"href":"https:\/\/www.djurskyddet.se\/nykoping\/wp-json\/wp\/v2\/pages\/5525\/revisions"}],"predecessor-version":[{"id":6376,"href":"https:\/\/www.djurskyddet.se\/nykoping\/wp-json\/wp\/v2\/pages\/5525\/revisions\/6376"}],"wp:attachment":[{"href":"https:\/\/www.djurskyddet.se\/nykoping\/wp-json\/wp\/v2\/media?parent=5525"}],"curies":[{"name":"wp","href":"https:\/\/api.w.org\/{rel}","templated":true}]}}