{"id":5537,"date":"2018-05-24T07:19:36","date_gmt":"2018-05-24T07:19:36","guid":{"rendered":"http:\/\/www.djurskyddet.se\/nykoping\/?page_id=5537"},"modified":"2018-08-13T07:11:38","modified_gmt":"2018-08-13T07:11:38","slug":"stod-oss","status":"publish","type":"page","link":"https:\/\/www.djurskyddet.se\/nykoping\/stod-oss\/","title":{"rendered":"St\u00f6d oss"},"content":{"rendered":"<p>Djurskyddet Nyk\u00f6ping drivs helt och h\u00e5llet ideellt. Vilket inneb\u00e4r att vi alltid \u00e4r i stort behov av g\u00e5vor. Stora som sm\u00e5!<\/p>\n<p>Det kostar mycket pengar varje \u00e5r att ge katterna veterin\u00e4rv\u00e5rd, mat, kattsand m.m. Huset m\u00e5ste v\u00e4rmas upp och det \u00e5terst\u00e5r en del av renoveringen p\u00e5 fastigheten.<\/p>\n<p>Har du saker du vill donera eller sponsra med \u2013 utrustning, mat m.m. \u00e4r du v\u00e4lkommen att <a href=\"http:\/\/www.djurskyddet.se\/nykoping\/om-oss\/kontakta-oss\/\" target=\"_blank\" rel=\"noopener\">kontakta oss<\/a>.<\/p>\n<p><strong>Vi uppskattar all hj\u00e4lp och st\u00f6d f\u00f6r att vi ska kunna hj\u00e4lpa fler djur, s\u00e5 bli t ex medlem, ge en g\u00e5va, bli volont\u00e4r p\u00e5 v\u00e5rt katthem eller sponsra oss. L\u00e4s mer under flikarna till v\u00e4nster!<\/strong><\/p>\n<p><a href=\"http:\/\/www.djurskyddet.se\/nykoping\/stod-oss\" rel=\"attachment wp-att-5605\"><img loading=\"lazy\" decoding=\"async\" class=\"size-medium wp-image-5605\" src=\"http:\/\/www.djurskyddet.se\/nykoping\/wp-content\/uploads\/sites\/17\/2018\/05\/tr\u00f6tt-katt-300x180.jpg\" alt=\"\" width=\"300\" height=\"180\" \/><\/a><\/p>\n","protected":false},"excerpt":{"rendered":"<p>Djurskyddet Nyk\u00f6ping drivs helt och h\u00e5llet ideellt. Vilket inneb\u00e4r att vi alltid \u00e4r i stort behov av g\u00e5vor. Stora som sm\u00e5! Det kostar mycket pengar varje \u00e5r att ge katterna veterin\u00e4rv\u00e5rd, mat, kattsand m.m. Huset m\u00e5ste v\u00e4rmas upp och det \u00e5terst\u00e5r en del av renoveringen p\u00e5 fastigheten. Har du saker du vill donera eller sponsra med \u2013 utrustning, mat m.m. \u00e4r du v\u00e4lkommen att kontakta oss. Vi uppskattar all hj\u00e4lp&hellip;<\/p>\n<p><a class=\"more-link\" href=\"https:\/\/www.djurskyddet.se\/nykoping\/stod-oss\/\" title=\"Continue reading &lsquo;St\u00f6d oss&rsquo;\">L&auml;s mer<span class=\"meta-nav\">&raquo;<\/span><\/a><\/p>\n","protected":false},"author":3,"featured_media":0,"parent":0,"menu_order":0,"comment_status":"closed","ping_status":"closed","template":"page-templates\/left-sidebar.php","meta":{"_acf_changed":false,"footnotes":""},"class_list":["post-5537","page","type-page","status-publish","hentry"],"acf":[],"_links":{"self":[{"href":"https:\/\/www.djurskyddet.se\/nykoping\/wp-json\/wp\/v2\/pages\/5537","targetHints":{"allow":["GET"]}}],"collection":[{"href":"https:\/\/www.djurskyddet.se\/nykoping\/wp-json\/wp\/v2\/pages"}],"about":[{"href":"https:\/\/www.djurskyddet.se\/nykoping\/wp-json\/wp\/v2\/types\/page"}],"author":[{"embeddable":true,"href":"https:\/\/www.djurskyddet.se\/nykoping\/wp-json\/wp\/v2\/users\/3"}],"replies":[{"embeddable":true,"href":"https:\/\/www.djurskyddet.se\/nykoping\/wp-json\/wp\/v2\/comments?post=5537"}],"version-history":[{"count":23,"href":"https:\/\/www.djurskyddet.se\/nykoping\/wp-json\/wp\/v2\/pages\/5537\/revisions"}],"predecessor-version":[{"id":5760,"href":"https:\/\/www.djurskyddet.se\/nykoping\/wp-json\/wp\/v2\/pages\/5537\/revisions\/5760"}],"wp:attachment":[{"href":"https:\/\/www.djurskyddet.se\/nykoping\/wp-json\/wp\/v2\/media?parent=5537"}],"curies":[{"name":"wp","href":"https:\/\/api.w.org\/{rel}","templated":true}]}}