{"id":5599,"date":"2020-12-10T10:01:40","date_gmt":"2020-12-10T10:01:40","guid":{"rendered":"https:\/\/www.djurskyddet.se\/saffleamal\/?page_id=5599"},"modified":"2024-06-25T12:09:56","modified_gmt":"2024-06-25T12:09:56","slug":"ge-en-gava","status":"publish","type":"page","link":"https:\/\/www.djurskyddet.se\/saffleamal\/ge-en-gava\/","title":{"rendered":"Ge en g\u00e5va"},"content":{"rendered":"\n<h2 class=\"wp-block-heading\">Vi \u00e4r mycket tacksamma f\u00f6r alla g\u00e5vor vi f\u00e5r!<\/h2>\n\n\n\n<p>Alla g\u00e5vor \u00e4r betydelsefulla f\u00f6r att driva v\u00e5rt djurhem och f\u00f6r att kunna hj\u00e4lpa s\u00e5 m\u00e5nga djur som m\u00f6jligt.<\/p>\n\n\n\n<h2 class=\"wp-block-heading\">Hur g\u00f6r jag f\u00f6r att sk\u00e4nka en g\u00e5va?<\/h2>\n\n\n\n<p>St\u00f6d v\u00e5r verksamhet genom att:<\/p>\n\n\n\n<p>S\u00e4tta in ett valfritt belopp p\u00e5 <strong>plusgirokonto 39 34&nbsp;92-4<\/strong>. Ange &#8221;g\u00e5va&#8221; i meddelandef\u00e4ltet.<\/p>\n\n\n\n<p>Swisha valfritt belopp till <strong>1236880140 <\/strong>och ange &#8221;g\u00e5va&#8221; i meddelandef\u00e4ltet.<\/p>\n\n\n\n<p>\u00d6nskar Du sponsra v\u00e5rt djurhem genom ett f\u00f6retag s\u00e5 kontakta oss via mejl.<\/p>\n\n\n\n<p><strong>Minnesg\u00e5vor<\/strong>\/kondoleanser f\u00f6rmedlas genom S\u00e4ffle och \u00c5m\u00e5l Begravningsbyr\u00e5 (Stenkvist).<\/p>\n\n\n\n<p><\/p>\n\n\n\n<p><strong>\u00c4ven en liten g\u00e5va g\u00f6r stor skillnad!<\/strong> <strong>TACK!<\/strong><\/p>\n\n\n\n<p><\/p>\n\n\n\n<p><\/p>\n","protected":false},"excerpt":{"rendered":"<p>Vi \u00e4r mycket tacksamma f\u00f6r alla g\u00e5vor vi f\u00e5r! Alla g\u00e5vor \u00e4r betydelsefulla f\u00f6r att driva v\u00e5rt djurhem och f\u00f6r att kunna hj\u00e4lpa s\u00e5 m\u00e5nga djur som m\u00f6jligt. Hur g\u00f6r jag f\u00f6r att sk\u00e4nka en g\u00e5va? St\u00f6d v\u00e5r verksamhet genom att: S\u00e4tta in ett valfritt belopp p\u00e5 plusgirokonto 39 34&nbsp;92-4. Ange &#8221;g\u00e5va&#8221; i meddelandef\u00e4ltet. Swisha valfritt belopp till 1236880140 och ange &#8221;g\u00e5va&#8221; i meddelandef\u00e4ltet. \u00d6nskar Du sponsra v\u00e5rt djurhem genom&hellip;<\/p>\n<p><a class=\"more-link\" href=\"https:\/\/www.djurskyddet.se\/saffleamal\/ge-en-gava\/\" title=\"Continue reading &lsquo;Ge en g\u00e5va&rsquo;\">L&auml;s mer<span class=\"meta-nav\">&raquo;<\/span><\/a><\/p>\n","protected":false},"author":3,"featured_media":0,"parent":0,"menu_order":0,"comment_status":"closed","ping_status":"closed","template":"left-sidebar.php","meta":{"_acf_changed":false,"footnotes":""},"class_list":["post-5599","page","type-page","status-publish","hentry"],"acf":[],"_links":{"self":[{"href":"https:\/\/www.djurskyddet.se\/saffleamal\/wp-json\/wp\/v2\/pages\/5599","targetHints":{"allow":["GET"]}}],"collection":[{"href":"https:\/\/www.djurskyddet.se\/saffleamal\/wp-json\/wp\/v2\/pages"}],"about":[{"href":"https:\/\/www.djurskyddet.se\/saffleamal\/wp-json\/wp\/v2\/types\/page"}],"author":[{"embeddable":true,"href":"https:\/\/www.djurskyddet.se\/saffleamal\/wp-json\/wp\/v2\/users\/3"}],"replies":[{"embeddable":true,"href":"https:\/\/www.djurskyddet.se\/saffleamal\/wp-json\/wp\/v2\/comments?post=5599"}],"version-history":[{"count":3,"href":"https:\/\/www.djurskyddet.se\/saffleamal\/wp-json\/wp\/v2\/pages\/5599\/revisions"}],"predecessor-version":[{"id":5731,"href":"https:\/\/www.djurskyddet.se\/saffleamal\/wp-json\/wp\/v2\/pages\/5599\/revisions\/5731"}],"wp:attachment":[{"href":"https:\/\/www.djurskyddet.se\/saffleamal\/wp-json\/wp\/v2\/media?parent=5599"}],"curies":[{"name":"wp","href":"https:\/\/api.w.org\/{rel}","templated":true}]}}