{"id":5603,"date":"2020-12-10T10:04:45","date_gmt":"2020-12-10T10:04:45","guid":{"rendered":"https:\/\/www.djurskyddet.se\/saffleamal\/?page_id=5603"},"modified":"2020-12-10T10:04:46","modified_gmt":"2020-12-10T10:04:46","slug":"testamentera-till-forman-for-djuren","status":"publish","type":"page","link":"https:\/\/www.djurskyddet.se\/saffleamal\/testamentera-till-forman-for-djuren\/","title":{"rendered":"Testamentera till f\u00f6rm\u00e5n f\u00f6r djuren"},"content":{"rendered":"\n<h2 class=\"wp-block-heading\">De flesta skriver aldrig testamente. Kanske k\u00e4nner man ett visst obehag f\u00f6r att planera f\u00f6r sin egen bortg\u00e5ng. Men att sj\u00e4lv f\u00e5 best\u00e4mma vad som ska h\u00e4nda med sina tillg\u00e5ngar efter sin bortg\u00e5ng \u00e4r ett starkt sk\u00e4l till att t\u00e4nka om.<\/h2>\n\n\n\n<p>\u00c4r Du intresserad av att testamentera medel till Djurskyddet S\u00e4ffle-\u00c5m\u00e5l? Du kan v\u00e4lja om medlen ska g\u00e5 till f\u00f6reningens allm\u00e4nna verksamhet eller om de ska g\u00e5 till ett eller flera specifika \u00e4ndam\u00e5l.<\/p>\n\n\n\n<h2 class=\"wp-block-heading\">Vad \u00e4r ett testamente?<\/h2>\n\n\n\n<p>Ett testamente \u00e4r en skriftlig handling som anger hur en persons kvarl\u00e5tenskap ska f\u00f6rdelas. Testamentet m\u00e5ste inte skrivas av testatorn, men testatorn m\u00e5ste skriva under. Testamentet skall slutligen undertecknas av tv\u00e5 vittnen.<\/p>\n\n\n\n<h2 class=\"wp-block-heading\">Hur hanteras ett arv?<\/h2>\n\n\n\n<p>1. En testator har testamenterat medel till Djurskyddet S\u00e4ffle-\u00c5m\u00e5l utan att ange n\u00e5got \u00e4ndam\u00e5l eller angivit \u00f6nskem\u00e5l som t.ex. allm\u00e4nt djurskydd.<\/p>\n\n\n\n<p>\u00c5TG\u00c4RD: Medlen g\u00e5r till Djurskyddet S\u00e4ffle-\u00c5m\u00e5ls verksamhet och bokf\u00f6rs som arv.<\/p>\n\n\n\n<p>2. En testator har testamenterat medel till Djurskyddet S\u00e4ffle-\u00c5m\u00e5l och uttryckt \u00f6nskem\u00e5l om att medlen huvudsakligen ska anv\u00e4ndas f\u00f6r ett speciellt \u00e4ndam\u00e5l.<\/p>\n\n\n\n<p>\u00c5TG\u00c4RD: Minst 50% avs\u00e4tts till ett skuldkonto i balansr\u00e4kningen och dessa f\u00e5r endast anv\u00e4ndas f\u00f6r avsett \u00e4ndam\u00e5l. Resten av medlen g\u00e5r till Djurskyddet S\u00e4ffle-\u00c5m\u00e5ls verksamhet och bokf\u00f6rs som arv. Om \u00e4ndam\u00e5let sammanfaller med av Djurskyddet S\u00e4ffle-\u00c5m\u00e5l prioriterad verksamhet avs\u00e4tts hela summan p\u00e5 skuldkontot i balansr\u00e4kningen.<\/p>\n\n\n\n<p>3. En testator har testamenterat medel till Djurskyddet S\u00e4ffle-\u00c5m\u00e5l och uttryckt \u00f6nskem\u00e5l om att medlen ska anv\u00e4ndas f\u00f6r ett speciellt \u00e4ndam\u00e5l.<\/p>\n\n\n\n<p>\u00c5TG\u00c4RD: Hela summan avs\u00e4tts till ett skuldkonto i balansr\u00e4kningen och f\u00e5r endast anv\u00e4ndas f\u00f6r angivet \u00e4ndam\u00e5l.<\/p>\n\n\n\n<p>4. En testator har testamenterat medel till Djurskyddet S\u00e4ffle-\u00c5m\u00e5l och uttryckt \u00f6nskelm\u00e5l om att Djurskyddet S\u00e4ffle-\u00c5m\u00e5l ska avs\u00e4tta medlen i en fond vars avkastning ska anv\u00e4ndas f\u00f6r ett speciellt \u00e4ndam\u00e5l.<\/p>\n\n\n\n<p>\u00c5TG\u00c4RD: Medlen kommer att avs\u00e4ttas i en fond eller dylikt. F\u00f6r de arv som ing\u00e5r&nbsp;som skuldkonton i Djurskyddet S\u00e4ffle-\u00c5m\u00e5ls balansr\u00e4kning ska det finnas en aktuell f\u00f6rteckning d\u00e4r \u00e4ndam\u00e5let klart framg\u00e5r.<\/p>\n\n\n\n<p>L\u00e4nk till mall testamente Djurskyddet S\u00e4ffle-\u00c5m\u00e5l<\/p>\n\n\n\n<p><a href=\"http:\/\/www.djurskyddet.nu\/media\/22302\/testamentelokal[1].pdf\" target=\"_blank\" rel=\"noreferrer noopener\">Mall testamente<\/a><\/p>\n","protected":false},"excerpt":{"rendered":"<p>De flesta skriver aldrig testamente. Kanske k\u00e4nner man ett visst obehag f\u00f6r att planera f\u00f6r sin egen bortg\u00e5ng. Men att sj\u00e4lv f\u00e5 best\u00e4mma vad som ska h\u00e4nda med sina tillg\u00e5ngar efter sin bortg\u00e5ng \u00e4r ett starkt sk\u00e4l till att t\u00e4nka om. \u00c4r Du intresserad av att testamentera medel till Djurskyddet S\u00e4ffle-\u00c5m\u00e5l? Du kan v\u00e4lja om medlen ska g\u00e5 till f\u00f6reningens allm\u00e4nna verksamhet eller om de ska g\u00e5 till ett eller&hellip;<\/p>\n<p><a class=\"more-link\" href=\"https:\/\/www.djurskyddet.se\/saffleamal\/testamentera-till-forman-for-djuren\/\" title=\"Continue reading &lsquo;Testamentera till f\u00f6rm\u00e5n f\u00f6r djuren&rsquo;\">L&auml;s mer<span class=\"meta-nav\">&raquo;<\/span><\/a><\/p>\n","protected":false},"author":3,"featured_media":0,"parent":0,"menu_order":0,"comment_status":"closed","ping_status":"closed","template":"left-sidebar.php","meta":{"_acf_changed":false,"footnotes":""},"class_list":["post-5603","page","type-page","status-publish","hentry"],"acf":[],"_links":{"self":[{"href":"https:\/\/www.djurskyddet.se\/saffleamal\/wp-json\/wp\/v2\/pages\/5603","targetHints":{"allow":["GET"]}}],"collection":[{"href":"https:\/\/www.djurskyddet.se\/saffleamal\/wp-json\/wp\/v2\/pages"}],"about":[{"href":"https:\/\/www.djurskyddet.se\/saffleamal\/wp-json\/wp\/v2\/types\/page"}],"author":[{"embeddable":true,"href":"https:\/\/www.djurskyddet.se\/saffleamal\/wp-json\/wp\/v2\/users\/3"}],"replies":[{"embeddable":true,"href":"https:\/\/www.djurskyddet.se\/saffleamal\/wp-json\/wp\/v2\/comments?post=5603"}],"version-history":[{"count":1,"href":"https:\/\/www.djurskyddet.se\/saffleamal\/wp-json\/wp\/v2\/pages\/5603\/revisions"}],"predecessor-version":[{"id":5604,"href":"https:\/\/www.djurskyddet.se\/saffleamal\/wp-json\/wp\/v2\/pages\/5603\/revisions\/5604"}],"wp:attachment":[{"href":"https:\/\/www.djurskyddet.se\/saffleamal\/wp-json\/wp\/v2\/media?parent=5603"}],"curies":[{"name":"wp","href":"https:\/\/api.w.org\/{rel}","templated":true}]}}