{"id":5607,"date":"2020-12-10T10:07:50","date_gmt":"2020-12-10T10:07:50","guid":{"rendered":"https:\/\/www.djurskyddet.se\/saffleamal\/?page_id=5607"},"modified":"2025-01-22T10:10:13","modified_gmt":"2025-01-22T10:10:13","slug":"kontakt","status":"publish","type":"page","link":"https:\/\/www.djurskyddet.se\/saffleamal\/kontakt\/","title":{"rendered":"Kontakt"},"content":{"rendered":"\n<p>B\u00e4sta s\u00e4ttet att kontakta oss \u00e4r via mail:<br><strong>saffle-amal@djurskyddet.se<\/strong><\/p>\n\n\n\n<p>Det g\u00e5r ocks\u00e5 bra att ringa och l\u00e4mna ett meddelande:<br><strong>073-976 06 26<br><\/strong>Telefontid helgfria vardagar kl.10.00-13.00<\/p>\n\n\n\n<p>Allt v\u00e5rt arbete sker ideellt och m ed anledning av detta hinner vi tyv\u00e4rr inte alltid svara omg\u00e5ende men vi tar kontakt s\u00e5 fort vi har m\u00f6jlighet. Prata med f\u00f6rdel in ett meddelande p\u00e5 telefonsvararen eller skicka ett sms. <br><\/p>\n\n\n\n<p><\/p>\n","protected":false},"excerpt":{"rendered":"<p>B\u00e4sta s\u00e4ttet att kontakta oss \u00e4r via mail:saffle-amal@djurskyddet.se Det g\u00e5r ocks\u00e5 bra att ringa och l\u00e4mna ett meddelande:073-976 06 26Telefontid helgfria vardagar kl.10.00-13.00 Allt v\u00e5rt arbete sker ideellt och m ed anledning av detta hinner vi tyv\u00e4rr inte alltid svara omg\u00e5ende men vi tar kontakt s\u00e5 fort vi har m\u00f6jlighet. Prata med f\u00f6rdel in ett meddelande p\u00e5 telefonsvararen eller skicka ett sms.<\/p>\n","protected":false},"author":3,"featured_media":0,"parent":0,"menu_order":0,"comment_status":"closed","ping_status":"closed","template":"left-sidebar.php","meta":{"_acf_changed":false,"footnotes":""},"class_list":["post-5607","page","type-page","status-publish","hentry"],"acf":[],"_links":{"self":[{"href":"https:\/\/www.djurskyddet.se\/saffleamal\/wp-json\/wp\/v2\/pages\/5607","targetHints":{"allow":["GET"]}}],"collection":[{"href":"https:\/\/www.djurskyddet.se\/saffleamal\/wp-json\/wp\/v2\/pages"}],"about":[{"href":"https:\/\/www.djurskyddet.se\/saffleamal\/wp-json\/wp\/v2\/types\/page"}],"author":[{"embeddable":true,"href":"https:\/\/www.djurskyddet.se\/saffleamal\/wp-json\/wp\/v2\/users\/3"}],"replies":[{"embeddable":true,"href":"https:\/\/www.djurskyddet.se\/saffleamal\/wp-json\/wp\/v2\/comments?post=5607"}],"version-history":[{"count":5,"href":"https:\/\/www.djurskyddet.se\/saffleamal\/wp-json\/wp\/v2\/pages\/5607\/revisions"}],"predecessor-version":[{"id":6202,"href":"https:\/\/www.djurskyddet.se\/saffleamal\/wp-json\/wp\/v2\/pages\/5607\/revisions\/6202"}],"wp:attachment":[{"href":"https:\/\/www.djurskyddet.se\/saffleamal\/wp-json\/wp\/v2\/media?parent=5607"}],"curies":[{"name":"wp","href":"https:\/\/api.w.org\/{rel}","templated":true}]}}