{"id":5614,"date":"2020-12-10T10:13:02","date_gmt":"2020-12-10T10:13:02","guid":{"rendered":"https:\/\/www.djurskyddet.se\/saffleamal\/?page_id=5614"},"modified":"2022-04-08T17:52:28","modified_gmt":"2022-04-08T17:52:28","slug":"overgivna-djur","status":"publish","type":"page","link":"https:\/\/www.djurskyddet.se\/saffleamal\/overgivna-djur\/","title":{"rendered":"\u00d6vergivna djur"},"content":{"rendered":"\n<h2 class=\"wp-block-heading\" id=\"har-du-hittat-en-katt-som-verkar-overgiven\">Har du hittat en katt som verkar \u00f6vergiven?<\/h2>\n\n\n\n<h2 class=\"wp-block-heading\" id=\"vi-ber-dig-vanligen\">Vi ber dig v\u00e4nligen:<\/h2>\n\n\n\n<ul class=\"wp-block-list\"><li><strong>OBSERVERA! B\u00f6rja inte att mata en katt som du inte \u00e4r s\u00e4ker p\u00e5 \u00e4r herrel\u00f6s.<\/strong>\u00a0Katter flyttar g\u00e4rna dit matsedeln \u00e4r godast. Rent vatten kan dock st\u00e4llas ut fr\u00e5n f\u00f6rsta dagen, speciellt n\u00e4r det \u00e4r varmt eller mycket kallt ute.<\/li><li>B\u00f6rja med att\u00a0<strong>kontrollera om katten \u00e4r ID-m\u00e4rkt<\/strong>\u00a0genom en tatuering i v\u00e4nster \u00f6ra. Om den \u00e4r det, f\u00f6rs\u00f6k tyda m\u00e4rkningen genom att lysa med en ficklampa fr\u00e5n \u00f6rats p\u00e4lssida och fram\u00e5t. ID-numret l\u00e4ses fr\u00e5n \u00f6rats rot ut mot \u00f6rontippen. Kan man inte tyda den, kan man f\u00e5 hj\u00e4lp med detta p\u00e5 veterin\u00e4rklinikerna. D\u00e4r kan man \u00e4ven f\u00e5 hj\u00e4lp att kontrollera om katten \u00e4r chipm\u00e4rkt.<\/li><li>Fr\u00e5ga grannarna om de vet var katten kan h\u00f6ra hemma.<\/li><li>Det \u00e4r bra om man kan s\u00e4tta p\u00e5 katten ett halsband med res\u00e5r, med en meddelandedosa f\u00f6r att se om n\u00e5gon \u00e4gare h\u00f6r av sig.<\/li><li>S\u00e4tt upp lappar i aff\u00e4rer och andra l\u00e4mpliga st\u00e4llen om att du s\u00f6ker \u00e4gare till katten, g\u00e4rna med foto.<\/li><li>Ring polisen- telefonnummer 114 14, och uppge att du observerat en herrel\u00f6s katt. Ge dem s\u00e5 mycket uppgifter om katten du har \u2013 F\u00e4rg, skador, karakt\u00e4r, halsband, ca. \u00e5lder, datum och plats d\u00e4r den hittades, ditt namn, adress och telefonnummer.<\/li><li>Ring till L\u00e4nsstyrelsens djurskyddsinspekt\u00f6rer p\u00e5 telefonnummer 054-19 72 50, och anm\u00e4l att du observerat en herrel\u00f6s katt.\u00a0<strong>\u00c4r katten skadad eller sjuk, \u00e4r det av yttersta vikt att den snabbt f\u00e5r v\u00e5rd!<\/strong><\/li><li>Mejla till oss g\u00e4rna och tala om att du har sett en katt som verkar \u00f6vergiven eller vilse, Meddela g\u00e4rna och anm\u00e4l \u00e4rendet till \u00f6vriga, n\u00e4rliggande djurhem t.ex. Djurskyddet\u00a0Karlstad och Djurskyddet Kristinehamn.<\/li><li>Sn\u00e4lla Du- <strong><em>om <\/em><\/strong>katten ser ut att beh\u00f6va hj\u00e4lp- ta hand om den tillsvidare p\u00e5 b\u00e4sta s\u00e4tt. Kan Du inte ha den inomhus hoppas vi att n\u00e5gon av Dina v\u00e4nner kan hj\u00e4lpa till. Om \u00e4ven detta skulle vara om\u00f6jligt hoppas vi att Du trots allt kan mata katten, samt ordna med ett litet krypin d\u00e4r den kan sova och f\u00e5 lite v\u00e4rme.<\/li><li><strong>Gl\u00f6m inte att kontakta oss och meddela att katten kommit tillr\u00e4tta!<\/strong><\/li><\/ul>\n\n\n\n<p><\/p>\n","protected":false},"excerpt":{"rendered":"<p>Har du hittat en katt som verkar \u00f6vergiven? Vi ber dig v\u00e4nligen: OBSERVERA! B\u00f6rja inte att mata en katt som du inte \u00e4r s\u00e4ker p\u00e5 \u00e4r herrel\u00f6s.\u00a0Katter flyttar g\u00e4rna dit matsedeln \u00e4r godast. Rent vatten kan dock st\u00e4llas ut fr\u00e5n f\u00f6rsta dagen, speciellt n\u00e4r det \u00e4r varmt eller mycket kallt ute. B\u00f6rja med att\u00a0kontrollera om katten \u00e4r ID-m\u00e4rkt\u00a0genom en tatuering i v\u00e4nster \u00f6ra. Om den \u00e4r det, f\u00f6rs\u00f6k tyda m\u00e4rkningen&hellip;<\/p>\n<p><a class=\"more-link\" href=\"https:\/\/www.djurskyddet.se\/saffleamal\/overgivna-djur\/\" title=\"Continue reading &lsquo;\u00d6vergivna djur&rsquo;\">L&auml;s mer<span class=\"meta-nav\">&raquo;<\/span><\/a><\/p>\n","protected":false},"author":3,"featured_media":0,"parent":0,"menu_order":0,"comment_status":"closed","ping_status":"closed","template":"left-sidebar.php","meta":{"_acf_changed":false,"footnotes":""},"class_list":["post-5614","page","type-page","status-publish","hentry"],"acf":[],"_links":{"self":[{"href":"https:\/\/www.djurskyddet.se\/saffleamal\/wp-json\/wp\/v2\/pages\/5614","targetHints":{"allow":["GET"]}}],"collection":[{"href":"https:\/\/www.djurskyddet.se\/saffleamal\/wp-json\/wp\/v2\/pages"}],"about":[{"href":"https:\/\/www.djurskyddet.se\/saffleamal\/wp-json\/wp\/v2\/types\/page"}],"author":[{"embeddable":true,"href":"https:\/\/www.djurskyddet.se\/saffleamal\/wp-json\/wp\/v2\/users\/3"}],"replies":[{"embeddable":true,"href":"https:\/\/www.djurskyddet.se\/saffleamal\/wp-json\/wp\/v2\/comments?post=5614"}],"version-history":[{"count":2,"href":"https:\/\/www.djurskyddet.se\/saffleamal\/wp-json\/wp\/v2\/pages\/5614\/revisions"}],"predecessor-version":[{"id":5657,"href":"https:\/\/www.djurskyddet.se\/saffleamal\/wp-json\/wp\/v2\/pages\/5614\/revisions\/5657"}],"wp:attachment":[{"href":"https:\/\/www.djurskyddet.se\/saffleamal\/wp-json\/wp\/v2\/media?parent=5614"}],"curies":[{"name":"wp","href":"https:\/\/api.w.org\/{rel}","templated":true}]}}