{"id":5682,"date":"2024-06-12T07:20:27","date_gmt":"2024-06-12T07:20:27","guid":{"rendered":"https:\/\/www.djurskyddet.se\/saffleamal\/?page_id=5682"},"modified":"2024-06-25T12:39:40","modified_gmt":"2024-06-25T12:39:40","slug":"djurhemmet","status":"publish","type":"page","link":"https:\/\/www.djurskyddet.se\/saffleamal\/djurhemmet\/","title":{"rendered":"Trolldalens djurhem"},"content":{"rendered":"\n<p class=\"has-medium-font-size\">Katterna<\/p>\n\n\n\n<p>I v\u00e5rt djurhem finns 10 boxar f\u00f6rdelade p\u00e5 tre rum i markplanet. Det st\u00f6rsta rummet  med flest boxar \u00e4r avsett f\u00f6r katter klara f\u00f6r adoption och det \u00e4r h\u00e4r bes\u00f6kare tas emot. Ett rum med f\u00e4rre boxar \u00e4r avsett f\u00f6r katter som har f\u00e5tt l\u00e4mna karant\u00e4nen men beh\u00f6ver mer tid i lugn och ro innan de kan flytta till egna hem, och det tredje rummet med en st\u00f6rre box \u00e4r avsett som pensionat.<\/p>\n\n\n\n<p>I k\u00e4llaren finns en ljus och fin karant\u00e4nsavdelning med fyra boxar. H\u00e4r tillbringar alla katter som inte \u00e4r vaccinerade vid ankomsten sina f\u00f6rsta tre veckor.<\/p>\n\n\n\n<p class=\"has-medium-font-size\">\u00d6vriga djur<\/p>\n\n\n\n<p>Vi planerar f\u00f6r en sm\u00e5djursavdelning med plats f\u00f6r t ex hamstrar och marsvin samt f\u00f6r stall med boxar f\u00f6r kaniner. F\u00f6rhoppningsvis kan sm\u00e5djursavdelningen iordningst\u00e4llas under h\u00f6sten 2024 och kaninstallet under 2025. <\/p>\n","protected":false},"excerpt":{"rendered":"<p>Katterna I v\u00e5rt djurhem finns 10 boxar f\u00f6rdelade p\u00e5 tre rum i markplanet. Det st\u00f6rsta rummet med flest boxar \u00e4r avsett f\u00f6r katter klara f\u00f6r adoption och det \u00e4r h\u00e4r bes\u00f6kare tas emot. Ett rum med f\u00e4rre boxar \u00e4r avsett f\u00f6r katter som har f\u00e5tt l\u00e4mna karant\u00e4nen men beh\u00f6ver mer tid i lugn och ro innan de kan flytta till egna hem, och det tredje rummet med en st\u00f6rre box&hellip;<\/p>\n<p><a class=\"more-link\" href=\"https:\/\/www.djurskyddet.se\/saffleamal\/djurhemmet\/\" title=\"Continue reading &lsquo;Trolldalens djurhem&rsquo;\">L&auml;s mer<span class=\"meta-nav\">&raquo;<\/span><\/a><\/p>\n","protected":false},"author":3,"featured_media":0,"parent":0,"menu_order":0,"comment_status":"closed","ping_status":"closed","template":"left-sidebar.php","meta":{"_acf_changed":false,"footnotes":""},"class_list":["post-5682","page","type-page","status-publish","hentry"],"acf":[],"_links":{"self":[{"href":"https:\/\/www.djurskyddet.se\/saffleamal\/wp-json\/wp\/v2\/pages\/5682","targetHints":{"allow":["GET"]}}],"collection":[{"href":"https:\/\/www.djurskyddet.se\/saffleamal\/wp-json\/wp\/v2\/pages"}],"about":[{"href":"https:\/\/www.djurskyddet.se\/saffleamal\/wp-json\/wp\/v2\/types\/page"}],"author":[{"embeddable":true,"href":"https:\/\/www.djurskyddet.se\/saffleamal\/wp-json\/wp\/v2\/users\/3"}],"replies":[{"embeddable":true,"href":"https:\/\/www.djurskyddet.se\/saffleamal\/wp-json\/wp\/v2\/comments?post=5682"}],"version-history":[{"count":4,"href":"https:\/\/www.djurskyddet.se\/saffleamal\/wp-json\/wp\/v2\/pages\/5682\/revisions"}],"predecessor-version":[{"id":5739,"href":"https:\/\/www.djurskyddet.se\/saffleamal\/wp-json\/wp\/v2\/pages\/5682\/revisions\/5739"}],"wp:attachment":[{"href":"https:\/\/www.djurskyddet.se\/saffleamal\/wp-json\/wp\/v2\/media?parent=5682"}],"curies":[{"name":"wp","href":"https:\/\/api.w.org\/{rel}","templated":true}]}}