{"id":5684,"date":"2024-06-12T07:21:08","date_gmt":"2024-06-12T07:21:08","guid":{"rendered":"https:\/\/www.djurskyddet.se\/saffleamal\/?page_id=5684"},"modified":"2024-07-10T11:27:32","modified_gmt":"2024-07-10T11:27:32","slug":"att-vara-volontar","status":"publish","type":"page","link":"https:\/\/www.djurskyddet.se\/saffleamal\/att-vara-volontar\/","title":{"rendered":"Att vara volont\u00e4r"},"content":{"rendered":"\n<p>Att vara volont\u00e4r hos oss inneb\u00e4r att du ideellt hj\u00e4lper till med att sk\u00f6ta de heml\u00f6sa djur som f\u00f6r tillf\u00e4llet bor p\u00e5 djurhemmet. F\u00f6r n\u00e4rvarande finns bara katter, och det \u00e4r det djur vi alltid kommer ha flest av, men s\u00e5 sm\u00e5ningom ibland kanske hamstrar eller marsvin samt kaniner.<\/p>\n\n\n\n<p>Att ta hand om katterna inneb\u00e4r att ge mat och vatten, rensa toal\u00e5dor, g\u00f6ra rent boxen efter behov samt att socialisera. Det kan utifr\u00e5n kattens behov vara att leka, kela eller bara sitta en stund tillsammans.<br>I varje rum och p\u00e5 varje boxd\u00f6rr finns tydliga instruktioner s\u00e5 du alltid vet vad som g\u00e4ller f\u00f6r varje katt. Det finns \u00e4ven tydliga allm\u00e4nna instruktioner s\u00e5 ingen ska beh\u00f6va vara tveksam om hur det fungerar i huset.<\/p>\n\n\n\n<p><strong>Innan du f\u00e5r b\u00f6rja<\/strong><br>Alla som vill bli volont\u00e4rer beh\u00f6ver vara med p\u00e5 ett utbildningstillf\u00e4lle p\u00e5 ca 2,5 tim som vi anordnar. D\u00e5 f\u00e5r du veta det mesta om verksamheten, st\u00e4lla fr\u00e5gor, och vi pratar avslutningsvis och ser om du fortfarande \u00e4r intresserad. Om du inte redan \u00e4r medlem s\u00e5 beh\u00f6ver du sedan ordna detta eftersom det \u00e4r ett villkor f\u00f6r att kunna delta i verksamheten.<br>Du blir sedan inbjuden till Trolldalen f\u00f6r introduktion. Slutligen, om allt k\u00e4nns bra f\u00f6r b\u00e5de dig och oss, s\u00e5 f\u00e5r du skriva p\u00e5 ett kontrakt f\u00f6r volont\u00e4rer.<\/p>\n\n\n\n<p><strong>Schema<\/strong><br>Alla volont\u00e4rer f\u00e5 en l\u00e4nk till ett digitalt schema d\u00e4r du sj\u00e4lv v\u00e4ljer dag, morgon- eller kv\u00e4llspass. Vi ser helst att det \u00e4r tv\u00e5 personer per pass.<\/p>\n","protected":false},"excerpt":{"rendered":"<p>Att vara volont\u00e4r hos oss inneb\u00e4r att du ideellt hj\u00e4lper till med att sk\u00f6ta de heml\u00f6sa djur som f\u00f6r tillf\u00e4llet bor p\u00e5 djurhemmet. F\u00f6r n\u00e4rvarande finns bara katter, och det \u00e4r det djur vi alltid kommer ha flest av, men s\u00e5 sm\u00e5ningom ibland kanske hamstrar eller marsvin samt kaniner. Att ta hand om katterna inneb\u00e4r att ge mat och vatten, rensa toal\u00e5dor, g\u00f6ra rent boxen efter behov samt att socialisera.&hellip;<\/p>\n<p><a class=\"more-link\" href=\"https:\/\/www.djurskyddet.se\/saffleamal\/att-vara-volontar\/\" title=\"Continue reading &lsquo;Att vara volont\u00e4r&rsquo;\">L&auml;s mer<span class=\"meta-nav\">&raquo;<\/span><\/a><\/p>\n","protected":false},"author":3,"featured_media":0,"parent":0,"menu_order":0,"comment_status":"closed","ping_status":"closed","template":"left-sidebar.php","meta":{"_acf_changed":false,"footnotes":""},"class_list":["post-5684","page","type-page","status-publish","hentry"],"acf":[],"_links":{"self":[{"href":"https:\/\/www.djurskyddet.se\/saffleamal\/wp-json\/wp\/v2\/pages\/5684","targetHints":{"allow":["GET"]}}],"collection":[{"href":"https:\/\/www.djurskyddet.se\/saffleamal\/wp-json\/wp\/v2\/pages"}],"about":[{"href":"https:\/\/www.djurskyddet.se\/saffleamal\/wp-json\/wp\/v2\/types\/page"}],"author":[{"embeddable":true,"href":"https:\/\/www.djurskyddet.se\/saffleamal\/wp-json\/wp\/v2\/users\/3"}],"replies":[{"embeddable":true,"href":"https:\/\/www.djurskyddet.se\/saffleamal\/wp-json\/wp\/v2\/comments?post=5684"}],"version-history":[{"count":6,"href":"https:\/\/www.djurskyddet.se\/saffleamal\/wp-json\/wp\/v2\/pages\/5684\/revisions"}],"predecessor-version":[{"id":5771,"href":"https:\/\/www.djurskyddet.se\/saffleamal\/wp-json\/wp\/v2\/pages\/5684\/revisions\/5771"}],"wp:attachment":[{"href":"https:\/\/www.djurskyddet.se\/saffleamal\/wp-json\/wp\/v2\/media?parent=5684"}],"curies":[{"name":"wp","href":"https:\/\/api.w.org\/{rel}","templated":true}]}}