{"id":5519,"date":"2018-06-04T07:46:48","date_gmt":"2018-06-04T06:46:48","guid":{"rendered":"http:\/\/www.djurskyddet.se\/sigfrid\/?page_id=5519"},"modified":"2024-12-02T18:35:57","modified_gmt":"2024-12-02T17:35:57","slug":"kontakta-oss","status":"publish","type":"page","link":"https:\/\/www.djurskyddet.se\/sigfrid\/om-oss\/kontakta-oss\/","title":{"rendered":"Kontakta oss"},"content":{"rendered":"<h2>Katt<\/h2>\n<p><strong>G\u00e4ller ditt \u00e4rende en heml\u00f6s katt?<\/strong><br \/><em>Se f\u00f6rst om du finner ditt svar <a href=\"https:\/\/www.djurskyddet.se\/sigfrid\/upphittat-djur\/\">h\u00e4r<\/a> och fyll sedan i formul\u00e4ret &#8221;<a href=\"https:\/\/www.djurskyddet.se\/sigfrid\/anmal-nodrop\/\">Anm\u00e4l n\u00f6drop<\/a>&#8221;.<\/em><\/p>\n<p><strong>G\u00e4ller ditt \u00e4rende adoption eller jourhem?\u00a0<\/strong><br \/><em>Se f\u00f6rst om du finner ditt svar <a href=\"https:\/\/www.djurskyddet.se\/sigfrid\/katt\/om-adoption\/\">h\u00e4r<\/a> <\/em>och fyll sedan i formul\u00e4ret <em>&#8221;<a href=\"https:\/\/www.djurskyddet.se\/sigfrid\/intresseanmalan\/\">Intresseanm\u00e4lan<\/a>&#8221;<\/em><\/p>\n<p><em>Vid \u00f6vriga fr\u00e5gor g\u00e4llande katter kontakta <strong>sigfrid.katt@djurskyddet.se<\/strong>\u00a0<\/em><em>\u00a0<\/em><\/p>\n<h2>Vill du bli volont\u00e4r?<\/h2>\n<p>L\u00e4s mer p\u00e5 &#8221;<a href=\"https:\/\/www.djurskyddet.se\/sigfrid\/stod-oss\/bli-volontar\/\"><em>Bli volont\u00e4r<\/em><\/a>&#8221;.<\/p>\n<h2>\u00d6vriga fr\u00e5gor<\/h2>\n<p>Skicka ditt mail till <strong>sigfrid@djurskyddet.se<\/strong><\/p>\n<p><span style=\"color: #ff0000\"><strong>G\u00e4ller ditt \u00e4rende viltdjur, vanv\u00e5rd av privat\u00e4gda djur eller liknande h\u00e4nvisar vi dig till <\/strong><strong>Polismyndigheten 114 14<\/strong> eller <strong>L\u00e4nsstyrelsen Kronoberg 010-223 70 00<\/strong><\/span><\/p>\n<p><strong>T\u00e4nk p\u00e5 att vi arbetar ideellt och svarar dig efter b\u00e4sta f\u00f6rm\u00e5ga.<\/strong><\/p>\n\n\n<figure class=\"wp-block-image is-resized\"><img loading=\"lazy\" decoding=\"async\" width=\"768\" height=\"1024\" src=\"https:\/\/www.djurskyddet.se\/sigfrid\/wp-content\/uploads\/sites\/18\/2020\/11\/received_784762428595114-768x1024.jpeg\" alt=\"\" class=\"wp-image-6577\" style=\"width:278px;height:370px\" srcset=\"https:\/\/www.djurskyddet.se\/sigfrid\/wp-content\/uploads\/sites\/18\/2020\/11\/received_784762428595114.jpeg 768w, https:\/\/www.djurskyddet.se\/sigfrid\/wp-content\/uploads\/sites\/18\/2020\/11\/received_784762428595114-225x300.jpeg 225w, https:\/\/www.djurskyddet.se\/sigfrid\/wp-content\/uploads\/sites\/18\/2020\/11\/received_784762428595114-400x533.jpeg 400w\" sizes=\"auto, (max-width: 768px) 100vw, 768px\" \/><\/figure>\n","protected":false},"excerpt":{"rendered":"<p>Katt G\u00e4ller ditt \u00e4rende en heml\u00f6s katt?Se f\u00f6rst om du finner ditt svar h\u00e4r och fyll sedan i formul\u00e4ret &#8221;Anm\u00e4l n\u00f6drop&#8221;. G\u00e4ller ditt \u00e4rende adoption eller jourhem?\u00a0Se f\u00f6rst om du finner ditt svar h\u00e4r och fyll sedan i formul\u00e4ret &#8221;Intresseanm\u00e4lan&#8221; Vid \u00f6vriga fr\u00e5gor g\u00e4llande katter kontakta sigfrid.katt@djurskyddet.se\u00a0\u00a0 Vill du bli volont\u00e4r? L\u00e4s mer p\u00e5 &#8221;Bli volont\u00e4r&#8221;. \u00d6vriga fr\u00e5gor Skicka ditt mail till sigfrid@djurskyddet.se G\u00e4ller ditt \u00e4rende viltdjur, vanv\u00e5rd av privat\u00e4gda&hellip;<\/p>\n<p><a class=\"more-link\" href=\"https:\/\/www.djurskyddet.se\/sigfrid\/om-oss\/kontakta-oss\/\" title=\"Continue reading &lsquo;Kontakta oss&rsquo;\">L&auml;s mer<span class=\"meta-nav\">&raquo;<\/span><\/a><\/p>\n","protected":false},"author":3,"featured_media":0,"parent":5498,"menu_order":0,"comment_status":"closed","ping_status":"closed","template":"page-templates\/left-sidebar.php","meta":{"_acf_changed":false,"footnotes":""},"class_list":["post-5519","page","type-page","status-publish","hentry"],"acf":[],"_links":{"self":[{"href":"https:\/\/www.djurskyddet.se\/sigfrid\/wp-json\/wp\/v2\/pages\/5519","targetHints":{"allow":["GET"]}}],"collection":[{"href":"https:\/\/www.djurskyddet.se\/sigfrid\/wp-json\/wp\/v2\/pages"}],"about":[{"href":"https:\/\/www.djurskyddet.se\/sigfrid\/wp-json\/wp\/v2\/types\/page"}],"author":[{"embeddable":true,"href":"https:\/\/www.djurskyddet.se\/sigfrid\/wp-json\/wp\/v2\/users\/3"}],"replies":[{"embeddable":true,"href":"https:\/\/www.djurskyddet.se\/sigfrid\/wp-json\/wp\/v2\/comments?post=5519"}],"version-history":[{"count":17,"href":"https:\/\/www.djurskyddet.se\/sigfrid\/wp-json\/wp\/v2\/pages\/5519\/revisions"}],"predecessor-version":[{"id":7925,"href":"https:\/\/www.djurskyddet.se\/sigfrid\/wp-json\/wp\/v2\/pages\/5519\/revisions\/7925"}],"up":[{"embeddable":true,"href":"https:\/\/www.djurskyddet.se\/sigfrid\/wp-json\/wp\/v2\/pages\/5498"}],"wp:attachment":[{"href":"https:\/\/www.djurskyddet.se\/sigfrid\/wp-json\/wp\/v2\/media?parent=5519"}],"curies":[{"name":"wp","href":"https:\/\/api.w.org\/{rel}","templated":true}]}}