{"id":5506,"date":"2018-03-21T13:26:20","date_gmt":"2018-03-21T13:26:20","guid":{"rendered":"http:\/\/www.djurskyddet.se\/strangnas\/?page_id=5506"},"modified":"2026-02-24T12:52:15","modified_gmt":"2026-02-24T10:52:15","slug":"katthemmet","status":"publish","type":"page","link":"https:\/\/www.djurskyddet.se\/strangnas\/katthemmet\/","title":{"rendered":"Katthemmet"},"content":{"rendered":"\n<p><\/p>\n\n\n\n<p class=\"has-medium-font-size\">Djurskyddet Str\u00e4ngn\u00e4s \u00e4r en ideell f\u00f6rening som driver ett katthem i L\u00f6t i Str\u00e4ngn\u00e4s. D\u00e4r tar vi emot ca 60 katter \u00e5rligen som \u00e4r heml\u00f6sa, \u00f6vergivna eller ska omplaceras.<\/p>\n\n\n\n<div class=\"wp-block-group\"><div class=\"wp-block-group__inner-container is-layout-constrained wp-block-group-is-layout-constrained\">\n<p>Alla som jobbar p\u00e5 katthemmet \u00e4r volont\u00e4rer. Varje dag st\u00e4dar vi, matar och tar hand om katterna hos oss. De aktiveras, socialiseras och tr\u00e4nas f\u00f6r att kunna bli redo f\u00f6r nya hem. M\u00e5nga av dem har ett tufft f\u00f6rflutet och vi jobbar h\u00e5rt f\u00f6r att hj\u00e4lpa dem att \u00e5terf\u00e5 f\u00f6rtroendet f\u00f6r m\u00e4nniskor. <\/p>\n\n\n\n<p>Arbetet leds av v\u00e5r erfarna Katthemsgrupp som har stor kunskap om hur man tar hand om utsatta katter som kan vara sjuka, deprimerade eller aggressiva. <\/p>\n\n\n\n<p>Alla katter vi s\u00e4ljer vaccineras, kastreras och ID-m\u00e4rks av veterin\u00e4r. Katthemmet har \u00f6ppet p\u00e5 s\u00f6ndagar mellan kl. 17-18. D\u00e5 \u00e4r du varmt v\u00e4lkommen att bes\u00f6ka oss, tr\u00e4ffa katterna och skriva intresseanm\u00e4lan. <\/p>\n\n\n\n<p><\/p>\n\n\n\n<h2 class=\"wp-block-heading has-medium-font-size\"><strong>Karant\u00e4n&nbsp;<\/strong><\/h2>\n\n\n\n<p class=\"has-text-align-left\">H\u00e4r spenderar alla nya katter sina f\u00f6rsta veckor d\u00e4r de f\u00e5r vaccination och v\u00e5rd f\u00f6r eventuella sjukdomar innan de flyttas ner till katthemmet med de \u00f6vriga, friska katterna.&nbsp;Av smittskyddssk\u00e4l kan vi tyv\u00e4rr inte ta emot bes\u00f6kare i karant\u00e4nen.<\/p>\n<\/div><\/div>\n\n\n\n<p><\/p>\n\n\n\n<h2 class=\"wp-block-heading has-medium-font-size\"><strong>Hitta till oss<\/strong><\/h2>\n\n\n<p><a href=\"https:\/\/maps.app.goo.gl\/WrWBTAi6LzpAFTzW6\"><img loading=\"lazy\" decoding=\"async\" class=\"aligncenter wp-image-10154 size-full\" src=\"https:\/\/www.djurskyddet.se\/strangnas\/wp-content\/uploads\/sites\/13\/2026\/02\/Karta-katthemmet.jpg\" alt=\"\" width=\"1024\" height=\"746\" srcset=\"https:\/\/www.djurskyddet.se\/strangnas\/wp-content\/uploads\/sites\/13\/2026\/02\/Karta-katthemmet.jpg 1024w, https:\/\/www.djurskyddet.se\/strangnas\/wp-content\/uploads\/sites\/13\/2026\/02\/Karta-katthemmet-300x219.jpg 300w, https:\/\/www.djurskyddet.se\/strangnas\/wp-content\/uploads\/sites\/13\/2026\/02\/Karta-katthemmet-768x560.jpg 768w, https:\/\/www.djurskyddet.se\/strangnas\/wp-content\/uploads\/sites\/13\/2026\/02\/Karta-katthemmet-400x291.jpg 400w\" sizes=\"auto, (max-width: 1024px) 100vw, 1024px\" \/><\/a><\/p>\n\n\n<p class=\"has-text-align-center\"><strong><a href=\"https:\/\/www.google.com\/maps\/dir\/\/Katthemmet+i+L%C3%B6t+(Djurskyddet+Str%C3%A4ngn%C3%A4s),+645+94+Str%C3%A4ngn%C3%A4s\/@59.3582188,17.0504348,14.08z\/data=!4m16!1m7!3m6!1s0x465efd6af4e7ea09:0x16e02c3ea4402450!2sKatthemmet+i+L%C3%B6t+(Djurskyddet+Str%C3%A4ngn%C3%A4s)!8m2!3d59.3510596!4d17.0694348!16s%2Fg%2F11rg32bl_g!4m7!1m0!1m5!1m1!1s0x465efd6af4e7ea09:0x16e02c3ea4402450!2m2!1d17.0694481!2d59.3510645?entry=ttu&amp;g_ep=EgoyMDI2MDIwNC4wIKXMDSoASAFQAw%3D%3D\">Klicka h\u00e4r f\u00f6r att f\u00e5 en v\u00e4gbeskrivning<\/a><\/strong><\/p>\n","protected":false},"excerpt":{"rendered":"<p>Djurskyddet Str\u00e4ngn\u00e4s \u00e4r en ideell f\u00f6rening som driver ett katthem i L\u00f6t i Str\u00e4ngn\u00e4s. D\u00e4r tar vi emot ca 60 katter \u00e5rligen som \u00e4r heml\u00f6sa, \u00f6vergivna eller ska omplaceras. Alla som jobbar p\u00e5 katthemmet \u00e4r volont\u00e4rer. Varje dag st\u00e4dar vi, matar och tar hand om katterna hos oss. De aktiveras, socialiseras och tr\u00e4nas f\u00f6r att kunna bli redo f\u00f6r nya hem. M\u00e5nga av dem har ett tufft f\u00f6rflutet och vi&hellip;<\/p>\n<p><a class=\"more-link\" href=\"https:\/\/www.djurskyddet.se\/strangnas\/katthemmet\/\" title=\"Continue reading &lsquo;Katthemmet&rsquo;\">L&auml;s mer<span class=\"meta-nav\">&raquo;<\/span><\/a><\/p>\n","protected":false},"author":3,"featured_media":10149,"parent":0,"menu_order":0,"comment_status":"closed","ping_status":"closed","template":"left-sidebar.php","meta":{"_acf_changed":false,"footnotes":""},"class_list":["post-5506","page","type-page","status-publish","has-post-thumbnail","hentry"],"acf":[],"_links":{"self":[{"href":"https:\/\/www.djurskyddet.se\/strangnas\/wp-json\/wp\/v2\/pages\/5506","targetHints":{"allow":["GET"]}}],"collection":[{"href":"https:\/\/www.djurskyddet.se\/strangnas\/wp-json\/wp\/v2\/pages"}],"about":[{"href":"https:\/\/www.djurskyddet.se\/strangnas\/wp-json\/wp\/v2\/types\/page"}],"author":[{"embeddable":true,"href":"https:\/\/www.djurskyddet.se\/strangnas\/wp-json\/wp\/v2\/users\/3"}],"replies":[{"embeddable":true,"href":"https:\/\/www.djurskyddet.se\/strangnas\/wp-json\/wp\/v2\/comments?post=5506"}],"version-history":[{"count":153,"href":"https:\/\/www.djurskyddet.se\/strangnas\/wp-json\/wp\/v2\/pages\/5506\/revisions"}],"predecessor-version":[{"id":10482,"href":"https:\/\/www.djurskyddet.se\/strangnas\/wp-json\/wp\/v2\/pages\/5506\/revisions\/10482"}],"wp:featuredmedia":[{"embeddable":true,"href":"https:\/\/www.djurskyddet.se\/strangnas\/wp-json\/wp\/v2\/media\/10149"}],"wp:attachment":[{"href":"https:\/\/www.djurskyddet.se\/strangnas\/wp-json\/wp\/v2\/media?parent=5506"}],"curies":[{"name":"wp","href":"https:\/\/api.w.org\/{rel}","templated":true}]}}