{"id":9344,"date":"2025-11-04T22:41:57","date_gmt":"2025-11-04T20:41:57","guid":{"rendered":"https:\/\/www.djurskyddet.se\/strangnas\/?page_id=9344"},"modified":"2026-04-28T13:13:17","modified_gmt":"2026-04-28T11:13:17","slug":"loppis","status":"publish","type":"page","link":"https:\/\/www.djurskyddet.se\/strangnas\/loppis\/","title":{"rendered":"Loppis"},"content":{"rendered":"<div class=\"wp-block-image\">\n<figure class=\"aligncenter size-full\"><img loading=\"lazy\" decoding=\"async\" width=\"1024\" height=\"683\" src=\"https:\/\/www.djurskyddet.se\/strangnas\/wp-content\/uploads\/sites\/13\/2026\/03\/Djurskyddet-2.jpg\" alt=\"\" class=\"wp-image-10402\" srcset=\"https:\/\/www.djurskyddet.se\/strangnas\/wp-content\/uploads\/sites\/13\/2026\/03\/Djurskyddet-2.jpg 1024w, https:\/\/www.djurskyddet.se\/strangnas\/wp-content\/uploads\/sites\/13\/2026\/03\/Djurskyddet-2-300x200.jpg 300w, https:\/\/www.djurskyddet.se\/strangnas\/wp-content\/uploads\/sites\/13\/2026\/03\/Djurskyddet-2-768x512.jpg 768w, https:\/\/www.djurskyddet.se\/strangnas\/wp-content\/uploads\/sites\/13\/2026\/03\/Djurskyddet-2-400x267.jpg 400w\" sizes=\"auto, (max-width: 1024px) 100vw, 1024px\" \/><\/figure><\/div>\n\n\n<p><\/p>\n\n\n\n<p style=\"font-size:19px\">Intill katthemmet har vi en loppis som \u00e4r \u00f6ppet fr\u00e5n v\u00e5ren till h\u00f6sten. P\u00e5 utvalda dagar kan du fynda allt fr\u00e5n retroprylar till leksaker, spel, glas, porslin, verktyg, lampor m.m.<\/p>\n\n\n\n<p><\/p>\n\n\n\n<p style=\"font-size:17px\">Allt vi s\u00e4ljer har blivit sk\u00e4nkt till oss och alla pengar vi f\u00e5r in g\u00e5r direkt till v\u00e5rt arbete f\u00f6r heml\u00f6sa katter.<\/p>\n\n\n\n<p><\/p>\n\n\n\n<br>\n\n<p style=\"font-size:20px\"><strong>Vill du sk\u00e4nka saker till oss?<\/strong><\/p>\n\n\n\n<p style=\"font-size:17px\">Vi \u00e4r p\u00e5 plats under f\u00f6rmiddagar eller eftermiddagar. Knacka p\u00e5 d\u00f6rren till katthemmet och meddela att du vill sk\u00e4nka g\u00e5vor. Om ingen \u00f6ppnar kan du l\u00e4mna sakerna under ladan intill, h\u00f6r av dig till oss via mail eller Facebook s\u00e5 snart som m\u00f6jligt i s\u00e5 fall. <\/p>\n\n\n\n<p class=\"has-vivid-red-color has-text-color has-link-color wp-elements-bbc23389311abd4a6ea9baf076f7ca82\" style=\"font-size:17px\"><strong>OBS, VIKTIGT! Vi tar INTE emot trasiga \/ smutsiga f\u00f6rem\u00e5l. <\/strong><br>Vi tar endast emot rena f\u00f6rem\u00e5l i bra skick som n\u00e5gon annan kan ha gl\u00e4dje av. Vi tar tyv\u00e4rr <strong>INTE<\/strong> emot m\u00f6bler, kl\u00e4der eller b\u00f6cker just nu. F\u00f6r dessa saker h\u00e4nvisar vi till Kvittens \u00e5tervinningscentral.<\/p>\n\n\n\n<p style=\"font-size:17px\">Stort tack f\u00f6r din g\u00e5va och varmt v\u00e4lkommen att fynda hos oss!<\/p>\n\n\n\n<p style=\"font-size:17px\"><\/p>\n\n\n\n<p><\/p>\n\n\n\n<figure class=\"wp-block-gallery aligncenter has-nested-images columns-default is-cropped wp-block-gallery-1 is-layout-flex wp-block-gallery-is-layout-flex\">\n<figure data-wp-context=\"{&quot;imageId&quot;:&quot;69f23bf12a9cb&quot;}\" data-wp-interactive=\"core\/image\" class=\"wp-block-image size-large wp-lightbox-container\"><img loading=\"lazy\" decoding=\"async\" width=\"900\" height=\"600\" data-wp-class--hide=\"state.isContentHidden\" data-wp-class--show=\"state.isContentVisible\" data-wp-init=\"callbacks.setButtonStyles\" data-wp-on-async--click=\"actions.showLightbox\" data-wp-on-async--load=\"callbacks.setButtonStyles\" data-wp-on-async-window--resize=\"callbacks.setButtonStyles\" data-id=\"9364\" src=\"https:\/\/www.djurskyddet.se\/strangnas\/wp-content\/uploads\/sites\/13\/2025\/11\/Djurskyddet-loppis2-2.jpg\" alt=\"\" class=\"wp-image-9364\" srcset=\"https:\/\/www.djurskyddet.se\/strangnas\/wp-content\/uploads\/sites\/13\/2025\/11\/Djurskyddet-loppis2-2.jpg 900w, https:\/\/www.djurskyddet.se\/strangnas\/wp-content\/uploads\/sites\/13\/2025\/11\/Djurskyddet-loppis2-2-300x200.jpg 300w, https:\/\/www.djurskyddet.se\/strangnas\/wp-content\/uploads\/sites\/13\/2025\/11\/Djurskyddet-loppis2-2-768x512.jpg 768w, https:\/\/www.djurskyddet.se\/strangnas\/wp-content\/uploads\/sites\/13\/2025\/11\/Djurskyddet-loppis2-2-400x267.jpg 400w\" sizes=\"auto, (max-width: 900px) 100vw, 900px\" \/><button\n\t\t\tclass=\"lightbox-trigger\"\n\t\t\ttype=\"button\"\n\t\t\taria-haspopup=\"dialog\"\n\t\t\taria-label=\"F\u00f6rstora bild\"\n\t\t\tdata-wp-init=\"callbacks.initTriggerButton\"\n\t\t\tdata-wp-on-async--click=\"actions.showLightbox\"\n\t\t\tdata-wp-style--right=\"state.imageButtonRight\"\n\t\t\tdata-wp-style--top=\"state.imageButtonTop\"\n\t\t>\n\t\t\t<svg xmlns=\"http:\/\/www.w3.org\/2000\/svg\" width=\"12\" height=\"12\" fill=\"none\" viewBox=\"0 0 12 12\">\n\t\t\t\t<path fill=\"#fff\" d=\"M2 0a2 2 0 0 0-2 2v2h1.5V2a.5.5 0 0 1 .5-.5h2V0H2Zm2 10.5H2a.5.5 0 0 1-.5-.5V8H0v2a2 2 0 0 0 2 2h2v-1.5ZM8 12v-1.5h2a.5.5 0 0 0 .5-.5V8H12v2a2 2 0 0 1-2 2H8Zm2-12a2 2 0 0 1 2 2v2h-1.5V2a.5.5 0 0 0-.5-.5H8V0h2Z\" \/>\n\t\t\t<\/svg>\n\t\t<\/button><\/figure>\n\n\n\n<figure data-wp-context=\"{&quot;imageId&quot;:&quot;69f23bf12ad24&quot;}\" data-wp-interactive=\"core\/image\" class=\"wp-block-image size-large wp-lightbox-container\"><img loading=\"lazy\" decoding=\"async\" width=\"900\" height=\"600\" data-wp-class--hide=\"state.isContentHidden\" data-wp-class--show=\"state.isContentVisible\" data-wp-init=\"callbacks.setButtonStyles\" data-wp-on-async--click=\"actions.showLightbox\" data-wp-on-async--load=\"callbacks.setButtonStyles\" data-wp-on-async-window--resize=\"callbacks.setButtonStyles\" data-id=\"9365\" src=\"https:\/\/www.djurskyddet.se\/strangnas\/wp-content\/uploads\/sites\/13\/2025\/11\/Djurskyddet-loppis3-1.jpg\" alt=\"\" class=\"wp-image-9365\" srcset=\"https:\/\/www.djurskyddet.se\/strangnas\/wp-content\/uploads\/sites\/13\/2025\/11\/Djurskyddet-loppis3-1.jpg 900w, https:\/\/www.djurskyddet.se\/strangnas\/wp-content\/uploads\/sites\/13\/2025\/11\/Djurskyddet-loppis3-1-300x200.jpg 300w, https:\/\/www.djurskyddet.se\/strangnas\/wp-content\/uploads\/sites\/13\/2025\/11\/Djurskyddet-loppis3-1-768x512.jpg 768w, https:\/\/www.djurskyddet.se\/strangnas\/wp-content\/uploads\/sites\/13\/2025\/11\/Djurskyddet-loppis3-1-400x267.jpg 400w\" sizes=\"auto, (max-width: 900px) 100vw, 900px\" \/><button\n\t\t\tclass=\"lightbox-trigger\"\n\t\t\ttype=\"button\"\n\t\t\taria-haspopup=\"dialog\"\n\t\t\taria-label=\"F\u00f6rstora bild\"\n\t\t\tdata-wp-init=\"callbacks.initTriggerButton\"\n\t\t\tdata-wp-on-async--click=\"actions.showLightbox\"\n\t\t\tdata-wp-style--right=\"state.imageButtonRight\"\n\t\t\tdata-wp-style--top=\"state.imageButtonTop\"\n\t\t>\n\t\t\t<svg xmlns=\"http:\/\/www.w3.org\/2000\/svg\" width=\"12\" height=\"12\" fill=\"none\" viewBox=\"0 0 12 12\">\n\t\t\t\t<path fill=\"#fff\" d=\"M2 0a2 2 0 0 0-2 2v2h1.5V2a.5.5 0 0 1 .5-.5h2V0H2Zm2 10.5H2a.5.5 0 0 1-.5-.5V8H0v2a2 2 0 0 0 2 2h2v-1.5ZM8 12v-1.5h2a.5.5 0 0 0 .5-.5V8H12v2a2 2 0 0 1-2 2H8Zm2-12a2 2 0 0 1 2 2v2h-1.5V2a.5.5 0 0 0-.5-.5H8V0h2Z\" \/>\n\t\t\t<\/svg>\n\t\t<\/button><\/figure>\n<\/figure>\n\n\n\n<div class=\"wp-block-columns is-layout-flex wp-container-core-columns-is-layout-1 wp-block-columns-is-layout-flex\">\n<div class=\"wp-block-column has-background has-medium-font-size is-layout-flow wp-block-column-is-layout-flow\" style=\"background-color:#ebf0ef\"><\/div>\n<\/div>\n","protected":false},"excerpt":{"rendered":"<p>Intill katthemmet har vi en loppis som \u00e4r \u00f6ppet fr\u00e5n v\u00e5ren till h\u00f6sten. P\u00e5 utvalda dagar kan du fynda allt fr\u00e5n retroprylar till leksaker, spel, glas, porslin, verktyg, lampor m.m. Allt vi s\u00e4ljer har blivit sk\u00e4nkt till oss och alla pengar vi f\u00e5r in g\u00e5r direkt till v\u00e5rt arbete f\u00f6r heml\u00f6sa katter. Vill du sk\u00e4nka saker till oss? Vi \u00e4r p\u00e5 plats under f\u00f6rmiddagar eller eftermiddagar. Knacka p\u00e5 d\u00f6rren till&hellip;<\/p>\n<p><a class=\"more-link\" href=\"https:\/\/www.djurskyddet.se\/strangnas\/loppis\/\" title=\"Continue reading &lsquo;Loppis&rsquo;\">L&auml;s mer<span class=\"meta-nav\">&raquo;<\/span><\/a><\/p>\n","protected":false},"author":13,"featured_media":0,"parent":0,"menu_order":0,"comment_status":"closed","ping_status":"closed","template":"left-sidebar.php","meta":{"_acf_changed":false,"footnotes":""},"class_list":["post-9344","page","type-page","status-publish","hentry"],"acf":[],"_links":{"self":[{"href":"https:\/\/www.djurskyddet.se\/strangnas\/wp-json\/wp\/v2\/pages\/9344","targetHints":{"allow":["GET"]}}],"collection":[{"href":"https:\/\/www.djurskyddet.se\/strangnas\/wp-json\/wp\/v2\/pages"}],"about":[{"href":"https:\/\/www.djurskyddet.se\/strangnas\/wp-json\/wp\/v2\/types\/page"}],"author":[{"embeddable":true,"href":"https:\/\/www.djurskyddet.se\/strangnas\/wp-json\/wp\/v2\/users\/13"}],"replies":[{"embeddable":true,"href":"https:\/\/www.djurskyddet.se\/strangnas\/wp-json\/wp\/v2\/comments?post=9344"}],"version-history":[{"count":80,"href":"https:\/\/www.djurskyddet.se\/strangnas\/wp-json\/wp\/v2\/pages\/9344\/revisions"}],"predecessor-version":[{"id":10542,"href":"https:\/\/www.djurskyddet.se\/strangnas\/wp-json\/wp\/v2\/pages\/9344\/revisions\/10542"}],"wp:attachment":[{"href":"https:\/\/www.djurskyddet.se\/strangnas\/wp-json\/wp\/v2\/media?parent=9344"}],"curies":[{"name":"wp","href":"https:\/\/api.w.org\/{rel}","templated":true}]}}